114.119.149.1 - - [03/May/2026:08:38:18 +0000] "GET /t-shirts?items_per_page=48&sort_by=product&sort_order=desc HTTP/1.1" 404 - "https://thuyngashop.com/t-shirts?items_per_page=48&sort_by=price&sort_order=desc&layout=products_without_options" "Mozilla/5.0 (Linux; Android 7.0;) AppleWebKit/537.36 (HTML, like Gecko) Mobile Safari/537.36 (compatible; PetalBot;+https://webmaster.petalsearch.com/site/petalbot)"
185.189.182.234 - - [03/May/2026:08:39:20 +0000] "GET /1125769110 HTTP/1.1" 400 359 "-" "-"
114.119.132.61 - - [03/May/2026:08:39:40 +0000] "GET /paris-by-night-dvd/page-6/?sort_by=timestamp&sort_order=desc HTTP/1.1" 404 - "https://thuyngashop.com/paris-by-night-dvd/page-6/?sort_by=popularity&sort_order=asc&layout=products_multicolumns" "Mozilla/5.0 (Linux; Android 7.0;) AppleWebKit/537.36 (HTML, like Gecko) Mobile Safari/537.36 (compatible; PetalBot;+https://webmaster.petalsearch.com/site/petalbot)"
40.77.167.14 - - [03/May/2026:08:39:59 +0000] "GET /index.php?dispatch=products.search&subcats=Y&type=extended&status=A&pshort=Y&pfull=Y&pname=Y&pkeywords=Y&search_performed=Y&match=exact&cid=0&items_per_page=24&page=16&sort_by=product&sort_order=asc&layout=products_without_options HTTP/1.1" 404 - "-" "Mozilla/5.0 AppleWebKit/537.36 (KHTML, like Gecko; compatible; bingbot/2.0; +http://www.bing.com/bingbot.htm) Chrome/116.0.1938.76 Safari/537.36"
40.77.167.14 - - [03/May/2026:08:40:00 +0000] "GET /cd/page-4/?items_per_page=96&sort_by=popularity&sort_order=desc HTTP/1.1" 404 - "-" "Mozilla/5.0 AppleWebKit/537.36 (KHTML, like Gecko; compatible; bingbot/2.0; +http://www.bing.com/bingbot.htm) Chrome/116.0.1938.76 Safari/537.36"
40.77.167.93 - - [03/May/2026:08:40:03 +0000] "GET /robots.txt HTTP/1.1" 404 - "-" "Mozilla/5.0 AppleWebKit/537.36 (KHTML, like Gecko; compatible; bingbot/2.0; +http://www.bing.com/bingbot.htm) Chrome/116.0.1938.76 Safari/537.36"
52.167.144.172 - - [03/May/2026:08:40:08 +0000] "GET /index.php?dispatch=products.quick_view&product_id=507&n_items=40%2C137%2C81%2C669%2C1222%2C507%2C91%2C464%2C357%2C10%2C314%2C12 HTTP/1.1" 404 - "-" "Mozilla/5.0 AppleWebKit/537.36 (KHTML, like Gecko; compatible; bingbot/2.0; +http://www.bing.com/bingbot.htm) Chrome/116.0.1938.76 Safari/537.36"
52.167.144.172 - - [03/May/2026:08:40:08 +0000] "GET /index.php?subcats=Y&status=A&pshort=Y&pfull=Y&pname=Y&pkeywords=Y&ppcode=Y&search_performed=Y&hint_q=Search+products&dispatch=products.search&page=82&sort_by=price&sort_order=asc HTTP/1.1" 404 - "-" "Mozilla/5.0 AppleWebKit/537.36 (KHTML, like Gecko; compatible; bingbot/2.0; +http://www.bing.com/bingbot.htm) Chrome/116.0.1938.76 Safari/537.36"
114.119.147.205 - - [03/May/2026:08:41:11 +0000] "GET /paris-by-night-dvd/page-7/?items_per_page=12&sort_by=product&sort_order=asc HTTP/1.1" 404 - "https://thuyngashop.com/paris-by-night-dvd/page-8/?items_per_page=12&sort_by=product&sort_order=asc" "Mozilla/5.0 (Linux; Android 7.0;) AppleWebKit/537.36 (HTML, like Gecko) Mobile Safari/537.36 (compatible; PetalBot;+https://webmaster.petalsearch.com/site/petalbot)"
114.119.139.183 - - [03/May/2026:08:42:27 +0000] "GET /other-products/?items_per_page=12&sort_by=price&sort_order=asc&layout=products_multicolumns HTTP/1.1" 404 - "https://thuyngashop.com/other-products/?items_per_page=12&sort_by=price&sort_order=desc" "Mozilla/5.0 (Linux; Android 7.0;) AppleWebKit/537.36 (HTML, like Gecko) Mobile Safari/537.36 (compatible; PetalBot;+https://webmaster.petalsearch.com/site/petalbot)"
197.244.142.43 - - [03/May/2026:08:42:55 +0000] "GET /dang-nhap.html?category_id=29&sort_order=desc HTTP/1.1" 404 - "-" "Mozilla/5.0 (Windows NT 6.3; Win64; x64) AppleWebKit/537.36 (KHTML, like Gecko) Brave Chrome/84.0.4147.105 Safari/537.36"
143.198.157.83 - - [03/May/2026:08:43:29 +0000] "GET /images/watermarked/1/thumbnails/220/306/product/2/Screen_Shot_2016-09-02_at_1.08.19_AM.png HTTP/1.1" 404 - "https://thuyngashop.com" "Mozilla/5.0 (Windows NT 10.0; Win64; x64) AppleWebKit/537.36 (KHTML, like Gecko) Chrome/147.0.0.0 Safari/537.36"
62.241.48.90 - - [03/May/2026:08:43:31 +0000] "GET /images/watermarked/1/thumbnails/220/306/product/2/Screen_Shot_2016-09-02_at_1.08.19_AM.png HTTP/1.1" 404 - "https://thuyngashop.com" "Mozilla/5.0 (Windows NT 10.0; Win64; x64) AppleWebKit/537.36 (KHTML, like Gecko) Chrome/147.0.0.0 Safari/537.36"
193.160.74.4 - - [03/May/2026:08:43:32 +0000] "GET /images/watermarked/1/thumbnails/220/306/product/2/Screen_Shot_2016-09-02_at_1.08.19_AM.png HTTP/1.1" 404 - "https://thuyngashop.com" "Mozilla/5.0 (Windows NT 10.0; Win64; x64) AppleWebKit/537.36 (KHTML, like Gecko) Chrome/147.0.0.0 Safari/537.36"
113.22.46.202 - - [03/May/2026:08:43:34 +0000] "GET /images/watermarked/1/thumbnails/220/306/product/2/Screen_Shot_2016-09-02_at_1.08.19_AM.png HTTP/1.1" 404 - "https://thuyngashop.com" "Mozilla/5.0 (Windows NT 10.0; Win64; x64) AppleWebKit/537.36 (KHTML, like Gecko) Chrome/147.0.0.0 Safari/537.36"
114.119.147.205 - - [03/May/2026:08:43:51 +0000] "GET /movie/?items_per_page=96&sort_by=popularity&sort_order=desc HTTP/1.1" 404 - "https://thuyngashop.com/movie?items_per_page=96&sort_by=timestamp&sort_order=desc&layout=products_multicolumns" "Mozilla/5.0 (Linux; Android 7.0;) AppleWebKit/537.36 (HTML, like Gecko) Mobile Safari/537.36 (compatible; PetalBot;+https://webmaster.petalsearch.com/site/petalbot)"
40.77.167.14 - - [03/May/2026:08:44:41 +0000] "GET /index.php?dispatch=products.search&subcats=Y&type=extended&status=A&pshort=Y&pfull=Y&pname=Y&pkeywords=Y&search_performed=Y&match=exact&cid=0&items_per_page=48&sort_by=popularity&sort_order=desc&page=4 HTTP/1.1" 404 - "-" "Mozilla/5.0 AppleWebKit/537.36 (KHTML, like Gecko; compatible; bingbot/2.0; +http://www.bing.com/bingbot.htm) Chrome/116.0.1938.76 Safari/537.36"
34.224.9.144 - - [03/May/2026:08:44:51 +0000] "GET /paris-by-night-63-dong-thoi-gian.html HTTP/1.1" 404 - "-" "Mozilla/5.0 AppleWebKit/537.36 (KHTML, like Gecko; compatible; Amazonbot/0.1; +https://developer.amazon.com/support/amazonbot) Chrome/119.0.6045.214 Safari/537.36"
91.90.142.7 - - [03/May/2026:08:45:10 +0000] "GET / HTTP/1.1" 404 - "-" "Chrome"
114.119.162.251 - - [03/May/2026:08:45:15 +0000] "GET /upcoming-shows-en?items_per_page=48&sort_by=product&sort_order=desc&layout=products_multicolumns HTTP/1.1" 404 - "https://thuyngashop.com/upcoming-shows-en?items_per_page=48&sort_by=product&sort_order=desc&layout=products_without_options" "Mozilla/5.0 (Linux; Android 7.0;) AppleWebKit/537.36 (HTML, like Gecko) Mobile Safari/537.36 (compatible; PetalBot;+https://webmaster.petalsearch.com/site/petalbot)"
114.119.149.1 - - [03/May/2026:08:46:47 +0000] "GET /upcoming-shows-en/?items_per_page=48 HTTP/1.1" 404 - "https://thuyngashop.com/upcoming-shows-en?items_per_page=96&sort_by=popularity&sort_order=desc&layout=products_without_options" "Mozilla/5.0 (Linux; Android 7.0;) AppleWebKit/537.36 (HTML, like Gecko) Mobile Safari/537.36 (compatible; PetalBot;+https://webmaster.petalsearch.com/site/petalbot)"
52.167.144.172 - - [03/May/2026:08:47:06 +0000] "GET /tncd169-tinh-la-bao-han-clone.html HTTP/1.1" 404 - "-" "Mozilla/5.0 AppleWebKit/537.36 (KHTML, like Gecko; compatible; bingbot/2.0; +http://www.bing.com/bingbot.htm) Chrome/116.0.1938.76 Safari/537.36"
52.167.144.172 - - [03/May/2026:08:47:07 +0000] "GET /karaoke/page-7/?sort_by=product&sort_order=desc&layout=products_multicolumns HTTP/1.1" 404 - "-" "Mozilla/5.0 AppleWebKit/537.36 (KHTML, like Gecko; compatible; bingbot/2.0; +http://www.bing.com/bingbot.htm) Chrome/116.0.1938.76 Safari/537.36"
114.119.132.61 - - [03/May/2026:08:48:03 +0000] "GET /upcoming-shows-en/?items_per_page=24&sort_by=price&sort_order=desc&layout=products_multicolumns HTTP/1.1" 404 - "https://thuyngashop.com/upcoming-shows-en/?items_per_page=24&sort_by=price&sort_order=asc" "Mozilla/5.0 (Linux; Android 7.0;) AppleWebKit/537.36 (HTML, like Gecko) Mobile Safari/537.36 (compatible; PetalBot;+https://webmaster.petalsearch.com/site/petalbot)"
159.89.154.68 - - [03/May/2026:08:48:58 +0000] "GET /images/watermarked/1/thumbnails/220/215/detailed/1/fiche_tncd311.png HTTP/1.1" 404 - "https://thuyngashop.com" "Mozilla/5.0 (Windows NT 10.0; Win64; x64) AppleWebKit/537.36 (KHTML, like Gecko) Chrome/147.0.0.0 Safari/537.36"
188.208.108.110 - - [03/May/2026:08:49:00 +0000] "GET /images/watermarked/1/thumbnails/220/215/detailed/1/fiche_tncd311.png HTTP/1.1" 404 - "https://thuyngashop.com" "Mozilla/5.0 (Windows NT 10.0; Win64; x64) AppleWebKit/537.36 (KHTML, like Gecko) Chrome/147.0.0.0 Safari/537.36"
176.46.136.84 - - [03/May/2026:08:49:03 +0000] "GET /images/watermarked/1/thumbnails/220/215/detailed/1/fiche_tncd311.png HTTP/1.1" 404 - "https://thuyngashop.com" "Mozilla/5.0 (Windows NT 10.0; Win64; x64) AppleWebKit/537.36 (KHTML, like Gecko) Chrome/147.0.0.0 Safari/537.36"
34.199.252.22 - - [03/May/2026:08:49:08 +0000] "GET /vo-tinh-hong-van.html HTTP/1.1" 404 - "-" "Mozilla/5.0 AppleWebKit/537.36 (KHTML, like Gecko; compatible; Amazonbot/0.1; +https://developer.amazon.com/support/amazonbot) Chrome/119.0.6045.214 Safari/537.36"
159.65.70.5 - - [03/May/2026:08:49:09 +0000] "GET /images/watermarked/1/thumbnails/220/215/detailed/1/fiche_tncd311.png HTTP/1.1" 404 - "https://thuyngashop.com" "Mozilla/5.0 (Windows NT 10.0; Win64; x64) AppleWebKit/537.36 (KHTML, like Gecko) Chrome/146.0.0.0 Safari/537.36"
78.156.185.247 - - [03/May/2026:08:49:11 +0000] "GET /images/watermarked/1/thumbnails/220/215/detailed/1/fiche_tncd311.png HTTP/1.1" 404 - "https://thuyngashop.com" "Mozilla/5.0 (Windows NT 10.0; Win64; x64) AppleWebKit/537.36 (KHTML, like Gecko) Chrome/146.0.0.0 Safari/537.36"
178.171.85.172 - - [03/May/2026:08:49:12 +0000] "GET /images/watermarked/1/thumbnails/220/215/detailed/1/fiche_tncd311.png HTTP/1.1" 404 - "https://thuyngashop.com" "Mozilla/5.0 (Windows NT 10.0; Win64; x64) AppleWebKit/537.36 (KHTML, like Gecko) Chrome/146.0.0.0 Safari/537.36"
157.48.250.84 - - [03/May/2026:08:49:15 +0000] "GET /images/watermarked/1/thumbnails/220/215/detailed/1/fiche_tncd311.png HTTP/1.1" 404 - "https://thuyngashop.com" "Mozilla/5.0 (Windows NT 10.0; Win64; x64) AppleWebKit/537.36 (KHTML, like Gecko) Chrome/146.0.0.0 Safari/537.36"
114.119.150.16 - - [03/May/2026:08:49:26 +0000] "GET /t-shirts?items_per_page=24&sort_by=price&sort_order=asc&layout=products_without_options HTTP/1.1" 404 - "https://thuyngashop.com/t-shirts?items_per_page=24&sort_by=price&sort_order=asc" "Mozilla/5.0 (Linux; Android 7.0;) AppleWebKit/537.36 (HTML, like Gecko) Mobile Safari/537.36 (compatible; PetalBot;+https://webmaster.petalsearch.com/site/petalbot)"
114.119.155.115 - - [03/May/2026:08:50:49 +0000] "GET /paris-by-night-dvd/?items_per_page=48 HTTP/1.1" 404 - "https://thuyngashop.com/paris-by-night-dvd/page-8/?items_per_page=12&sort_by=timestamp&sort_order=asc&layout=products_multicolumns" "Mozilla/5.0 (Linux; Android 7.0;) AppleWebKit/537.36 (HTML, like Gecko) Mobile Safari/537.36 (compatible; PetalBot;+https://webmaster.petalsearch.com/site/petalbot)"
98.84.1.175 - - [03/May/2026:08:51:26 +0000] "GET / HTTP/1.1" 404 - "-" "RecordedFuture Global Inventory Crawler"
114.119.128.5 - - [03/May/2026:08:52:15 +0000] "GET /movie?items_per_page=48&sort_by=product&sort_order=asc HTTP/1.1" 404 - "https://thuyngashop.com/movie?items_per_page=48&sort_by=timestamp&sort_order=desc" "Mozilla/5.0 (Linux; Android 7.0;) AppleWebKit/537.36 (HTML, like Gecko) Mobile Safari/537.36 (compatible; PetalBot;+https://webmaster.petalsearch.com/site/petalbot)"
114.119.155.115 - - [03/May/2026:08:53:39 +0000] "GET /karaoke/page-4?sort_by=timestamp&sort_order=asc&layout=products_multicolumns HTTP/1.1" 404 - "https://thuyngashop.com/karaoke/page-5?sort_by=timestamp&sort_order=asc&layout=products_multicolumns" "Mozilla/5.0 (Linux; Android 7.0;) AppleWebKit/537.36 (HTML, like Gecko) Mobile Safari/537.36 (compatible; PetalBot;+https://webmaster.petalsearch.com/site/petalbot)"
14.187.101.207 - - [03/May/2026:08:53:41 +0000] "GET /cd/page-6/?items_per_page=24&layout=products_without_options&sort_by=popularity&sort_order=desc HTTP/1.1" 404 - "-" "Mozilla/5.0 (Windows NT 6.3) AppleWebKit/537.36 (KHTML, like Gecko) Chrome/88.0.4324.190 Safari/537.36"
14.227.249.27 - - [03/May/2026:08:54:06 +0000] "GET /karaoke/page-4/?items_per_page=12&layout=products_multicolumns&sort_by=timestamp&sort_order=asc HTTP/1.1" 404 - "-" "Mozilla/5.0 (Windows NT 10.0; Win64; x64) AppleWebKit/537.36 (KHTML, like Gecko) Chrome/91.0.4472.124 Safari/537.36"
114.119.150.16 - - [03/May/2026:08:55:00 +0000] "GET /karaoke/page-3/?sort_by=popularity&sort_order=asc&layout=products_multicolumns HTTP/1.1" 404 - "https://thuyngashop.com/karaoke?sort_by=popularity&sort_order=asc&layout=products_multicolumns" "Mozilla/5.0 (Linux; Android 7.0;) AppleWebKit/537.36 (HTML, like Gecko) Mobile Safari/537.36 (compatible; PetalBot;+https://webmaster.petalsearch.com/site/petalbot)"
57.141.6.62 - - [03/May/2026:08:56:12 +0000] "GET /index.php?dispatch=image.captcha&verification_id=iv_69dd4ac57c74a&no_session=Y&iv_69dd4ac57c74a= HTTP/1.1" 404 - "-" "meta-externalagent/1.1 (+https://developers.facebook.com/docs/sharing/webmasters/crawler)"
114.119.150.16 - - [03/May/2026:08:56:24 +0000] "GET /upcoming-shows-en/?sort_by=price&sort_order=desc HTTP/1.1" 404 - "https://thuyngashop.com/upcoming-shows-en?sort_by=popularity&sort_order=desc&layout=products_multicolumns" "Mozilla/5.0 (Linux; Android 7.0;) AppleWebKit/537.36 (HTML, like Gecko) Mobile Safari/537.36 (compatible; PetalBot;+https://webmaster.petalsearch.com/site/petalbot)"
114.119.150.16 - - [03/May/2026:08:57:47 +0000] "GET /the-best-of-karaoke-series?items_per_page=12&sort_by=product&sort_order=asc&layout=products_multicolumns HTTP/1.1" 404 - "-" "Mozilla/5.0 (Linux; Android 7.0;) AppleWebKit/537.36 (HTML, like Gecko) Mobile Safari/537.36 (compatible; PetalBot;+https://webmaster.petalsearch.com/site/petalbot)"
14.249.237.118 - - [03/May/2026:08:59:04 +0000] "GET /dvd/page-16/?layout=products_multicolumns&sort_by=price&sort_order=asc HTTP/1.1" 404 - "-" "Mozilla/5.0 (Macintosh; Intel Mac OS X 10_9_2) AppleWebKit/537.36 (KHTML, like Gecko) Chrome/36.0.1944.0 Safari/537.36"
114.119.162.251 - - [03/May/2026:08:59:15 +0000] "GET /paris-by-night-dvd/page-7/?items_per_page=12&sort_by=product&sort_order=desc&layout=products_multicolumns HTTP/1.1" 404 - "https://thuyngashop.com/paris-by-night-dvd/page-3?items_per_page=12&sort_by=product&sort_order=desc&layout=products_multicolumns" "Mozilla/5.0 (Linux; Android 7.0;) AppleWebKit/537.36 (HTML, like Gecko) Mobile Safari/537.36 (compatible; PetalBot;+https://webmaster.petalsearch.com/site/petalbot)"
216.73.217.8 - - [03/May/2026:08:59:43 +0000] "GET /robots.txt HTTP/1.1" 404 - "-" "Mozilla/5.0 AppleWebKit/537.36 (KHTML, like Gecko; compatible; ClaudeBot/1.0; +claudebot@anthropic.com)"
216.73.217.8 - - [03/May/2026:08:59:43 +0000] "GET /hoai-niem-dau-yeu-don-ho-and-ngoc-hue.html HTTP/1.1" 404 - "-" "Mozilla/5.0 AppleWebKit/537.36 (KHTML, like Gecko; compatible; ClaudeBot/1.0; +claudebot@anthropic.com)"
114.119.132.61 - - [03/May/2026:09:01:01 +0000] "GET /vip-membership/?sort_by=price&sort_order=desc&layout=products_multicolumns HTTP/1.1" 404 - "https://thuyngashop.com/vip-membership?sort_by=price&sort_order=asc" "Mozilla/5.0 (Linux; Android 7.0;) AppleWebKit/537.36 (HTML, like Gecko) Mobile Safari/537.36 (compatible; PetalBot;+https://webmaster.petalsearch.com/site/petalbot)"
52.167.144.219 - - [03/May/2026:09:01:26 +0000] "GET /sitemap.xml HTTP/1.1" 404 - "-" "Mozilla/5.0 AppleWebKit/537.36 (KHTML, like Gecko; compatible; bingbot/2.0; +http://www.bing.com/bingbot.htm) Chrome/116.0.1938.76 Safari/537.36"
46.250.171.13 - - [03/May/2026:09:02:05 +0000] "GET /cd/page-5/?amp%3Bsort_order=asc&%3Blayout=products_multicolumns&sort_by=timestamp&sort_order=desc&layout=products_without_options HTTP/1.1" 404 - "-" "Mozilla/5.0 (Macintosh; Intel Mac OS X 10_15_7) AppleWebKit/537.36 (KHTML, like Gecko) Chrome/144.0.0.0 Safari/537.36"
216.73.217.8 - - [03/May/2026:09:02:26 +0000] "GET /sitemap.xml HTTP/1.1" 404 - "-" "Mozilla/5.0 AppleWebKit/537.36 (KHTML, like Gecko; compatible; ClaudeBot/1.0; +claudebot@anthropic.com)"
114.119.147.205 - - [03/May/2026:09:02:36 +0000] "GET /t-shirts?items_per_page=24&sort_by=product&sort_order=asc HTTP/1.1" 404 - "https://thuyngashop.com/t-shirts?items_per_page=24&sort_by=timestamp&sort_order=asc&layout=products_without_options" "Mozilla/5.0 (Linux; Android 7.0;) AppleWebKit/537.36 (HTML, like Gecko) Mobile Safari/537.36 (compatible; PetalBot;+https://webmaster.petalsearch.com/site/petalbot)"
114.119.149.1 - - [03/May/2026:09:04:08 +0000] "GET /paris-by-night-dvd/page-7/?items_per_page=12&sort_by=product&sort_order=asc&layout=products_multicolumns HTTP/1.1" 404 - "https://thuyngashop.com/paris-by-night-dvd?items_per_page=12&sort_by=product&sort_order=asc&layout=products_multicolumns" "Mozilla/5.0 (Linux; Android 7.0;) AppleWebKit/537.36 (HTML, like Gecko) Mobile Safari/537.36 (compatible; PetalBot;+https://webmaster.petalsearch.com/site/petalbot)"
38.253.147.95 - - [03/May/2026:09:05:01 +0000] "GET /index.php?category_id=4&dispatch=categories.view&dispatch=products.quick_view&layout=products_multicolumns&n_items=953%2C956%2C12%2C595%2C591%2C636%2C10%2C637%2C40%2C39%2C470%2C137&prev_url=index.php%3Fitems_per_page%3D12&sort_by=popularity&sort_order=desc HTTP/1.1" 404 - "-" "Mozilla/5.0 (Macintosh; Intel Mac OS X 10_15_7) AppleWebKit/537.36 (KHTML, like Gecko) Chrome/100.0.4889.0 Safari/537.36"
114.119.139.183 - - [03/May/2026:09:05:19 +0000] "GET /paris-by-night-dvd/?items_per_page=96&sort_by=product&sort_order=desc HTTP/1.1" 404 - "https://thuyngashop.com/paris-by-night-dvd?items_per_page=96" "Mozilla/5.0 (Linux; Android 7.0;) AppleWebKit/537.36 (HTML, like Gecko) Mobile Safari/537.36 (compatible; PetalBot;+https://webmaster.petalsearch.com/site/petalbot)"
91.161.156.59 - - [03/May/2026:09:05:42 +0000] "GET /paris-by-night-103-pre-order.html HTTP/1.1" 404 - "-" "Mozilla/5.0 (Windows NT 10.0; Win64; x64; rv:150.0) Gecko/20100101 Firefox/150.0"
103.140.24.7 - - [03/May/2026:09:06:14 +0000] "GET /index.php?category_id=9&dispatch=categories.view&dispatch=products.quick_view&n_items=1176%2C1418%2C537%2C1317%2C1394%2C1374%2C1340%2C34%2C444%2C1360%2C208%2C205&prev_url=index.php%3Flayout%3Dproducts_multicolumns&sort_by=popularity&sort_order=asc HTTP/1.1" 404 - "-" "Mozilla/5.0 (Macintosh; Intel Mac OS X 10_15_3) AppleWebKit/537.36 (KHTML, like Gecko) Chrome/87.0.4280.88 Safari/537.36"
43.173.179.110 - - [03/May/2026:09:06:17 +0000] "GET /cd/page-32/?amp%3Bsort_order=asc&%3Bamp%3Blayout=products_without_options&%3Bsort_by=timestamp&%3Blayout=products_multicolumns&sort_by=product&sort_order=asc HTTP/1.1" 404 - "-" "Mozilla/5.0 (Windows NT 10.0; Win64; x64) AppleWebKit/537.36 (KHTML, like Gecko) Chrome/131.0.0.0 Safari/537.36"
114.119.150.16 - - [03/May/2026:09:06:31 +0000] "GET /vip-membership/?sort_by=product&sort_order=desc&layout=products_without_options HTTP/1.1" 404 - "https://thuyngashop.com/vip-membership?sort_by=product&sort_order=desc" "Mozilla/5.0 (Linux; Android 7.0;) AppleWebKit/537.36 (HTML, like Gecko) Mobile Safari/537.36 (compatible; PetalBot;+https://webmaster.petalsearch.com/site/petalbot)"
161.35.235.117 - - [03/May/2026:09:07:21 +0000] "GET /images/watermarked/1/thumbnails/220/220/product/3/Screen_Shot_2020-12-11_at_7.48.05_AM.png HTTP/1.1" 404 - "https://thuyngashop.com" "Mozilla/5.0 (Windows NT 10.0; Win64; x64) AppleWebKit/537.36 (KHTML, like Gecko) Chrome/147.0.0.0 Safari/537.36"
58.97.233.108 - - [03/May/2026:09:07:23 +0000] "GET /images/watermarked/1/thumbnails/220/220/product/3/Screen_Shot_2020-12-11_at_7.48.05_AM.png HTTP/1.1" 404 - "https://thuyngashop.com" "Mozilla/5.0 (Windows NT 10.0; Win64; x64) AppleWebKit/537.36 (KHTML, like Gecko) Chrome/147.0.0.0 Safari/537.36"
168.158.203.123 - - [03/May/2026:09:07:24 +0000] "GET /images/watermarked/1/thumbnails/220/220/product/3/Screen_Shot_2020-12-11_at_7.48.05_AM.png HTTP/1.1" 404 - "https://thuyngashop.com" "Mozilla/5.0 (Windows NT 10.0; Win64; x64) AppleWebKit/537.36 (KHTML, like Gecko) Chrome/147.0.0.0 Safari/537.36"
87.51.179.115 - - [03/May/2026:09:07:26 +0000] "GET /images/watermarked/1/thumbnails/220/220/product/3/Screen_Shot_2020-12-11_at_7.48.05_AM.png HTTP/1.1" 404 - "https://thuyngashop.com" "Mozilla/5.0 (Windows NT 10.0; Win64; x64) AppleWebKit/537.36 (KHTML, like Gecko) Chrome/147.0.0.0 Safari/537.36"
114.119.147.205 - - [03/May/2026:09:07:47 +0000] "GET /t-shirts/?items_per_page=48&sort_by=product&sort_order=desc HTTP/1.1" 404 - "https://thuyngashop.com/t-shirts/?items_per_page=48&sort_by=timestamp&sort_order=desc" "Mozilla/5.0 (Linux; Android 7.0;) AppleWebKit/537.36 (HTML, like Gecko) Mobile Safari/537.36 (compatible; PetalBot;+https://webmaster.petalsearch.com/site/petalbot)"
198.235.24.199 - - [03/May/2026:09:08:05 +0000] "GET / HTTP/1.1" 404 - "-" "Hello from Palo Alto Networks, find out more about our scans in https://docs-cortex.paloaltonetworks.com/r/1/Cortex-Xpanse/Scanning-activity"
43.172.197.69 - - [03/May/2026:09:08:17 +0000] "GET /cd/page-25/?amp%3Bsort_order=desc&%3Bamp%3Blayout=products_without_options&%3Bsort_by=price HTTP/1.1" 404 - "-" "Mozilla/5.0 (Windows NT 10.0; Win64; x64) AppleWebKit/537.36 (KHTML, like Gecko) Chrome/111.0.0.0 Safari/537.36"
43.172.197.135 - - [03/May/2026:09:08:17 +0000] "GET /cd/page-28/?amp%3Bamp%3Blayout=products_without_options&%3Bamp%3Bsort_order=desc&sort_by=product&sort_order=desc HTTP/1.1" 404 - "-" "Mozilla/5.0 (Windows NT 10.0; Win64; x64) AppleWebKit/537.36 (KHTML, like Gecko) Chrome/116.0.0.0 Safari/537.36"
173.252.82.21 - - [03/May/2026:09:08:20 +0000] "GET /lau-dai-tinh-ai-minh-tuyet-and-bang-kieu.html HTTP/1.1" 404 - "-" "meta-externalads/1.1 (+https://developers.facebook.com/docs/sharing/webmasters/crawler)"
114.119.150.16 - - [03/May/2026:09:09:04 +0000] "GET /paris-by-night-dvd/page-6?items_per_page=12&sort_by=price&sort_order=asc&layout=products_multicolumns HTTP/1.1" 404 - "https://thuyngashop.com/paris-by-night-dvd/page-2?items_per_page=12&sort_by=price&sort_order=asc&layout=products_multicolumns" "Mozilla/5.0 (Linux; Android 7.0;) AppleWebKit/537.36 (HTML, like Gecko) Mobile Safari/537.36 (compatible; PetalBot;+https://webmaster.petalsearch.com/site/petalbot)"
114.119.132.61 - - [03/May/2026:09:10:23 +0000] "GET /other-products?items_per_page=96&sort_by=price&sort_order=desc HTTP/1.1" 404 - "https://thuyngashop.com/other-products?items_per_page=96&sort_by=popularity&sort_order=desc&layout=products_without_options" "Mozilla/5.0 (Linux; Android 7.0;) AppleWebKit/537.36 (HTML, like Gecko) Mobile Safari/537.36 (compatible; PetalBot;+https://webmaster.petalsearch.com/site/petalbot)"
216.73.217.8 - - [03/May/2026:09:11:24 +0000] "GET /tncd110-hai-dao-co-don-don-ho-and-ngoc-hue-en.html HTTP/1.1" 404 - "-" "Mozilla/5.0 AppleWebKit/537.36 (KHTML, like Gecko; compatible; ClaudeBot/1.0; +claudebot@anthropic.com)"
216.73.217.8 - - [03/May/2026:09:11:24 +0000] "GET / HTTP/1.1" 404 - "-" "Mozilla/5.0 AppleWebKit/537.36 (KHTML, like Gecko; compatible; ClaudeBot/1.0; +claudebot@anthropic.com)"
14.234.9.35 - - [03/May/2026:09:11:27 +0000] "GET /cd/page-36/ HTTP/1.1" 404 - "-" "Mozilla/5.0 (Windows NT 10.0; Win64; x64) AppleWebKit/537.36 (KHTML, like Gecko) Chrome/67.0.3396.62 Safari/537.36"
114.119.149.1 - - [03/May/2026:09:11:46 +0000] "GET /upcoming-shows-en?sort_by=product&sort_order=desc&layout=products_without_options HTTP/1.1" 404 - "https://thuyngashop.com/upcoming-shows-en?sort_by=product&sort_order=desc" "Mozilla/5.0 (Linux; Android 7.0;) AppleWebKit/537.36 (HTML, like Gecko) Mobile Safari/537.36 (compatible; PetalBot;+https://webmaster.petalsearch.com/site/petalbot)"
114.119.128.5 - - [03/May/2026:09:13:10 +0000] "GET /paris-by-night-dvd/page-4/?sort_by=timestamp&sort_order=desc HTTP/1.1" 404 - "https://thuyngashop.com/paris-by-night-dvd/page-4/?sort_by=product&sort_order=asc" "Mozilla/5.0 (Linux; Android 7.0;) AppleWebKit/537.36 (HTML, like Gecko) Mobile Safari/537.36 (compatible; PetalBot;+https://webmaster.petalsearch.com/site/petalbot)"
217.182.195.176 - - [03/May/2026:09:13:33 +0000] "GET /robots.txt HTTP/1.1" 404 - "-" "Mozilla/5.0 (compatible; MJ12bot/v1.4.8; http://mj12bot.com/)"
217.182.195.176 - - [03/May/2026:09:13:35 +0000] "GET /cd/page-13/?amp;sort_order=desc&layout=products_without_options&sort_by=popularity&sort_order=desc HTTP/1.1" 404 - "-" "Mozilla/5.0 (compatible; MJ12bot/v1.4.8; http://mj12bot.com/)"
217.182.195.176 - - [03/May/2026:09:13:36 +0000] "GET /cd/page-2/?amp;sort_order=desc&layout=products_without_options&sort_by=popularity&sort_order=asc&layout=products_without_options HTTP/1.1" 404 - "-" "Mozilla/5.0 (compatible; MJ12bot/v1.4.8; http://mj12bot.com/)"
217.182.195.176 - - [03/May/2026:09:13:38 +0000] "GET /cd/page-30/?amp;sort_order=desc&layout=products_without_options&sort_by=timestamp&sort_order=asc&layout=products_without_options HTTP/1.1" 404 - "-" "Mozilla/5.0 (compatible; MJ12bot/v1.4.8; http://mj12bot.com/)"
217.182.195.176 - - [03/May/2026:09:13:40 +0000] "GET /cd/page-35/?amp;sort_order=desc&layout=products_without_options&sort_by=popularity&sort_order=desc HTTP/1.1" 404 - "-" "Mozilla/5.0 (compatible; MJ12bot/v1.4.8; http://mj12bot.com/)"
217.182.195.176 - - [03/May/2026:09:13:41 +0000] "GET /cd/page-41/?amp;sort_order=desc&layout=products_without_options&sort_by=timestamp&sort_order=desc&layout=products_multicolumns HTTP/1.1" 404 - "-" "Mozilla/5.0 (compatible; MJ12bot/v1.4.8; http://mj12bot.com/)"
217.182.195.176 - - [03/May/2026:09:13:43 +0000] "GET /cd/page-41/?sort_by=timestamp&sort_order=desc&layout=products_without_options HTTP/1.1" 404 - "-" "Mozilla/5.0 (compatible; MJ12bot/v1.4.8; http://mj12bot.com/)"
217.182.195.176 - - [03/May/2026:09:13:44 +0000] "GET /cd/page-42/?amp;amp;sort_order=desc&layout=products_without_options&items_per_page=12 HTTP/1.1" 404 - "-" "Mozilla/5.0 (compatible; MJ12bot/v1.4.8; http://mj12bot.com/)"
217.182.195.176 - - [03/May/2026:09:13:46 +0000] "GET /cd/page-42/?amp;amp;sort_order=desc&layout=products_without_options&sort_by=popularity&sort_order=asc&layout=products_without_options HTTP/1.1" 404 - "-" "Mozilla/5.0 (compatible; MJ12bot/v1.4.8; http://mj12bot.com/)"
217.182.195.176 - - [03/May/2026:09:13:47 +0000] "GET /cd/page-42/?amp;amp;sort_order=desc&layout=products_without_options&sort_by=popularity&sort_order=desc HTTP/1.1" 404 - "-" "Mozilla/5.0 (compatible; MJ12bot/v1.4.8; http://mj12bot.com/)"
217.182.195.176 - - [03/May/2026:09:13:49 +0000] "GET /cd/page-42/?amp;amp;sort_order=desc&layout=products_without_options&sort_by=popularity&sort_order=desc&layout=products_multicolumns HTTP/1.1" 404 - "-" "Mozilla/5.0 (compatible; MJ12bot/v1.4.8; http://mj12bot.com/)"
217.182.195.176 - - [03/May/2026:09:13:51 +0000] "GET /cd/page-42/?amp;amp;sort_order=desc&layout=products_without_options&sort_by=price&sort_order=asc HTTP/1.1" 404 - "-" "Mozilla/5.0 (compatible; MJ12bot/v1.4.8; http://mj12bot.com/)"
217.182.195.176 - - [03/May/2026:09:13:52 +0000] "GET /cd/page-42/?amp;amp;sort_order=desc&layout=products_without_options&sort_by=price&sort_order=desc HTTP/1.1" 404 - "-" "Mozilla/5.0 (compatible; MJ12bot/v1.4.8; http://mj12bot.com/)"
217.182.195.176 - - [03/May/2026:09:13:54 +0000] "GET /cd/page-42/?amp;amp;sort_order=desc&layout=products_without_options&sort_by=product&sort_order=asc HTTP/1.1" 404 - "-" "Mozilla/5.0 (compatible; MJ12bot/v1.4.8; http://mj12bot.com/)"
69.63.184.9 - - [03/May/2026:09:13:55 +0000] "GET /hat-de-tang-anh-mai-thien-van.html HTTP/1.1" 404 - "-" "meta-externalads/1.1 (+https://developers.facebook.com/docs/sharing/webmasters/crawler)"
217.182.195.176 - - [03/May/2026:09:13:56 +0000] "GET /cd/page-42/?amp;amp;sort_order=desc&layout=products_without_options&sort_by=product&sort_order=desc HTTP/1.1" 404 - "-" "Mozilla/5.0 (compatible; MJ12bot/v1.4.8; http://mj12bot.com/)"
217.182.195.176 - - [03/May/2026:09:13:57 +0000] "GET /cd/page-42/?amp;amp;sort_order=desc&layout=products_without_options&sort_by=timestamp&sort_order=asc&layout=products_without_options HTTP/1.1" 404 - "-" "Mozilla/5.0 (compatible; MJ12bot/v1.4.8; http://mj12bot.com/)"
217.182.195.176 - - [03/May/2026:09:13:59 +0000] "GET /cd/page-42/?amp;amp;sort_order=desc&layout=products_without_options&items_per_page=12&sort_by=popularity&sort_order=desc HTTP/1.1" 404 - "-" "Mozilla/5.0 (compatible; MJ12bot/v1.4.8; http://mj12bot.com/)"
217.182.195.176 - - [03/May/2026:09:14:00 +0000] "GET /cd/page-42/?amp;amp;sort_order=desc&layout=products_without_options&items_per_page=12&sort_by=price&sort_order=asc HTTP/1.1" 404 - "-" "Mozilla/5.0 (compatible; MJ12bot/v1.4.8; http://mj12bot.com/)"
217.182.195.176 - - [03/May/2026:09:14:02 +0000] "GET /cd/page-42/?amp;amp;sort_order=desc&layout=products_without_options&items_per_page=12&sort_by=price&sort_order=desc HTTP/1.1" 404 - "-" "Mozilla/5.0 (compatible; MJ12bot/v1.4.8; http://mj12bot.com/)"
217.182.195.176 - - [03/May/2026:09:14:03 +0000] "GET /cd/page-42/?amp;amp;sort_order=desc&layout=products_without_options&items_per_page=12&sort_by=product&sort_order=asc HTTP/1.1" 404 - "-" "Mozilla/5.0 (compatible; MJ12bot/v1.4.8; http://mj12bot.com/)"
217.182.195.176 - - [03/May/2026:09:14:05 +0000] "GET /cd/page-42/?amp;amp;sort_order=desc&layout=products_without_options&items_per_page=12&sort_by=product&sort_order=desc HTTP/1.1" 404 - "-" "Mozilla/5.0 (compatible; MJ12bot/v1.4.8; http://mj12bot.com/)"
217.182.195.176 - - [03/May/2026:09:14:07 +0000] "GET /cd/page-42/?amp;amp;sort_order=desc&layout=products_without_options&items_per_page=12&sort_by=timestamp&sort_order=desc HTTP/1.1" 404 - "-" "Mozilla/5.0 (compatible; MJ12bot/v1.4.8; http://mj12bot.com/)"
217.182.195.176 - - [03/May/2026:09:14:08 +0000] "GET /cd/page-42/?amp;sort_order=desc&layout=products_without_options&items_per_page=24&items_per_page=12 HTTP/1.1" 404 - "-" "Mozilla/5.0 (compatible; MJ12bot/v1.4.8; http://mj12bot.com/)"
217.182.195.176 - - [03/May/2026:09:14:10 +0000] "GET /cd/page-42/?amp;sort_order=desc&layout=products_without_options&items_per_page=12 HTTP/1.1" 404 - "-" "Mozilla/5.0 (compatible; MJ12bot/v1.4.8; http://mj12bot.com/)"
217.182.195.176 - - [03/May/2026:09:14:11 +0000] "GET /cd/page-42/?amp;sort_order=desc&layout=products_without_options&items_per_page=12&sort_by=timestamp&sort_order=desc HTTP/1.1" 404 - "-" "Mozilla/5.0 (compatible; MJ12bot/v1.4.8; http://mj12bot.com/)"
217.182.195.176 - - [03/May/2026:09:14:13 +0000] "GET /cd/page-42/?amp;sort_order=desc&layout=products_without_options&sort_by=popularity&sort_order=asc&layout=products_without_options HTTP/1.1" 404 - "-" "Mozilla/5.0 (compatible; MJ12bot/v1.4.8; http://mj12bot.com/)"
217.182.195.176 - - [03/May/2026:09:14:14 +0000] "GET /cd/page-42/?amp;sort_order=desc&layout=products_without_options&sort_by=popularity&sort_order=desc HTTP/1.1" 404 - "-" "Mozilla/5.0 (compatible; MJ12bot/v1.4.8; http://mj12bot.com/)"
217.182.195.176 - - [03/May/2026:09:14:16 +0000] "GET /cd/page-42/?amp;sort_order=desc&layout=products_without_options&sort_by=popularity&sort_order=desc&layout=products_multicolumns HTTP/1.1" 404 - "-" "Mozilla/5.0 (compatible; MJ12bot/v1.4.8; http://mj12bot.com/)"
217.182.195.176 - - [03/May/2026:09:14:17 +0000] "GET /cd/page-42/?amp;sort_order=desc&layout=products_without_options&sort_by=price&sort_order=asc HTTP/1.1" 404 - "-" "Mozilla/5.0 (compatible; MJ12bot/v1.4.8; http://mj12bot.com/)"
217.182.195.176 - - [03/May/2026:09:14:19 +0000] "GET /cd/page-42/?amp;sort_order=desc&layout=products_without_options&sort_by=price&sort_order=desc HTTP/1.1" 404 - "-" "Mozilla/5.0 (compatible; MJ12bot/v1.4.8; http://mj12bot.com/)"
217.182.195.176 - - [03/May/2026:09:14:21 +0000] "GET /cd/page-42/?amp;sort_order=desc&layout=products_without_options&sort_by=product&sort_order=asc HTTP/1.1" 404 - "-" "Mozilla/5.0 (compatible; MJ12bot/v1.4.8; http://mj12bot.com/)"
217.182.195.176 - - [03/May/2026:09:14:22 +0000] "GET /cd/page-42/?amp;sort_order=desc&layout=products_without_options&sort_by=product&sort_order=desc HTTP/1.1" 404 - "-" "Mozilla/5.0 (compatible; MJ12bot/v1.4.8; http://mj12bot.com/)"
217.182.195.176 - - [03/May/2026:09:14:24 +0000] "GET /cd/page-42/?amp;sort_order=desc&layout=products_without_options&sort_by=timestamp&sort_order=asc&layout=products_without_options HTTP/1.1" 404 - "-" "Mozilla/5.0 (compatible; MJ12bot/v1.4.8; http://mj12bot.com/)"
217.182.195.176 - - [03/May/2026:09:14:25 +0000] "GET /cd/page-42/?amp;sort_order=desc&layout=products_without_options&sort_by=timestamp&sort_order=desc HTTP/1.1" 404 - "-" "Mozilla/5.0 (compatible; MJ12bot/v1.4.8; http://mj12bot.com/)"
217.182.195.176 - - [03/May/2026:09:14:27 +0000] "GET /cd/page-42/?amp;sort_order=desc&layout=products_without_options&sort_by=timestamp&sort_order=desc&layout=products_multicolumns HTTP/1.1" 404 - "-" "Mozilla/5.0 (compatible; MJ12bot/v1.4.8; http://mj12bot.com/)"
217.182.195.176 - - [03/May/2026:09:14:29 +0000] "GET /cd/page-42/?sort_by=timestamp&sort_order=desc&layout=products_without_options HTTP/1.1" 404 - "-" "Mozilla/5.0 (compatible; MJ12bot/v1.4.8; http://mj12bot.com/)"
217.182.195.176 - - [03/May/2026:09:14:30 +0000] "GET /cd/page-43/?amp;amp;sort_order=desc&layout=products_without_options&items_per_page=12 HTTP/1.1" 404 - "-" "Mozilla/5.0 (compatible; MJ12bot/v1.4.8; http://mj12bot.com/)"
40.77.167.11 - - [03/May/2026:09:14:31 +0000] "GET /index.php?dispatch=products.quick_view&product_id=27&n_items=11%2C12%2C23%2C24%2C25%2C26%2C27%2C33%2C34%2C39%2C40%2C81 HTTP/1.1" 404 - "-" "Mozilla/5.0 AppleWebKit/537.36 (KHTML, like Gecko; compatible; bingbot/2.0; +http://www.bing.com/bingbot.htm) Chrome/116.0.1938.76 Safari/537.36"
217.182.195.176 - - [03/May/2026:09:14:31 +0000] "GET /cd/page-43/?amp;amp;sort_order=desc&layout=products_without_options&sort_by=popularity&sort_order=asc&layout=products_without_options HTTP/1.1" 404 - "-" "Mozilla/5.0 (compatible; MJ12bot/v1.4.8; http://mj12bot.com/)"
114.119.150.16 - - [03/May/2026:09:14:33 +0000] "GET /paris-by-night-dvd/?sort_by=product&sort_order=asc&layout=products_multicolumns HTTP/1.1" 404 - "https://thuyngashop.com/paris-by-night-dvd/?sort_by=product&sort_order=asc&layout=products_without_options" "Mozilla/5.0 (Linux; Android 7.0;) AppleWebKit/537.36 (HTML, like Gecko) Mobile Safari/537.36 (compatible; PetalBot;+https://webmaster.petalsearch.com/site/petalbot)"
217.182.195.176 - - [03/May/2026:09:14:33 +0000] "GET /cd/page-43/?amp;amp;sort_order=desc&layout=products_without_options&sort_by=popularity&sort_order=desc HTTP/1.1" 404 - "-" "Mozilla/5.0 (compatible; MJ12bot/v1.4.8; http://mj12bot.com/)"
217.182.195.176 - - [03/May/2026:09:14:34 +0000] "GET /cd/page-43/?amp;amp;sort_order=desc&layout=products_without_options&sort_by=popularity&sort_order=desc&layout=products_multicolumns HTTP/1.1" 404 - "-" "Mozilla/5.0 (compatible; MJ12bot/v1.4.8; http://mj12bot.com/)"
217.182.195.176 - - [03/May/2026:09:14:36 +0000] "GET /cd/page-43/?amp;amp;sort_order=desc&layout=products_without_options&sort_by=price&sort_order=asc HTTP/1.1" 404 - "-" "Mozilla/5.0 (compatible; MJ12bot/v1.4.8; http://mj12bot.com/)"
217.182.195.176 - - [03/May/2026:09:14:38 +0000] "GET /cd/page-43/?amp;amp;sort_order=desc&layout=products_without_options&sort_by=price&sort_order=desc HTTP/1.1" 404 - "-" "Mozilla/5.0 (compatible; MJ12bot/v1.4.8; http://mj12bot.com/)"
217.182.195.176 - - [03/May/2026:09:14:39 +0000] "GET /cd/page-43/?amp;amp;sort_order=desc&layout=products_without_options&sort_by=product&sort_order=asc HTTP/1.1" 404 - "-" "Mozilla/5.0 (compatible; MJ12bot/v1.4.8; http://mj12bot.com/)"
217.182.195.176 - - [03/May/2026:09:14:41 +0000] "GET /cd/page-43/?amp;amp;sort_order=desc&layout=products_without_options&sort_by=product&sort_order=desc HTTP/1.1" 404 - "-" "Mozilla/5.0 (compatible; MJ12bot/v1.4.8; http://mj12bot.com/)"
217.182.195.176 - - [03/May/2026:09:14:43 +0000] "GET /cd/page-43/?amp;amp;sort_order=desc&layout=products_without_options&sort_by=timestamp&sort_order=asc&layout=products_without_options HTTP/1.1" 404 - "-" "Mozilla/5.0 (compatible; MJ12bot/v1.4.8; http://mj12bot.com/)"
217.182.195.176 - - [03/May/2026:09:14:44 +0000] "GET /cd/page-43/?amp;amp;sort_order=desc&layout=products_without_options&sort_by=timestamp&sort_order=desc HTTP/1.1" 404 - "-" "Mozilla/5.0 (compatible; MJ12bot/v1.4.8; http://mj12bot.com/)"
217.182.195.176 - - [03/May/2026:09:14:46 +0000] "GET /cd/page-43/?amp;amp;sort_order=desc&layout=products_without_options&sort_by=timestamp&sort_order=desc&layout=products_multicolumns HTTP/1.1" 404 - "-" "Mozilla/5.0 (compatible; MJ12bot/v1.4.8; http://mj12bot.com/)"
217.182.195.176 - - [03/May/2026:09:14:47 +0000] "GET /cd/page-43/?amp;amp;sort_order=desc&layout=products_without_options&items_per_page=12&sort_by=popularity&sort_order=desc HTTP/1.1" 404 - "-" "Mozilla/5.0 (compatible; MJ12bot/v1.4.8; http://mj12bot.com/)"
217.182.195.176 - - [03/May/2026:09:14:49 +0000] "GET /cd/page-43/?amp;amp;sort_order=desc&layout=products_without_options&items_per_page=12&sort_by=price&sort_order=asc HTTP/1.1" 404 - "-" "Mozilla/5.0 (compatible; MJ12bot/v1.4.8; http://mj12bot.com/)"
217.182.195.176 - - [03/May/2026:09:14:50 +0000] "GET /cd/page-43/?amp;amp;sort_order=desc&layout=products_without_options&items_per_page=12&sort_by=price&sort_order=desc HTTP/1.1" 404 - "-" "Mozilla/5.0 (compatible; MJ12bot/v1.4.8; http://mj12bot.com/)"
217.182.195.176 - - [03/May/2026:09:14:52 +0000] "GET /cd/page-43/?amp;amp;sort_order=desc&layout=products_without_options&items_per_page=12&sort_by=product&sort_order=asc HTTP/1.1" 404 - "-" "Mozilla/5.0 (compatible; MJ12bot/v1.4.8; http://mj12bot.com/)"
217.182.195.176 - - [03/May/2026:09:14:53 +0000] "GET /cd/page-43/?amp;amp;sort_order=desc&layout=products_without_options&items_per_page=12&sort_by=product&sort_order=desc HTTP/1.1" 404 - "-" "Mozilla/5.0 (compatible; MJ12bot/v1.4.8; http://mj12bot.com/)"
217.182.195.176 - - [03/May/2026:09:14:55 +0000] "GET /cd/page-43/?amp;amp;sort_order=desc&layout=products_without_options&items_per_page=12&sort_by=timestamp&sort_order=desc HTTP/1.1" 404 - "-" "Mozilla/5.0 (compatible; MJ12bot/v1.4.8; http://mj12bot.com/)"
217.182.195.176 - - [03/May/2026:09:14:57 +0000] "GET /cd/page-43/?amp;sort_order=desc&layout=products_without_options&items_per_page=24&items_per_page=12 HTTP/1.1" 404 - "-" "Mozilla/5.0 (compatible; MJ12bot/v1.4.8; http://mj12bot.com/)"
217.182.195.176 - - [03/May/2026:09:14:58 +0000] "GET /cd/page-43/?amp;sort_order=desc&layout=products_without_options&items_per_page=12 HTTP/1.1" 404 - "-" "Mozilla/5.0 (compatible; MJ12bot/v1.4.8; http://mj12bot.com/)"
217.182.195.176 - - [03/May/2026:09:15:00 +0000] "GET /cd/page-43/?amp;sort_order=desc&layout=products_without_options&items_per_page=12&sort_by=timestamp&sort_order=desc HTTP/1.1" 404 - "-" "Mozilla/5.0 (compatible; MJ12bot/v1.4.8; http://mj12bot.com/)"
217.182.195.176 - - [03/May/2026:09:15:01 +0000] "GET /cd/page-43/?amp;sort_order=desc&layout=products_without_options&sort_by=popularity&sort_order=asc&layout=products_without_options HTTP/1.1" 404 - "-" "Mozilla/5.0 (compatible; MJ12bot/v1.4.8; http://mj12bot.com/)"
217.182.195.176 - - [03/May/2026:09:15:03 +0000] "GET /cd/page-43/?amp;sort_order=desc&layout=products_without_options&sort_by=popularity&sort_order=desc HTTP/1.1" 404 - "-" "Mozilla/5.0 (compatible; MJ12bot/v1.4.8; http://mj12bot.com/)"
217.182.195.176 - - [03/May/2026:09:15:04 +0000] "GET /cd/page-43/?amp;sort_order=desc&layout=products_without_options&sort_by=popularity&sort_order=desc&layout=products_multicolumns HTTP/1.1" 404 - "-" "Mozilla/5.0 (compatible; MJ12bot/v1.4.8; http://mj12bot.com/)"
217.182.195.176 - - [03/May/2026:09:15:05 +0000] "GET /cd/page-43/?amp;sort_order=desc&layout=products_without_options&sort_by=price&sort_order=asc HTTP/1.1" 404 - "-" "Mozilla/5.0 (compatible; MJ12bot/v1.4.8; http://mj12bot.com/)"
217.182.195.176 - - [03/May/2026:09:15:07 +0000] "GET /cd/page-43/?amp;sort_order=desc&layout=products_without_options&sort_by=price&sort_order=desc HTTP/1.1" 404 - "-" "Mozilla/5.0 (compatible; MJ12bot/v1.4.8; http://mj12bot.com/)"
217.182.195.176 - - [03/May/2026:09:15:08 +0000] "GET /cd/page-43/?amp;sort_order=desc&layout=products_without_options&sort_by=product&sort_order=asc HTTP/1.1" 404 - "-" "Mozilla/5.0 (compatible; MJ12bot/v1.4.8; http://mj12bot.com/)"
217.182.195.176 - - [03/May/2026:09:15:10 +0000] "GET /cd/page-43/?amp;sort_order=desc&layout=products_without_options&sort_by=product&sort_order=desc HTTP/1.1" 404 - "-" "Mozilla/5.0 (compatible; MJ12bot/v1.4.8; http://mj12bot.com/)"
217.182.195.176 - - [03/May/2026:09:15:12 +0000] "GET /cd/page-43/?amp;sort_order=desc&layout=products_without_options&sort_by=timestamp&sort_order=asc&layout=products_without_options HTTP/1.1" 404 - "-" "Mozilla/5.0 (compatible; MJ12bot/v1.4.8; http://mj12bot.com/)"
217.182.195.176 - - [03/May/2026:09:15:13 +0000] "GET /cd/page-43/?amp;sort_order=desc&layout=products_without_options&sort_by=timestamp&sort_order=desc HTTP/1.1" 404 - "-" "Mozilla/5.0 (compatible; MJ12bot/v1.4.8; http://mj12bot.com/)"
217.182.195.176 - - [03/May/2026:09:15:15 +0000] "GET /cd/page-44/?amp;amp;sort_order=desc&layout=products_without_options&items_per_page=12 HTTP/1.1" 404 - "-" "Mozilla/5.0 (compatible; MJ12bot/v1.4.8; http://mj12bot.com/)"
217.182.195.176 - - [03/May/2026:09:15:16 +0000] "GET /cd/page-44/?amp;amp;sort_order=desc&layout=products_without_options&sort_by=popularity&sort_order=asc&layout=products_without_options HTTP/1.1" 404 - "-" "Mozilla/5.0 (compatible; MJ12bot/v1.4.8; http://mj12bot.com/)"
217.182.195.176 - - [03/May/2026:09:15:18 +0000] "GET /cd/page-44/?amp;amp;sort_order=desc&layout=products_without_options&sort_by=popularity&sort_order=desc HTTP/1.1" 404 - "-" "Mozilla/5.0 (compatible; MJ12bot/v1.4.8; http://mj12bot.com/)"
217.182.195.176 - - [03/May/2026:09:15:19 +0000] "GET /cd/page-44/?amp;amp;sort_order=desc&layout=products_without_options&sort_by=popularity&sort_order=desc&layout=products_multicolumns HTTP/1.1" 404 - "-" "Mozilla/5.0 (compatible; MJ12bot/v1.4.8; http://mj12bot.com/)"
217.182.195.176 - - [03/May/2026:09:15:21 +0000] "GET /cd/page-44/?amp;amp;sort_order=desc&layout=products_without_options&sort_by=price&sort_order=asc HTTP/1.1" 404 - "-" "Mozilla/5.0 (compatible; MJ12bot/v1.4.8; http://mj12bot.com/)"
217.182.195.176 - - [03/May/2026:09:15:22 +0000] "GET /cd/page-44/?amp;amp;sort_order=desc&layout=products_without_options&sort_by=price&sort_order=desc HTTP/1.1" 404 - "-" "Mozilla/5.0 (compatible; MJ12bot/v1.4.8; http://mj12bot.com/)"
217.182.195.176 - - [03/May/2026:09:15:24 +0000] "GET /cd/page-44/?amp;amp;sort_order=desc&layout=products_without_options&sort_by=product&sort_order=asc HTTP/1.1" 404 - "-" "Mozilla/5.0 (compatible; MJ12bot/v1.4.8; http://mj12bot.com/)"
217.182.195.176 - - [03/May/2026:09:15:25 +0000] "GET /cd/page-44/?amp;amp;sort_order=desc&layout=products_without_options&sort_by=product&sort_order=desc HTTP/1.1" 404 - "-" "Mozilla/5.0 (compatible; MJ12bot/v1.4.8; http://mj12bot.com/)"
217.182.195.176 - - [03/May/2026:09:15:27 +0000] "GET /cd/page-44/?amp;amp;sort_order=desc&layout=products_without_options&sort_by=timestamp&sort_order=asc&layout=products_without_options HTTP/1.1" 404 - "-" "Mozilla/5.0 (compatible; MJ12bot/v1.4.8; http://mj12bot.com/)"
217.182.195.176 - - [03/May/2026:09:15:28 +0000] "GET /cd/page-44/?amp;amp;sort_order=desc&layout=products_without_options&sort_by=timestamp&sort_order=desc HTTP/1.1" 404 - "-" "Mozilla/5.0 (compatible; MJ12bot/v1.4.8; http://mj12bot.com/)"
217.182.195.176 - - [03/May/2026:09:15:30 +0000] "GET /cd/page-44/?amp;amp;sort_order=desc&layout=products_without_options&sort_by=timestamp&sort_order=desc&layout=products_multicolumns HTTP/1.1" 404 - "-" "Mozilla/5.0 (compatible; MJ12bot/v1.4.8; http://mj12bot.com/)"
217.182.195.176 - - [03/May/2026:09:15:31 +0000] "GET /cd/page-44/?amp;amp;sort_order=desc&layout=products_without_options&items_per_page=12&sort_by=popularity&sort_order=desc HTTP/1.1" 404 - "-" "Mozilla/5.0 (compatible; MJ12bot/v1.4.8; http://mj12bot.com/)"
217.182.195.176 - - [03/May/2026:09:15:33 +0000] "GET /cd/page-44/?amp;amp;sort_order=desc&layout=products_without_options&items_per_page=12&sort_by=price&sort_order=asc HTTP/1.1" 404 - "-" "Mozilla/5.0 (compatible; MJ12bot/v1.4.8; http://mj12bot.com/)"
217.182.195.176 - - [03/May/2026:09:15:35 +0000] "GET /cd/page-44/?amp;amp;sort_order=desc&layout=products_without_options&items_per_page=12&sort_by=price&sort_order=desc HTTP/1.1" 404 - "-" "Mozilla/5.0 (compatible; MJ12bot/v1.4.8; http://mj12bot.com/)"
217.182.195.176 - - [03/May/2026:09:15:36 +0000] "GET /cd/page-44/?amp;amp;sort_order=desc&layout=products_without_options&items_per_page=12&sort_by=product&sort_order=asc HTTP/1.1" 404 - "-" "Mozilla/5.0 (compatible; MJ12bot/v1.4.8; http://mj12bot.com/)"
217.182.195.176 - - [03/May/2026:09:15:38 +0000] "GET /cd/page-44/?amp;amp;sort_order=desc&layout=products_without_options&items_per_page=12&sort_by=product&sort_order=desc HTTP/1.1" 404 - "-" "Mozilla/5.0 (compatible; MJ12bot/v1.4.8; http://mj12bot.com/)"
217.182.195.176 - - [03/May/2026:09:15:39 +0000] "GET /cd/page-44/?amp;amp;sort_order=desc&layout=products_without_options&items_per_page=12&sort_by=timestamp&sort_order=desc HTTP/1.1" 404 - "-" "Mozilla/5.0 (compatible; MJ12bot/v1.4.8; http://mj12bot.com/)"
217.182.195.176 - - [03/May/2026:09:15:41 +0000] "GET /cd/page-44/?amp;sort_order=desc&layout=products_without_options&items_per_page=24&items_per_page=12 HTTP/1.1" 404 - "-" "Mozilla/5.0 (compatible; MJ12bot/v1.4.8; http://mj12bot.com/)"
217.182.195.176 - - [03/May/2026:09:15:42 +0000] "GET /cd/page-44/?amp;sort_order=desc&layout=products_without_options&items_per_page=12 HTTP/1.1" 404 - "-" "Mozilla/5.0 (compatible; MJ12bot/v1.4.8; http://mj12bot.com/)"
217.182.195.176 - - [03/May/2026:09:15:44 +0000] "GET /cd/page-44/?amp;sort_order=desc&layout=products_without_options&items_per_page=12&sort_by=timestamp&sort_order=desc HTTP/1.1" 404 - "-" "Mozilla/5.0 (compatible; MJ12bot/v1.4.8; http://mj12bot.com/)"
217.182.195.176 - - [03/May/2026:09:15:45 +0000] "GET /cd/page-44/?amp;sort_order=desc&layout=products_without_options&sort_by=popularity&sort_order=asc&layout=products_without_options HTTP/1.1" 404 - "-" "Mozilla/5.0 (compatible; MJ12bot/v1.4.8; http://mj12bot.com/)"
217.182.195.176 - - [03/May/2026:09:15:47 +0000] "GET /cd/page-44/?amp;sort_order=desc&layout=products_without_options&sort_by=price&sort_order=desc HTTP/1.1" 404 - "-" "Mozilla/5.0 (compatible; MJ12bot/v1.4.8; http://mj12bot.com/)"
217.182.195.176 - - [03/May/2026:09:15:49 +0000] "GET /cd/page-47/?amp;amp;sort_order=desc&layout=products_without_options&sort_by=popularity&sort_order=desc HTTP/1.1" 404 - "-" "Mozilla/5.0 (compatible; MJ12bot/v1.4.8; http://mj12bot.com/)"
217.182.195.176 - - [03/May/2026:09:15:50 +0000] "GET /cd/page-47/?amp;amp;sort_order=desc&layout=products_without_options&sort_by=popularity&sort_order=desc&layout=products_multicolumns HTTP/1.1" 404 - "-" "Mozilla/5.0 (compatible; MJ12bot/v1.4.8; http://mj12bot.com/)"
217.182.195.176 - - [03/May/2026:09:15:52 +0000] "GET /cd/page-47/?amp;amp;sort_order=desc&layout=products_without_options&sort_by=price&sort_order=asc HTTP/1.1" 404 - "-" "Mozilla/5.0 (compatible; MJ12bot/v1.4.8; http://mj12bot.com/)"
217.182.195.176 - - [03/May/2026:09:15:53 +0000] "GET /cd/page-47/?amp;amp;sort_order=desc&layout=products_without_options&sort_by=price&sort_order=desc HTTP/1.1" 404 - "-" "Mozilla/5.0 (compatible; MJ12bot/v1.4.8; http://mj12bot.com/)"
217.182.195.176 - - [03/May/2026:09:15:54 +0000] "GET /cd/page-47/?amp;amp;sort_order=desc&layout=products_without_options&sort_by=product&sort_order=asc HTTP/1.1" 404 - "-" "Mozilla/5.0 (compatible; MJ12bot/v1.4.8; http://mj12bot.com/)"
217.182.195.176 - - [03/May/2026:09:15:56 +0000] "GET /cd/page-47/?amp;amp;sort_order=desc&layout=products_without_options&sort_by=product&sort_order=desc HTTP/1.1" 404 - "-" "Mozilla/5.0 (compatible; MJ12bot/v1.4.8; http://mj12bot.com/)"
114.119.132.61 - - [03/May/2026:09:15:57 +0000] "GET /other-products?items_per_page=12&sort_by=timestamp&sort_order=desc HTTP/1.1" 404 - "https://thuyngashop.com/other-products?items_per_page=12&sort_by=popularity&sort_order=desc" "Mozilla/5.0 (Linux; Android 7.0;) AppleWebKit/537.36 (HTML, like Gecko) Mobile Safari/537.36 (compatible; PetalBot;+https://webmaster.petalsearch.com/site/petalbot)"
217.182.195.176 - - [03/May/2026:09:15:58 +0000] "GET /cd/page-47/?amp;amp;sort_order=desc&layout=products_without_options&sort_by=timestamp&sort_order=asc&layout=products_without_options HTTP/1.1" 404 - "-" "Mozilla/5.0 (compatible; MJ12bot/v1.4.8; http://mj12bot.com/)"
217.182.195.176 - - [03/May/2026:09:15:59 +0000] "GET /cd/page-47/?amp;amp;sort_order=desc&layout=products_without_options&sort_by=timestamp&sort_order=desc HTTP/1.1" 404 - "-" "Mozilla/5.0 (compatible; MJ12bot/v1.4.8; http://mj12bot.com/)"
217.182.195.176 - - [03/May/2026:09:16:00 +0000] "GET /cd/page-47/?amp;amp;sort_order=desc&layout=products_without_options&sort_by=timestamp&sort_order=desc&layout=products_multicolumns HTTP/1.1" 404 - "-" "Mozilla/5.0 (compatible; MJ12bot/v1.4.8; http://mj12bot.com/)"
217.182.195.176 - - [03/May/2026:09:16:02 +0000] "GET /cd/page-47/?amp;amp;sort_order=desc&layout=products_without_options&items_per_page=12&sort_by=popularity&sort_order=desc HTTP/1.1" 404 - "-" "Mozilla/5.0 (compatible; MJ12bot/v1.4.8; http://mj12bot.com/)"
217.182.195.176 - - [03/May/2026:09:16:03 +0000] "GET /cd/page-47/?amp;amp;sort_order=desc&layout=products_without_options&items_per_page=12&sort_by=price&sort_order=asc HTTP/1.1" 404 - "-" "Mozilla/5.0 (compatible; MJ12bot/v1.4.8; http://mj12bot.com/)"
217.182.195.176 - - [03/May/2026:09:16:05 +0000] "GET /cd/page-47/?amp;amp;sort_order=desc&layout=products_without_options&items_per_page=12&sort_by=price&sort_order=desc HTTP/1.1" 404 - "-" "Mozilla/5.0 (compatible; MJ12bot/v1.4.8; http://mj12bot.com/)"
