217.182.195.176 - - [03/May/2026:09:16:06 +0000] "GET /cd/page-47/?amp;amp;sort_order=desc&layout=products_without_options&items_per_page=12&sort_by=product&sort_order=asc HTTP/1.1" 404 - "-" "Mozilla/5.0 (compatible; MJ12bot/v1.4.8; http://mj12bot.com/)"
217.182.195.176 - - [03/May/2026:09:16:08 +0000] "GET /cd/page-47/?amp;amp;sort_order=desc&layout=products_without_options&items_per_page=12&sort_by=product&sort_order=desc HTTP/1.1" 404 - "-" "Mozilla/5.0 (compatible; MJ12bot/v1.4.8; http://mj12bot.com/)"
217.182.195.176 - - [03/May/2026:09:16:10 +0000] "GET /cd/page-47/?amp;amp;sort_order=desc&layout=products_without_options&items_per_page=12&sort_by=timestamp&sort_order=desc HTTP/1.1" 404 - "-" "Mozilla/5.0 (compatible; MJ12bot/v1.4.8; http://mj12bot.com/)"
217.182.195.176 - - [03/May/2026:09:16:11 +0000] "GET /cd/page-47/?amp;sort_order=desc&layout=products_without_options&items_per_page=24&items_per_page=12 HTTP/1.1" 404 - "-" "Mozilla/5.0 (compatible; MJ12bot/v1.4.8; http://mj12bot.com/)"
217.182.195.176 - - [03/May/2026:09:16:13 +0000] "GET /cd/page-47/?amp;sort_order=desc&layout=products_without_options&items_per_page=12 HTTP/1.1" 404 - "-" "Mozilla/5.0 (compatible; MJ12bot/v1.4.8; http://mj12bot.com/)"
217.182.195.176 - - [03/May/2026:09:16:14 +0000] "GET /cd/page-47/?amp;sort_order=desc&layout=products_without_options&items_per_page=12&sort_by=timestamp&sort_order=desc HTTP/1.1" 404 - "-" "Mozilla/5.0 (compatible; MJ12bot/v1.4.8; http://mj12bot.com/)"
217.182.195.176 - - [03/May/2026:09:16:16 +0000] "GET /cd/page-47/?amp;sort_order=desc&layout=products_without_options&sort_by=popularity&sort_order=asc&layout=products_without_options HTTP/1.1" 404 - "-" "Mozilla/5.0 (compatible; MJ12bot/v1.4.8; http://mj12bot.com/)"
217.182.195.176 - - [03/May/2026:09:16:17 +0000] "GET /cd/page-47/?amp;sort_order=desc&layout=products_without_options&sort_by=popularity&sort_order=desc HTTP/1.1" 404 - "-" "Mozilla/5.0 (compatible; MJ12bot/v1.4.8; http://mj12bot.com/)"
217.182.195.176 - - [03/May/2026:09:16:19 +0000] "GET /cd/page-47/?amp;sort_order=desc&layout=products_without_options&sort_by=popularity&sort_order=desc&layout=products_multicolumns HTTP/1.1" 404 - "-" "Mozilla/5.0 (compatible; MJ12bot/v1.4.8; http://mj12bot.com/)"
217.182.195.176 - - [03/May/2026:09:16:20 +0000] "GET /cd/page-47/?amp;sort_order=desc&layout=products_without_options&sort_by=price&sort_order=asc HTTP/1.1" 404 - "-" "Mozilla/5.0 (compatible; MJ12bot/v1.4.8; http://mj12bot.com/)"
217.182.195.176 - - [03/May/2026:09:16:21 +0000] "GET /cd/page-47/?amp;sort_order=desc&layout=products_without_options&sort_by=price&sort_order=desc HTTP/1.1" 404 - "-" "Mozilla/5.0 (compatible; MJ12bot/v1.4.8; http://mj12bot.com/)"
217.182.195.176 - - [03/May/2026:09:16:23 +0000] "GET /cd/page-47/?amp;sort_order=desc&layout=products_without_options&sort_by=product&sort_order=asc HTTP/1.1" 404 - "-" "Mozilla/5.0 (compatible; MJ12bot/v1.4.8; http://mj12bot.com/)"
217.182.195.176 - - [03/May/2026:09:16:24 +0000] "GET /cd/page-47/?amp;sort_order=desc&layout=products_without_options&sort_by=product&sort_order=desc HTTP/1.1" 404 - "-" "Mozilla/5.0 (compatible; MJ12bot/v1.4.8; http://mj12bot.com/)"
217.182.195.176 - - [03/May/2026:09:16:26 +0000] "GET /cd/page-47/?amp;sort_order=desc&layout=products_without_options&sort_by=timestamp&sort_order=asc&layout=products_without_options HTTP/1.1" 404 - "-" "Mozilla/5.0 (compatible; MJ12bot/v1.4.8; http://mj12bot.com/)"
217.182.195.176 - - [03/May/2026:09:16:27 +0000] "GET /cd/page-47/?amp;sort_order=desc&layout=products_without_options&sort_by=timestamp&sort_order=desc HTTP/1.1" 404 - "-" "Mozilla/5.0 (compatible; MJ12bot/v1.4.8; http://mj12bot.com/)"
217.182.195.176 - - [03/May/2026:09:16:29 +0000] "GET /cd/page-47/?amp;sort_order=desc&layout=products_without_options&sort_by=timestamp&sort_order=desc&layout=products_multicolumns HTTP/1.1" 404 - "-" "Mozilla/5.0 (compatible; MJ12bot/v1.4.8; http://mj12bot.com/)"
217.182.195.176 - - [03/May/2026:09:16:30 +0000] "GET /cd/page-47/?sort_by=timestamp&sort_order=desc&layout=products_without_options HTTP/1.1" 404 - "-" "Mozilla/5.0 (compatible; MJ12bot/v1.4.8; http://mj12bot.com/)"
217.182.195.176 - - [03/May/2026:09:16:32 +0000] "GET /cd/page-48/?amp;amp;sort_order=desc&layout=products_without_options&items_per_page=12 HTTP/1.1" 404 - "-" "Mozilla/5.0 (compatible; MJ12bot/v1.4.8; http://mj12bot.com/)"
217.182.195.176 - - [03/May/2026:09:16:33 +0000] "GET /cd/page-48/?amp;amp;sort_order=desc&layout=products_without_options&sort_by=popularity&sort_order=asc&layout=products_without_options HTTP/1.1" 404 - "-" "Mozilla/5.0 (compatible; MJ12bot/v1.4.8; http://mj12bot.com/)"
217.182.195.176 - - [03/May/2026:09:16:34 +0000] "GET /cd/page-48/?amp;amp;sort_order=desc&layout=products_without_options&sort_by=popularity&sort_order=desc HTTP/1.1" 404 - "-" "Mozilla/5.0 (compatible; MJ12bot/v1.4.8; http://mj12bot.com/)"
217.182.195.176 - - [03/May/2026:09:16:36 +0000] "GET /cd/page-48/?amp;amp;sort_order=desc&layout=products_without_options&sort_by=popularity&sort_order=desc&layout=products_multicolumns HTTP/1.1" 404 - "-" "Mozilla/5.0 (compatible; MJ12bot/v1.4.8; http://mj12bot.com/)"
217.182.195.176 - - [03/May/2026:09:16:37 +0000] "GET /cd/page-48/?amp;amp;sort_order=desc&layout=products_without_options&sort_by=price&sort_order=asc HTTP/1.1" 404 - "-" "Mozilla/5.0 (compatible; MJ12bot/v1.4.8; http://mj12bot.com/)"
217.182.195.176 - - [03/May/2026:09:16:39 +0000] "GET /cd/page-48/?amp;amp;sort_order=desc&layout=products_without_options&sort_by=price&sort_order=desc HTTP/1.1" 404 - "-" "Mozilla/5.0 (compatible; MJ12bot/v1.4.8; http://mj12bot.com/)"
217.182.195.176 - - [03/May/2026:09:16:40 +0000] "GET /cd/page-48/?amp;amp;sort_order=desc&layout=products_without_options&sort_by=product&sort_order=asc HTTP/1.1" 404 - "-" "Mozilla/5.0 (compatible; MJ12bot/v1.4.8; http://mj12bot.com/)"
217.182.195.176 - - [03/May/2026:09:16:42 +0000] "GET /cd/page-48/?amp;amp;sort_order=desc&layout=products_without_options&sort_by=product&sort_order=asc&layout=products_multicolumns HTTP/1.1" 404 - "-" "Mozilla/5.0 (compatible; MJ12bot/v1.4.8; http://mj12bot.com/)"
217.182.195.176 - - [03/May/2026:09:16:43 +0000] "GET /cd/page-48/?amp;amp;sort_order=desc&layout=products_without_options&sort_by=product&sort_order=asc&layout=products_without_options HTTP/1.1" 404 - "-" "Mozilla/5.0 (compatible; MJ12bot/v1.4.8; http://mj12bot.com/)"
217.182.195.176 - - [03/May/2026:09:16:45 +0000] "GET /cd/page-48/?amp;amp;sort_order=desc&layout=products_without_options&sort_by=product&sort_order=desc HTTP/1.1" 404 - "-" "Mozilla/5.0 (compatible; MJ12bot/v1.4.8; http://mj12bot.com/)"
217.182.195.176 - - [03/May/2026:09:16:46 +0000] "GET /cd/page-48/?amp;amp;sort_order=desc&layout=products_without_options&sort_by=product&sort_order=desc&layout=products_multicolumns HTTP/1.1" 404 - "-" "Mozilla/5.0 (compatible; MJ12bot/v1.4.8; http://mj12bot.com/)"
217.182.195.176 - - [03/May/2026:09:16:48 +0000] "GET /cd/page-48/?amp;amp;sort_order=desc&layout=products_without_options&sort_by=product&sort_order=desc&layout=products_without_options HTTP/1.1" 404 - "-" "Mozilla/5.0 (compatible; MJ12bot/v1.4.8; http://mj12bot.com/)"
217.182.195.176 - - [03/May/2026:09:16:49 +0000] "GET /cd/page-48/?amp;amp;sort_order=desc&layout=products_without_options&sort_by=timestamp&sort_order=asc&layout=products_without_options HTTP/1.1" 404 - "-" "Mozilla/5.0 (compatible; MJ12bot/v1.4.8; http://mj12bot.com/)"
217.182.195.176 - - [03/May/2026:09:16:51 +0000] "GET /cd/page-48/?amp;amp;sort_order=desc&layout=products_without_options&sort_by=timestamp&sort_order=desc HTTP/1.1" 404 - "-" "Mozilla/5.0 (compatible; MJ12bot/v1.4.8; http://mj12bot.com/)"
217.182.195.176 - - [03/May/2026:09:16:52 +0000] "GET /cd/page-48/?amp;amp;sort_order=desc&layout=products_without_options&sort_by=timestamp&sort_order=desc&layout=products_multicolumns HTTP/1.1" 404 - "-" "Mozilla/5.0 (compatible; MJ12bot/v1.4.8; http://mj12bot.com/)"
217.182.195.176 - - [03/May/2026:09:16:54 +0000] "GET /cd/page-48/?amp;amp;sort_order=desc&layout=products_without_options&items_per_page=12&sort_by=popularity&sort_order=desc HTTP/1.1" 404 - "-" "Mozilla/5.0 (compatible; MJ12bot/v1.4.8; http://mj12bot.com/)"
217.182.195.176 - - [03/May/2026:09:16:55 +0000] "GET /cd/page-48/?amp;amp;sort_order=desc&layout=products_without_options&items_per_page=12&sort_by=price&sort_order=asc HTTP/1.1" 404 - "-" "Mozilla/5.0 (compatible; MJ12bot/v1.4.8; http://mj12bot.com/)"
217.182.195.176 - - [03/May/2026:09:16:57 +0000] "GET /cd/page-48/?amp;amp;sort_order=desc&layout=products_without_options&items_per_page=12&sort_by=price&sort_order=desc HTTP/1.1" 404 - "-" "Mozilla/5.0 (compatible; MJ12bot/v1.4.8; http://mj12bot.com/)"
217.182.195.176 - - [03/May/2026:09:16:58 +0000] "GET /cd/page-48/?amp;amp;sort_order=desc&layout=products_without_options&items_per_page=12&sort_by=product&sort_order=asc HTTP/1.1" 404 - "-" "Mozilla/5.0 (compatible; MJ12bot/v1.4.8; http://mj12bot.com/)"
217.182.195.176 - - [03/May/2026:09:17:00 +0000] "GET /cd/page-48/?amp;amp;sort_order=desc&layout=products_without_options&items_per_page=12&sort_by=product&sort_order=desc HTTP/1.1" 404 - "-" "Mozilla/5.0 (compatible; MJ12bot/v1.4.8; http://mj12bot.com/)"
217.182.195.176 - - [03/May/2026:09:17:01 +0000] "GET /cd/page-48/?amp;amp;sort_order=desc&layout=products_without_options&items_per_page=12&sort_by=timestamp&sort_order=desc HTTP/1.1" 404 - "-" "Mozilla/5.0 (compatible; MJ12bot/v1.4.8; http://mj12bot.com/)"
217.182.195.176 - - [03/May/2026:09:17:03 +0000] "GET /cd/page-48/?amp;sort_order=desc&layout=products_without_options&items_per_page=24&items_per_page=12 HTTP/1.1" 404 - "-" "Mozilla/5.0 (compatible; MJ12bot/v1.4.8; http://mj12bot.com/)"
217.182.195.176 - - [03/May/2026:09:17:04 +0000] "GET /cd/page-48/?amp;sort_order=desc&layout=products_without_options&items_per_page=12 HTTP/1.1" 404 - "-" "Mozilla/5.0 (compatible; MJ12bot/v1.4.8; http://mj12bot.com/)"
217.182.195.176 - - [03/May/2026:09:17:06 +0000] "GET /cd/page-48/?amp;sort_order=desc&layout=products_without_options&items_per_page=12&sort_by=timestamp&sort_order=desc HTTP/1.1" 404 - "-" "Mozilla/5.0 (compatible; MJ12bot/v1.4.8; http://mj12bot.com/)"
217.182.195.176 - - [03/May/2026:09:17:07 +0000] "GET /cd/page-48/?amp;sort_order=desc&layout=products_without_options&sort_by=popularity&sort_order=asc&layout=products_without_options HTTP/1.1" 404 - "-" "Mozilla/5.0 (compatible; MJ12bot/v1.4.8; http://mj12bot.com/)"
217.182.195.176 - - [03/May/2026:09:17:09 +0000] "GET /cd/page-48/?amp;sort_order=desc&layout=products_without_options&sort_by=popularity&sort_order=desc HTTP/1.1" 404 - "-" "Mozilla/5.0 (compatible; MJ12bot/v1.4.8; http://mj12bot.com/)"
217.182.195.176 - - [03/May/2026:09:17:10 +0000] "GET /cd/page-48/?amp;sort_order=desc&layout=products_without_options&sort_by=popularity&sort_order=desc&layout=products_multicolumns HTTP/1.1" 404 - "-" "Mozilla/5.0 (compatible; MJ12bot/v1.4.8; http://mj12bot.com/)"
217.182.195.176 - - [03/May/2026:09:17:11 +0000] "GET /cd/page-48/?amp;sort_order=desc&layout=products_without_options&sort_by=price&sort_order=asc HTTP/1.1" 404 - "-" "Mozilla/5.0 (compatible; MJ12bot/v1.4.8; http://mj12bot.com/)"
217.182.195.176 - - [03/May/2026:09:17:13 +0000] "GET /cd/page-48/?amp;sort_order=desc&layout=products_without_options&sort_by=price&sort_order=desc HTTP/1.1" 404 - "-" "Mozilla/5.0 (compatible; MJ12bot/v1.4.8; http://mj12bot.com/)"
217.182.195.176 - - [03/May/2026:09:17:14 +0000] "GET /cd/page-48/?amp;sort_order=desc&layout=products_without_options&sort_by=product&sort_order=asc HTTP/1.1" 404 - "-" "Mozilla/5.0 (compatible; MJ12bot/v1.4.8; http://mj12bot.com/)"
217.182.195.176 - - [03/May/2026:09:17:16 +0000] "GET /cd/page-48/?amp;sort_order=desc&layout=products_without_options&sort_by=product&sort_order=asc&layout=products_without_options HTTP/1.1" 404 - "-" "Mozilla/5.0 (compatible; MJ12bot/v1.4.8; http://mj12bot.com/)"
217.182.195.176 - - [03/May/2026:09:17:18 +0000] "GET /cd/page-48/?amp;sort_order=desc&layout=products_without_options&sort_by=product&sort_order=desc HTTP/1.1" 404 - "-" "Mozilla/5.0 (compatible; MJ12bot/v1.4.8; http://mj12bot.com/)"
217.182.195.176 - - [03/May/2026:09:17:19 +0000] "GET /cd/page-48/?amp;sort_order=desc&layout=products_without_options&sort_by=product&sort_order=desc&layout=products_multicolumns HTTP/1.1" 404 - "-" "Mozilla/5.0 (compatible; MJ12bot/v1.4.8; http://mj12bot.com/)"
217.182.195.176 - - [03/May/2026:09:17:21 +0000] "GET /cd/page-48/?amp;sort_order=desc&layout=products_without_options&sort_by=timestamp&sort_order=asc&layout=products_without_options HTTP/1.1" 404 - "-" "Mozilla/5.0 (compatible; MJ12bot/v1.4.8; http://mj12bot.com/)"
217.182.195.176 - - [03/May/2026:09:17:22 +0000] "GET /cd/page-48/?amp;sort_order=desc&layout=products_without_options&sort_by=timestamp&sort_order=desc HTTP/1.1" 404 - "-" "Mozilla/5.0 (compatible; MJ12bot/v1.4.8; http://mj12bot.com/)"
217.182.195.176 - - [03/May/2026:09:17:24 +0000] "GET /cd/page-48/?amp;sort_order=desc&layout=products_without_options&sort_by=timestamp&sort_order=desc&layout=products_multicolumns HTTP/1.1" 404 - "-" "Mozilla/5.0 (compatible; MJ12bot/v1.4.8; http://mj12bot.com/)"
217.182.195.176 - - [03/May/2026:09:17:26 +0000] "GET /cd/page-48/?sort_by=timestamp&sort_order=desc&layout=products_without_options HTTP/1.1" 404 - "-" "Mozilla/5.0 (compatible; MJ12bot/v1.4.8; http://mj12bot.com/)"
217.182.195.176 - - [03/May/2026:09:17:27 +0000] "GET /cd/page-49/?amp;amp;sort_order=desc&layout=products_without_options&items_per_page=12 HTTP/1.1" 404 - "-" "Mozilla/5.0 (compatible; MJ12bot/v1.4.8; http://mj12bot.com/)"
217.182.195.176 - - [03/May/2026:09:17:29 +0000] "GET /cd/page-49/?amp;amp;sort_order=desc&layout=products_without_options&sort_by=popularity&sort_order=asc&layout=products_without_options HTTP/1.1" 404 - "-" "Mozilla/5.0 (compatible; MJ12bot/v1.4.8; http://mj12bot.com/)"
217.182.195.176 - - [03/May/2026:09:17:30 +0000] "GET /cd/page-49/?amp;amp;sort_order=desc&layout=products_without_options&sort_by=popularity&sort_order=desc HTTP/1.1" 404 - "-" "Mozilla/5.0 (compatible; MJ12bot/v1.4.8; http://mj12bot.com/)"
217.182.195.176 - - [03/May/2026:09:17:32 +0000] "GET /cd/page-49/?amp;amp;sort_order=desc&layout=products_without_options&sort_by=popularity&sort_order=desc&layout=products_multicolumns HTTP/1.1" 404 - "-" "Mozilla/5.0 (compatible; MJ12bot/v1.4.8; http://mj12bot.com/)"
114.119.139.183 - - [03/May/2026:09:17:32 +0000] "GET /other-products/?items_per_page=96&sort_by=price&sort_order=asc&layout=products_multicolumns HTTP/1.1" 404 - "https://thuyngashop.com/other-products/?items_per_page=96&sort_by=price&sort_order=desc" "Mozilla/5.0 (Linux; Android 7.0;) AppleWebKit/537.36 (HTML, like Gecko) Mobile Safari/537.36 (compatible; PetalBot;+https://webmaster.petalsearch.com/site/petalbot)"
217.182.195.176 - - [03/May/2026:09:17:33 +0000] "GET /cd/page-49/?amp;amp;sort_order=desc&layout=products_without_options&sort_by=price&sort_order=asc HTTP/1.1" 404 - "-" "Mozilla/5.0 (compatible; MJ12bot/v1.4.8; http://mj12bot.com/)"
217.182.195.176 - - [03/May/2026:09:17:35 +0000] "GET /cd/page-49/?amp;amp;sort_order=desc&layout=products_without_options&sort_by=price&sort_order=desc HTTP/1.1" 404 - "-" "Mozilla/5.0 (compatible; MJ12bot/v1.4.8; http://mj12bot.com/)"
217.182.195.176 - - [03/May/2026:09:17:36 +0000] "GET /cd/page-49/?amp;amp;sort_order=desc&layout=products_without_options&sort_by=product&sort_order=asc HTTP/1.1" 404 - "-" "Mozilla/5.0 (compatible; MJ12bot/v1.4.8; http://mj12bot.com/)"
217.182.195.176 - - [03/May/2026:09:17:38 +0000] "GET /cd/page-49/?amp;amp;sort_order=desc&layout=products_without_options&sort_by=product&sort_order=desc HTTP/1.1" 404 - "-" "Mozilla/5.0 (compatible; MJ12bot/v1.4.8; http://mj12bot.com/)"
217.182.195.176 - - [03/May/2026:09:17:39 +0000] "GET /cd/page-49/?amp;amp;sort_order=desc&layout=products_without_options&sort_by=timestamp&sort_order=asc&layout=products_without_options HTTP/1.1" 404 - "-" "Mozilla/5.0 (compatible; MJ12bot/v1.4.8; http://mj12bot.com/)"
217.182.195.176 - - [03/May/2026:09:17:41 +0000] "GET /cd/page-49/?amp;amp;sort_order=desc&layout=products_without_options&sort_by=timestamp&sort_order=desc HTTP/1.1" 404 - "-" "Mozilla/5.0 (compatible; MJ12bot/v1.4.8; http://mj12bot.com/)"
217.182.195.176 - - [03/May/2026:09:17:42 +0000] "GET /cd/page-49/?amp;amp;sort_order=desc&layout=products_without_options&sort_by=timestamp&sort_order=desc&layout=products_multicolumns HTTP/1.1" 404 - "-" "Mozilla/5.0 (compatible; MJ12bot/v1.4.8; http://mj12bot.com/)"
47.186.96.13 - - [03/May/2026:09:17:48 +0000] "GET / HTTP/1.1" 404 - "-" "Mozilla/5.0 (Windows NT 10.0; Win64; x64) AppleWebKit/537.36 (KHTML, like Gecko) Chrome/147.0.0.0 Safari/537.36"
47.186.96.13 - - [03/May/2026:09:17:49 +0000] "GET /favicon.ico HTTP/1.1" 404 - "https://www.thuyngashop.com/" "Mozilla/5.0 (Windows NT 10.0; Win64; x64) AppleWebKit/537.36 (KHTML, like Gecko) Chrome/147.0.0.0 Safari/537.36"
47.186.96.13 - - [03/May/2026:09:18:10 +0000] "GET / HTTP/1.1" 404 - "-" "Mozilla/5.0 (Windows NT 10.0; Win64; x64) AppleWebKit/537.36 (KHTML, like Gecko) Chrome/147.0.0.0 Safari/537.36"
114.119.132.61 - - [03/May/2026:09:18:45 +0000] "GET /vip-membership?items_per_page=48&sort_by=timestamp&sort_order=desc&layout=products_multicolumns HTTP/1.1" 404 - "https://thuyngashop.com/vip-membership?items_per_page=48&sort_by=timestamp&sort_order=desc&layout=products_without_options" "Mozilla/5.0 (Linux; Android 7.0;) AppleWebKit/537.36 (HTML, like Gecko) Mobile Safari/537.36 (compatible; PetalBot;+https://webmaster.petalsearch.com/site/petalbot)"
114.119.150.16 - - [03/May/2026:09:20:13 +0000] "GET /vip-membership/?items_per_page=24&sort_by=popularity&sort_order=asc&layout=products_without_options HTTP/1.1" 404 - "https://thuyngashop.com/vip-membership/?items_per_page=24&sort_by=popularity&sort_order=asc&layout=products_multicolumns" "Mozilla/5.0 (Linux; Android 7.0;) AppleWebKit/537.36 (HTML, like Gecko) Mobile Safari/537.36 (compatible; PetalBot;+https://webmaster.petalsearch.com/site/petalbot)"
114.119.150.16 - - [03/May/2026:09:21:32 +0000] "GET /upcoming-shows-en/?items_per_page=96&sort_by=price&sort_order=asc&layout=products_multicolumns HTTP/1.1" 404 - "https://thuyngashop.com/upcoming-shows-en/?items_per_page=96&sort_by=price&sort_order=desc&layout=products_multicolumns" "Mozilla/5.0 (Linux; Android 7.0;) AppleWebKit/537.36 (HTML, like Gecko) Mobile Safari/537.36 (compatible; PetalBot;+https://webmaster.petalsearch.com/site/petalbot)"
14.254.169.125 - - [03/May/2026:09:22:32 +0000] "GET /dvd/page-4/?items_per_page=24&layout=products_multicolumns&sort_by=popularity&sort_order=desc HTTP/1.1" 404 - "-" "Mozilla/5.0 (Macintosh; Intel Mac OS X 10_15_5) AppleWebKit/537.36 (KHTML, like Gecko) Brave Chrome/84.0.4147.105 Safari/537.36"
114.119.147.205 - - [03/May/2026:09:22:56 +0000] "GET /t-shirts/?items_per_page=24&sort_by=product&sort_order=desc&layout=products_multicolumns HTTP/1.1" 404 - "https://thuyngashop.com/t-shirts/?items_per_page=24&sort_by=product&sort_order=asc" "Mozilla/5.0 (Linux; Android 7.0;) AppleWebKit/537.36 (HTML, like Gecko) Mobile Safari/537.36 (compatible; PetalBot;+https://webmaster.petalsearch.com/site/petalbot)"
114.119.155.115 - - [03/May/2026:09:24:19 +0000] "GET /t-shirts/?items_per_page=24&sort_by=price&sort_order=asc&layout=products_without_options HTTP/1.1" 404 - "https://thuyngashop.com/t-shirts?items_per_page=24&sort_by=price&sort_order=asc" "Mozilla/5.0 (Linux; Android 7.0;) AppleWebKit/537.36 (HTML, like Gecko) Mobile Safari/537.36 (compatible; PetalBot;+https://webmaster.petalsearch.com/site/petalbot)"
54.80.73.122 - - [03/May/2026:09:24:52 +0000] "GET /karaoke-quang-le-7000-dem-gop-lai.html HTTP/1.1" 404 - "-" "Mozilla/5.0 AppleWebKit/537.36 (KHTML, like Gecko; compatible; Amazonbot/0.1; +https://developer.amazon.com/support/amazonbot) Chrome/119.0.6045.214 Safari/537.36"
23.21.179.120 - - [03/May/2026:09:25:27 +0000] "GET /lien-khuc-top-hits-paris-by-night.html HTTP/1.1" 404 - "-" "Mozilla/5.0 AppleWebKit/537.36 (KHTML, like Gecko; compatible; Amazonbot/0.1; +https://developer.amazon.com/support/amazonbot) Chrome/119.0.6045.214 Safari/537.36"
114.119.155.115 - - [03/May/2026:09:25:52 +0000] "GET /paris-by-night-dvd/page-4/?sort_by=timestamp&sort_order=asc&layout=products_multicolumns HTTP/1.1" 404 - "https://thuyngashop.com/paris-by-night-dvd/page-8/?sort_by=timestamp&sort_order=asc&layout=products_multicolumns" "Mozilla/5.0 (Linux; Android 7.0;) AppleWebKit/537.36 (HTML, like Gecko) Mobile Safari/537.36 (compatible; PetalBot;+https://webmaster.petalsearch.com/site/petalbot)"
44.213.190.124 - - [03/May/2026:09:27:03 +0000] "GET /robots.txt HTTP/1.1" 404 - "-" "Mozilla/5.0 (Macintosh; Intel Mac OS X 10_10_1) AppleWebKit/600.2.5 (KHTML, like Gecko) Version/8.0.2 Safari/600.2.5 (Gort)"
114.119.128.5 - - [03/May/2026:09:27:08 +0000] "GET /paris-by-night-dvd/page-4/?items_per_page=12&sort_by=product&sort_order=asc&layout=products_multicolumns HTTP/1.1" 404 - "https://thuyngashop.com/paris-by-night-dvd?items_per_page=12&sort_by=product&sort_order=asc&layout=products_multicolumns" "Mozilla/5.0 (Linux; Android 7.0;) AppleWebKit/537.36 (HTML, like Gecko) Mobile Safari/537.36 (compatible; PetalBot;+https://webmaster.petalsearch.com/site/petalbot)"
114.119.147.205 - - [03/May/2026:09:28:39 +0000] "GET /movie?items_per_page=96&sort_by=product&sort_order=desc&layout=products_multicolumns HTTP/1.1" 404 - "https://thuyngashop.com/movie?items_per_page=96&sort_by=product&sort_order=asc&layout=products_multicolumns" "Mozilla/5.0 (Linux; Android 7.0;) AppleWebKit/537.36 (HTML, like Gecko) Mobile Safari/537.36 (compatible; PetalBot;+https://webmaster.petalsearch.com/site/petalbot)"
14.175.91.123 - - [03/May/2026:09:29:08 +0000] "GET /index.php?category_id=4&dispatch=categories.view&dispatch=products.quick_view&layout=products_multicolumns&n_items=683%2C216%2C311%2C325%2C682%2C320%2C684%2C315%2C436%2C433%2C318%2C555&prev_url=index.php%3Fitems_per_page%3D12&sort_by=popularity&sort_order=asc HTTP/1.1" 404 - "-" "Mozilla/5.0 (Windows NT 10.0; Win64; x64) AppleWebKit/537.36 (KHTML, like Gecko) Chrome/98.0.4758.81 Safari/537.36"
114.119.139.183 - - [03/May/2026:09:29:55 +0000] "GET /movie?items_per_page=48&sort_by=timestamp&sort_order=desc&layout=products_multicolumns HTTP/1.1" 404 - "https://thuyngashop.com/movie?items_per_page=48&sort_by=timestamp&sort_order=asc&layout=products_multicolumns" "Mozilla/5.0 (Linux; Android 7.0;) AppleWebKit/537.36 (HTML, like Gecko) Mobile Safari/537.36 (compatible; PetalBot;+https://webmaster.petalsearch.com/site/petalbot)"
114.119.128.5 - - [03/May/2026:09:31:21 +0000] "GET /movie?items_per_page=12&sort_by=popularity&sort_order=asc&layout=products_multicolumns HTTP/1.1" 404 - "https://thuyngashop.com/movie?items_per_page=12&sort_by=popularity&sort_order=desc&layout=products_multicolumns" "Mozilla/5.0 (Linux; Android 7.0;) AppleWebKit/537.36 (HTML, like Gecko) Mobile Safari/537.36 (compatible; PetalBot;+https://webmaster.petalsearch.com/site/petalbot)"
18.210.58.238 - - [03/May/2026:09:31:31 +0000] "GET /karaoke-volume-18-me.html HTTP/1.1" 404 - "-" "Mozilla/5.0 AppleWebKit/537.36 (KHTML, like Gecko; compatible; Amazonbot/0.1; +https://developer.amazon.com/support/amazonbot) Chrome/119.0.6045.214 Safari/537.36"
114.119.139.183 - - [03/May/2026:09:32:45 +0000] "GET /karaoke/page-6?items_per_page=12&sort_by=product&sort_order=desc&layout=products_multicolumns HTTP/1.1" 404 - "https://thuyngashop.com/karaoke?items_per_page=12&sort_by=product&sort_order=desc&layout=products_multicolumns" "Mozilla/5.0 (Linux; Android 7.0;) AppleWebKit/537.36 (HTML, like Gecko) Mobile Safari/537.36 (compatible; PetalBot;+https://webmaster.petalsearch.com/site/petalbot)"
143.137.79.29 - - [03/May/2026:09:32:45 +0000] "GET /dvd/page-2/?layout=products_multicolumns&sort_by=timestamp&sort_order=desc HTTP/1.1" 404 - "-" "Mozilla/5.0 (Macintosh; Intel Mac OS X 11_2_1) AppleWebKit/537.36 (KHTML, like Gecko) Chrome/89.0.4389.90 Safari/537.36"
57.141.6.12 - - [03/May/2026:09:32:48 +0000] "GET /index.php?dispatch=image.captcha&verification_id=iv_690ed19d8edc7&no_session=Y&iv_690ed19d8edc7= HTTP/1.1" 404 - "-" "meta-externalagent/1.1 (+https://developers.facebook.com/docs/sharing/webmasters/crawler)"
107.206.157.31 - - [03/May/2026:09:33:05 +0000] "GET /dem-trong-can-nha-hoang.html HTTP/1.1" 404 - "-" "Mozilla/5.0 (Macintosh; Intel Mac OS X 10_15_7) AppleWebKit/537.36 (KHTML, like Gecko) Chrome/123.0.0.0 Safari/537.36"
40.77.167.13 - - [03/May/2026:09:33:21 +0000] "GET /index.php?dispatch=products.quick_view&product_id=1102&n_items=1090%2C1091%2C1092%2C1094%2C1095%2C1096%2C1097%2C1098%2C1099%2C1100%2C1101%2C1102 HTTP/1.1" 404 - "-" "Mozilla/5.0 AppleWebKit/537.36 (KHTML, like Gecko; compatible; bingbot/2.0; +http://www.bing.com/bingbot.htm) Chrome/116.0.1938.76 Safari/537.36"
40.77.167.13 - - [03/May/2026:09:33:21 +0000] "GET /index.php?dispatch=products.quick_view&product_id=1022&n_items=384%2C1243%2C1021%2C1204%2C1144%2C992%2C1211%2C1134%2C1152%2C1049%2C1157%2C1022 HTTP/1.1" 404 - "-" "Mozilla/5.0 AppleWebKit/537.36 (KHTML, like Gecko; compatible; bingbot/2.0; +http://www.bing.com/bingbot.htm) Chrome/116.0.1938.76 Safari/537.36"
40.77.167.13 - - [03/May/2026:09:33:22 +0000] "GET /mai-cho-em-mua-xuan.html HTTP/1.1" 404 - "-" "Mozilla/5.0 AppleWebKit/537.36 (KHTML, like Gecko; compatible; bingbot/2.0; +http://www.bing.com/bingbot.htm) Chrome/116.0.1938.76 Safari/537.36"
40.77.167.77 - - [03/May/2026:09:33:25 +0000] "GET /index.php?subcats=Y&status=A&pshort=Y&pfull=Y&pname=Y&pkeywords=Y&ppcode=Y&search_performed=Y&hint_q=Search+products&dispatch=products.search&sort_by=timestamp&sort_order=desc&layout=products_without_options&page=70 HTTP/1.1" 404 - "-" "Mozilla/5.0 AppleWebKit/537.36 (KHTML, like Gecko; compatible; bingbot/2.0; +http://www.bing.com/bingbot.htm) Chrome/116.0.1938.76 Safari/537.36"
40.77.167.77 - - [03/May/2026:09:33:25 +0000] "GET /index.php?dispatch=products.quick_view&product_id=575&n_items=444%2C452%2C465%2C476%2C527%2C555%2C575%2C579%2C591%2C595%2C613%2C663 HTTP/1.1" 404 - "-" "Mozilla/5.0 AppleWebKit/537.36 (KHTML, like Gecko; compatible; bingbot/2.0; +http://www.bing.com/bingbot.htm) Chrome/116.0.1938.76 Safari/537.36"
52.167.144.233 - - [03/May/2026:09:33:26 +0000] "GET /index.php?dispatch=products.quick_view&product_id=759&n_items=740%2C741%2C742%2C743%2C744%2C755%2C756%2C757%2C758%2C759%2C762%2C764 HTTP/1.1" 404 - "-" "Mozilla/5.0 AppleWebKit/537.36 (KHTML, like Gecko; compatible; bingbot/2.0; +http://www.bing.com/bingbot.htm) Chrome/116.0.1938.76 Safari/537.36"
40.77.167.77 - - [03/May/2026:09:33:26 +0000] "GET /cd/page-11/?items_per_page=48&sort_by=popularity&sort_order=desc&layout=products_multicolumns HTTP/1.1" 404 - "-" "Mozilla/5.0 AppleWebKit/537.36 (KHTML, like Gecko; compatible; bingbot/2.0; +http://www.bing.com/bingbot.htm) Chrome/116.0.1938.76 Safari/537.36"
40.77.167.77 - - [03/May/2026:09:33:27 +0000] "GET /cd/page-34/?items_per_page=12&sort_by=product&sort_order=desc&layout=short_list HTTP/1.1" 404 - "-" "Mozilla/5.0 AppleWebKit/537.36 (KHTML, like Gecko; compatible; bingbot/2.0; +http://www.bing.com/bingbot.htm) Chrome/116.0.1938.76 Safari/537.36"
114.119.132.61 - - [03/May/2026:09:34:06 +0000] "GET /karaoke/page-4/?items_per_page=24&sort_by=price&sort_order=desc HTTP/1.1" 404 - "https://thuyngashop.com/karaoke/page-3/?items_per_page=24&sort_by=price&sort_order=desc" "Mozilla/5.0 (Linux; Android 7.0;) AppleWebKit/537.36 (HTML, like Gecko) Mobile Safari/537.36 (compatible; PetalBot;+https://webmaster.petalsearch.com/site/petalbot)"
114.119.150.16 - - [03/May/2026:09:35:29 +0000] "GET /vip-membership/?sort_by=product&sort_order=asc HTTP/1.1" 404 - "https://thuyngashop.com/vip-membership?sort_by=price&sort_order=asc" "Mozilla/5.0 (Linux; Android 7.0;) AppleWebKit/537.36 (HTML, like Gecko) Mobile Safari/537.36 (compatible; PetalBot;+https://webmaster.petalsearch.com/site/petalbot)"
91.106.46.50 - - [03/May/2026:09:36:45 +0000] "GET /dvd/?items_per_page=96&layout=products_multicolumns&sort_by=popularity&sort_order=desc HTTP/1.1" 404 - "-" "Mozilla/5.0 (X11; OpenBSD i386) AppleWebKit/537.36 (KHTML, like Gecko) Chrome/36.0.1985.125 Safari/537.36"
114.119.150.16 - - [03/May/2026:09:36:55 +0000] "GET /upcoming-shows-en/?sort_by=popularity&sort_order=asc&layout=products_multicolumns HTTP/1.1" 404 - "https://thuyngashop.com/upcoming-shows-en?sort_by=popularity&sort_order=desc&layout=products_multicolumns" "Mozilla/5.0 (Linux; Android 7.0;) AppleWebKit/537.36 (HTML, like Gecko) Mobile Safari/537.36 (compatible; PetalBot;+https://webmaster.petalsearch.com/site/petalbot)"
114.119.139.183 - - [03/May/2026:09:38:25 +0000] "GET /the-best-of-karaoke-series/page-2/?sort_by=product&sort_order=asc&layout=products_multicolumns HTTP/1.1" 404 - "https://thuyngashop.com/the-best-of-karaoke-series/?sort_by=product&sort_order=asc&layout=products_multicolumns" "Mozilla/5.0 (Linux; Android 7.0;) AppleWebKit/537.36 (HTML, like Gecko) Mobile Safari/537.36 (compatible; PetalBot;+https://webmaster.petalsearch.com/site/petalbot)"
114.119.149.1 - - [03/May/2026:09:39:39 +0000] "GET /paris-by-night-dvd/page-6 HTTP/1.1" 404 - "https://thuyngashop.com/paris-by-night-dvd/page-2" "Mozilla/5.0 (Linux; Android 7.0;) AppleWebKit/537.36 (HTML, like Gecko) Mobile Safari/537.36 (compatible; PetalBot;+https://webmaster.petalsearch.com/site/petalbot)"
114.119.139.183 - - [03/May/2026:09:41:05 +0000] "GET /karaoke/page-3/?sort_by=price&sort_order=desc HTTP/1.1" 404 - "https://thuyngashop.com/karaoke/page-3/?sort_by=product&sort_order=asc&layout=products_multicolumns" "Mozilla/5.0 (Linux; Android 7.0;) AppleWebKit/537.36 (HTML, like Gecko) Mobile Safari/537.36 (compatible; PetalBot;+https://webmaster.petalsearch.com/site/petalbot)"
173.252.95.8 - - [03/May/2026:09:42:05 +0000] "GET /robots.txt HTTP/1.1" 404 - "-" "facebookexternalhit/1.1 (+http://www.facebook.com/externalhit_uatext.php)"
114.119.155.115 - - [03/May/2026:09:42:27 +0000] "GET /karaoke/page-2?items_per_page=24&sort_by=popularity&sort_order=desc&layout=products_multicolumns HTTP/1.1" 404 - "https://thuyngashop.com/karaoke/page-2?items_per_page=24&sort_by=popularity&sort_order=desc&layout=products_without_options" "Mozilla/5.0 (Linux; Android 7.0;) AppleWebKit/537.36 (HTML, like Gecko) Mobile Safari/537.36 (compatible; PetalBot;+https://webmaster.petalsearch.com/site/petalbot)"
172.224.226.95 - - [03/May/2026:09:43:40 +0000] "GET /.well-known/passkey-endpoints HTTP/1.1" 404 - "-" "com.apple.AuthenticationServicesCore.AuthenticationServicesAgent/8624.1.16.10.6 CFNetwork/3860.500.112 Darwin/25.4.0"
114.119.150.16 - - [03/May/2026:09:43:50 +0000] "GET /karaoke/page-2/?sort_by=price&sort_order=desc HTTP/1.1" 404 - "https://thuyngashop.com/karaoke/page-3/?sort_by=price&sort_order=desc" "Mozilla/5.0 (Linux; Android 7.0;) AppleWebKit/537.36 (HTML, like Gecko) Mobile Safari/537.36 (compatible; PetalBot;+https://webmaster.petalsearch.com/site/petalbot)"
143.198.128.18 - - [03/May/2026:09:44:16 +0000] "GET /images/watermarked/1/thumbnails/220/220/detailed/2/TNCD214.png HTTP/1.1" 404 - "https://thuyngashop.com" "Mozilla/5.0 (Windows NT 10.0; Win64; x64; rv:150.0) Gecko/20100101 Firefox/150.0"
86.105.105.172 - - [03/May/2026:09:44:17 +0000] "GET /images/watermarked/1/thumbnails/220/220/detailed/2/TNCD214.png HTTP/1.1" 404 - "https://thuyngashop.com" "Mozilla/5.0 (Windows NT 10.0; Win64; x64; rv:150.0) Gecko/20100101 Firefox/150.0"
124.68.205.128 - - [03/May/2026:09:44:21 +0000] "GET /images/watermarked/1/thumbnails/220/220/detailed/2/TNCD214.png HTTP/1.1" 404 - "https://thuyngashop.com" "Mozilla/5.0 (Windows NT 10.0; Win64; x64; rv:150.0) Gecko/20100101 Firefox/150.0"
144.126.222.88 - - [03/May/2026:09:44:27 +0000] "GET /images/watermarked/1/thumbnails/220/220/detailed/2/TNCD214.png HTTP/1.1" 404 - "https://thuyngashop.com" "Mozilla/5.0 (Macintosh; Intel Mac OS X 10_15_7) AppleWebKit/605.1.15 (KHTML, like Gecko) Version/18.5 Safari/605.1.15"
134.199.86.161 - - [03/May/2026:09:44:27 +0000] "GET /images/watermarked/1/thumbnails/220/220/detailed/2/TNCD214.png HTTP/1.1" 404 - "https://thuyngashop.com" "Mozilla/5.0 (Macintosh; Intel Mac OS X 10_15_7) AppleWebKit/605.1.15 (KHTML, like Gecko) Version/18.5 Safari/605.1.15"
31.204.21.105 - - [03/May/2026:09:44:28 +0000] "GET /images/watermarked/1/thumbnails/220/220/detailed/2/TNCD214.png HTTP/1.1" 404 - "https://thuyngashop.com" "Mozilla/5.0 (Macintosh; Intel Mac OS X 10_15_7) AppleWebKit/605.1.15 (KHTML, like Gecko) Version/18.5 Safari/605.1.15"
213.231.36.57 - - [03/May/2026:09:44:30 +0000] "GET /images/watermarked/1/thumbnails/220/220/detailed/2/TNCD214.png HTTP/1.1" 404 - "https://thuyngashop.com" "Mozilla/5.0 (Macintosh; Intel Mac OS X 10_15_7) AppleWebKit/605.1.15 (KHTML, like Gecko) Version/18.5 Safari/605.1.15"
62.84.185.55 - - [03/May/2026:09:44:33 +0000] "GET /robots.txt HTTP/1.1" 404 - "-" "Mozilla/5.0 (compatible; MJ12bot/v1.4.8; http://mj12bot.com/)"
62.84.185.55 - - [03/May/2026:09:44:37 +0000] "GET /cd/page-13/?amp;sort_order=desc&layout=products_without_options&sort_by=popularity&sort_order=desc&layout=products_multicolumns HTTP/1.1" 404 - "-" "Mozilla/5.0 (compatible; MJ12bot/v1.4.8; http://mj12bot.com/)"
62.84.185.55 - - [03/May/2026:09:45:02 +0000] "GET /cd/page-2/?amp;sort_order=desc&layout=products_without_options&sort_by=popularity&sort_order=desc&layout=products_multicolumns HTTP/1.1" 404 - "-" "Mozilla/5.0 (compatible; MJ12bot/v1.4.8; http://mj12bot.com/)"
62.84.185.55 - - [03/May/2026:09:45:10 +0000] "GET /cd/page-5/?amp;sort_order=desc&layout=products_without_options&sort_by=timestamp&sort_order=asc&layout=products_without_options HTTP/1.1" 404 - "-" "Mozilla/5.0 (compatible; MJ12bot/v1.4.8; http://mj12bot.com/)"
62.84.185.55 - - [03/May/2026:09:45:14 +0000] "GET /cd/page-5/?amp;sort_order=desc&layout=products_without_options&sort_by=timestamp&sort_order=desc HTTP/1.1" 404 - "-" "Mozilla/5.0 (compatible; MJ12bot/v1.4.8; http://mj12bot.com/)"
114.119.147.205 - - [03/May/2026:09:45:17 +0000] "GET /karaoke/page-2/?items_per_page=48&sort_by=product&sort_order=desc HTTP/1.1" 404 - "https://thuyngashop.com/karaoke/page-2/?items_per_page=48&sort_by=timestamp&sort_order=desc" "Mozilla/5.0 (Linux; Android 7.0;) AppleWebKit/537.36 (HTML, like Gecko) Mobile Safari/537.36 (compatible; PetalBot;+https://webmaster.petalsearch.com/site/petalbot)"
62.84.185.55 - - [03/May/2026:09:45:19 +0000] "GET /cd/page-50/?amp;sort_order=desc&layout=products_without_options&items_per_page=12&sort_by=timestamp&sort_order=desc HTTP/1.1" 404 - "-" "Mozilla/5.0 (compatible; MJ12bot/v1.4.8; http://mj12bot.com/)"
62.84.185.55 - - [03/May/2026:09:45:23 +0000] "GET /cd/page-50/?amp;sort_order=desc&layout=products_without_options&sort_by=popularity&sort_order=asc&layout=products_without_options HTTP/1.1" 404 - "-" "Mozilla/5.0 (compatible; MJ12bot/v1.4.8; http://mj12bot.com/)"
62.84.185.55 - - [03/May/2026:09:45:31 +0000] "GET /cd/page-50/?amp;sort_order=desc&layout=products_without_options&sort_by=popularity&sort_order=desc HTTP/1.1" 404 - "-" "Mozilla/5.0 (compatible; MJ12bot/v1.4.8; http://mj12bot.com/)"
62.84.185.55 - - [03/May/2026:09:45:38 +0000] "GET /cd/page-50/?amp;sort_order=desc&layout=products_without_options&sort_by=price&sort_order=asc HTTP/1.1" 404 - "-" "Mozilla/5.0 (compatible; MJ12bot/v1.4.8; http://mj12bot.com/)"
62.84.185.55 - - [03/May/2026:09:45:45 +0000] "GET /cd/page-50/?amp;sort_order=desc&layout=products_without_options&sort_by=price&sort_order=desc HTTP/1.1" 404 - "-" "Mozilla/5.0 (compatible; MJ12bot/v1.4.8; http://mj12bot.com/)"
62.84.185.55 - - [03/May/2026:09:46:00 +0000] "GET /cd/page-50/?amp;sort_order=desc&layout=products_without_options&sort_by=product&sort_order=asc HTTP/1.1" 404 - "-" "Mozilla/5.0 (compatible; MJ12bot/v1.4.8; http://mj12bot.com/)"
62.84.185.55 - - [03/May/2026:09:46:06 +0000] "GET /cd/page-50/?amp;sort_order=desc&layout=products_without_options&sort_by=product&sort_order=desc HTTP/1.1" 404 - "-" "Mozilla/5.0 (compatible; MJ12bot/v1.4.8; http://mj12bot.com/)"
62.84.185.55 - - [03/May/2026:09:46:13 +0000] "GET /cd/page-50/?amp;sort_order=desc&layout=products_without_options&sort_by=timestamp&sort_order=asc&layout=products_without_options HTTP/1.1" 404 - "-" "Mozilla/5.0 (compatible; MJ12bot/v1.4.8; http://mj12bot.com/)"
62.84.185.55 - - [03/May/2026:09:46:20 +0000] "GET /cd/page-50/?amp;sort_order=desc&layout=products_without_options&sort_by=timestamp&sort_order=desc HTTP/1.1" 404 - "-" "Mozilla/5.0 (compatible; MJ12bot/v1.4.8; http://mj12bot.com/)"
62.84.185.55 - - [03/May/2026:09:46:26 +0000] "GET /cd/page-50/?amp;sort_order=desc&layout=products_without_options&sort_by=timestamp&sort_order=desc&layout=products_multicolumns HTTP/1.1" 404 - "-" "Mozilla/5.0 (compatible; MJ12bot/v1.4.8; http://mj12bot.com/)"
62.84.185.55 - - [03/May/2026:09:46:29 +0000] "GET /cd/page-50/?sort_by=timestamp&sort_order=desc&layout=products_without_options HTTP/1.1" 404 - "-" "Mozilla/5.0 (compatible; MJ12bot/v1.4.8; http://mj12bot.com/)"
62.84.185.55 - - [03/May/2026:09:46:35 +0000] "GET /cd/page-51/?amp;amp;sort_order=desc&layout=products_without_options&items_per_page=12 HTTP/1.1" 404 - "-" "Mozilla/5.0 (compatible; MJ12bot/v1.4.8; http://mj12bot.com/)"
62.84.185.55 - - [03/May/2026:09:46:38 +0000] "GET /cd/page-51/?amp;amp;sort_order=desc&layout=products_without_options&sort_by=popularity&sort_order=asc&layout=products_without_options HTTP/1.1" 404 - "-" "Mozilla/5.0 (compatible; MJ12bot/v1.4.8; http://mj12bot.com/)"
114.119.162.251 - - [03/May/2026:09:46:39 +0000] "GET /karaoke/?sort_by=price&sort_order=asc HTTP/1.1" 404 - "https://thuyngashop.com/karaoke/?sort_by=timestamp&sort_order=desc&layout=products_multicolumns" "Mozilla/5.0 (Linux; Android 7.0;) AppleWebKit/537.36 (HTML, like Gecko) Mobile Safari/537.36 (compatible; PetalBot;+https://webmaster.petalsearch.com/site/petalbot)"
62.84.185.55 - - [03/May/2026:09:46:44 +0000] "GET /cd/page-51/?amp;amp;sort_order=desc&layout=products_without_options&sort_by=popularity&sort_order=desc HTTP/1.1" 404 - "-" "Mozilla/5.0 (compatible; MJ12bot/v1.4.8; http://mj12bot.com/)"
62.84.185.55 - - [03/May/2026:09:46:47 +0000] "GET /cd/page-51/?amp;amp;sort_order=desc&layout=products_without_options&sort_by=popularity&sort_order=desc&layout=products_multicolumns HTTP/1.1" 404 - "-" "Mozilla/5.0 (compatible; MJ12bot/v1.4.8; http://mj12bot.com/)"
62.84.185.55 - - [03/May/2026:09:46:52 +0000] "GET /cd/page-51/?amp;amp;sort_order=desc&layout=products_without_options&sort_by=price&sort_order=asc HTTP/1.1" 404 - "-" "Mozilla/5.0 (compatible; MJ12bot/v1.4.8; http://mj12bot.com/)"
62.84.185.55 - - [03/May/2026:09:46:57 +0000] "GET /cd/page-51/?amp;amp;sort_order=desc&layout=products_without_options&sort_by=price&sort_order=desc HTTP/1.1" 404 - "-" "Mozilla/5.0 (compatible; MJ12bot/v1.4.8; http://mj12bot.com/)"
62.84.185.55 - - [03/May/2026:09:47:00 +0000] "GET /cd/page-51/?amp;amp;sort_order=desc&layout=products_without_options&sort_by=product&sort_order=asc HTTP/1.1" 404 - "-" "Mozilla/5.0 (compatible; MJ12bot/v1.4.8; http://mj12bot.com/)"
62.84.185.55 - - [03/May/2026:09:47:07 +0000] "GET /cd/page-51/?amp;amp;sort_order=desc&layout=products_without_options&sort_by=product&sort_order=desc HTTP/1.1" 404 - "-" "Mozilla/5.0 (compatible; MJ12bot/v1.4.8; http://mj12bot.com/)"
62.84.185.55 - - [03/May/2026:09:47:14 +0000] "GET /cd/page-51/?amp;amp;sort_order=desc&layout=products_without_options&sort_by=timestamp&sort_order=asc&layout=products_without_options HTTP/1.1" 404 - "-" "Mozilla/5.0 (compatible; MJ12bot/v1.4.8; http://mj12bot.com/)"
62.84.185.55 - - [03/May/2026:09:47:19 +0000] "GET /cd/page-51/?amp;amp;sort_order=desc&layout=products_without_options&sort_by=timestamp&sort_order=desc HTTP/1.1" 404 - "-" "Mozilla/5.0 (compatible; MJ12bot/v1.4.8; http://mj12bot.com/)"
62.84.185.55 - - [03/May/2026:09:47:26 +0000] "GET /cd/page-51/?amp;amp;sort_order=desc&layout=products_without_options&sort_by=timestamp&sort_order=desc&layout=products_multicolumns HTTP/1.1" 404 - "-" "Mozilla/5.0 (compatible; MJ12bot/v1.4.8; http://mj12bot.com/)"
62.84.185.55 - - [03/May/2026:09:47:32 +0000] "GET /cd/page-51/?amp;amp;sort_order=desc&layout=products_without_options&items_per_page=12&sort_by=popularity&sort_order=desc HTTP/1.1" 404 - "-" "Mozilla/5.0 (compatible; MJ12bot/v1.4.8; http://mj12bot.com/)"
62.84.185.55 - - [03/May/2026:09:47:38 +0000] "GET /cd/page-51/?amp;amp;sort_order=desc&layout=products_without_options&items_per_page=12&sort_by=price&sort_order=asc HTTP/1.1" 404 - "-" "Mozilla/5.0 (compatible; MJ12bot/v1.4.8; http://mj12bot.com/)"
62.84.185.55 - - [03/May/2026:09:47:42 +0000] "GET /cd/page-51/?amp;amp;sort_order=desc&layout=products_without_options&items_per_page=12&sort_by=price&sort_order=desc HTTP/1.1" 404 - "-" "Mozilla/5.0 (compatible; MJ12bot/v1.4.8; http://mj12bot.com/)"
62.84.185.55 - - [03/May/2026:09:47:48 +0000] "GET /cd/page-51/?amp;amp;sort_order=desc&layout=products_without_options&items_per_page=12&sort_by=product&sort_order=asc HTTP/1.1" 404 - "-" "Mozilla/5.0 (compatible; MJ12bot/v1.4.8; http://mj12bot.com/)"
62.84.185.55 - - [03/May/2026:09:47:54 +0000] "GET /cd/page-51/?amp;amp;sort_order=desc&layout=products_without_options&items_per_page=12&sort_by=product&sort_order=desc HTTP/1.1" 404 - "-" "Mozilla/5.0 (compatible; MJ12bot/v1.4.8; http://mj12bot.com/)"
62.84.185.55 - - [03/May/2026:09:48:00 +0000] "GET /cd/page-51/?amp;amp;sort_order=desc&layout=products_without_options&items_per_page=12&sort_by=timestamp&sort_order=desc HTTP/1.1" 404 - "-" "Mozilla/5.0 (compatible; MJ12bot/v1.4.8; http://mj12bot.com/)"
114.119.149.1 - - [03/May/2026:09:48:04 +0000] "GET /karaoke/?items_per_page=96&sort_by=product&sort_order=desc&layout=products_multicolumns HTTP/1.1" 404 - "https://thuyngashop.com/karaoke?items_per_page=96&sort_by=product&sort_order=asc" "Mozilla/5.0 (Linux; Android 7.0;) AppleWebKit/537.36 (HTML, like Gecko) Mobile Safari/537.36 (compatible; PetalBot;+https://webmaster.petalsearch.com/site/petalbot)"
62.84.185.55 - - [03/May/2026:09:48:06 +0000] "GET /cd/page-51/?amp;sort_order=desc&layout=products_without_options&items_per_page=24&items_per_page=12 HTTP/1.1" 404 - "-" "Mozilla/5.0 (compatible; MJ12bot/v1.4.8; http://mj12bot.com/)"
62.84.185.55 - - [03/May/2026:09:48:10 +0000] "GET /cd/page-51/?amp;sort_order=desc&layout=products_without_options&items_per_page=12 HTTP/1.1" 404 - "-" "Mozilla/5.0 (compatible; MJ12bot/v1.4.8; http://mj12bot.com/)"
62.84.185.55 - - [03/May/2026:09:48:20 +0000] "GET /cd/page-51/?amp;sort_order=desc&layout=products_without_options&items_per_page=12&sort_by=timestamp&sort_order=desc HTTP/1.1" 404 - "-" "Mozilla/5.0 (compatible; MJ12bot/v1.4.8; http://mj12bot.com/)"
62.84.185.55 - - [03/May/2026:09:48:24 +0000] "GET /cd/page-51/?amp;sort_order=desc&layout=products_without_options&sort_by=popularity&sort_order=asc&layout=products_without_options HTTP/1.1" 404 - "-" "Mozilla/5.0 (compatible; MJ12bot/v1.4.8; http://mj12bot.com/)"
62.84.185.55 - - [03/May/2026:09:48:29 +0000] "GET /cd/page-51/?amp;sort_order=desc&layout=products_without_options&sort_by=popularity&sort_order=desc HTTP/1.1" 404 - "-" "Mozilla/5.0 (compatible; MJ12bot/v1.4.8; http://mj12bot.com/)"
62.84.185.55 - - [03/May/2026:09:48:33 +0000] "GET /cd/page-51/?amp;sort_order=desc&layout=products_without_options&sort_by=popularity&sort_order=desc&layout=products_multicolumns HTTP/1.1" 404 - "-" "Mozilla/5.0 (compatible; MJ12bot/v1.4.8; http://mj12bot.com/)"
62.84.185.55 - - [03/May/2026:09:48:39 +0000] "GET /cd/page-51/?amp;sort_order=desc&layout=products_without_options&sort_by=price&sort_order=asc HTTP/1.1" 404 - "-" "Mozilla/5.0 (compatible; MJ12bot/v1.4.8; http://mj12bot.com/)"
62.84.185.55 - - [03/May/2026:09:48:44 +0000] "GET /cd/page-51/?amp;sort_order=desc&layout=products_without_options&sort_by=price&sort_order=desc HTTP/1.1" 404 - "-" "Mozilla/5.0 (compatible; MJ12bot/v1.4.8; http://mj12bot.com/)"
62.84.185.55 - - [03/May/2026:09:48:48 +0000] "GET /cd/page-51/?amp;sort_order=desc&layout=products_without_options&sort_by=product&sort_order=asc HTTP/1.1" 404 - "-" "Mozilla/5.0 (compatible; MJ12bot/v1.4.8; http://mj12bot.com/)"
62.84.185.55 - - [03/May/2026:09:48:53 +0000] "GET /cd/page-51/?amp;sort_order=desc&layout=products_without_options&sort_by=product&sort_order=desc HTTP/1.1" 404 - "-" "Mozilla/5.0 (compatible; MJ12bot/v1.4.8; http://mj12bot.com/)"
62.84.185.55 - - [03/May/2026:09:49:00 +0000] "GET /cd/page-51/?amp;sort_order=desc&layout=products_without_options&sort_by=timestamp&sort_order=asc&layout=products_without_options HTTP/1.1" 404 - "-" "Mozilla/5.0 (compatible; MJ12bot/v1.4.8; http://mj12bot.com/)"
62.84.185.55 - - [03/May/2026:09:49:06 +0000] "GET /cd/page-51/?amp;sort_order=desc&layout=products_without_options&sort_by=timestamp&sort_order=desc HTTP/1.1" 404 - "-" "Mozilla/5.0 (compatible; MJ12bot/v1.4.8; http://mj12bot.com/)"
62.84.185.55 - - [03/May/2026:09:49:12 +0000] "GET /cd/page-51/?amp;sort_order=desc&layout=products_without_options&sort_by=timestamp&sort_order=desc&layout=products_multicolumns HTTP/1.1" 404 - "-" "Mozilla/5.0 (compatible; MJ12bot/v1.4.8; http://mj12bot.com/)"
14.232.206.237 - - [03/May/2026:09:49:14 +0000] "GET /cd/page-36/?layout=products_multicolumns&sort_by=price&sort_order=asc HTTP/1.1" 404 - "-" "Mozilla/5.0 (Windows NT 10.0; WOW64) AppleWebKit/537.36 (KHTML, like Gecko) Chrome/102.0.0.0 Safari/537.36"
62.84.185.55 - - [03/May/2026:09:49:17 +0000] "GET /cd/page-51/?sort_by=timestamp&sort_order=desc&layout=products_without_options HTTP/1.1" 404 - "-" "Mozilla/5.0 (compatible; MJ12bot/v1.4.8; http://mj12bot.com/)"
62.84.185.55 - - [03/May/2026:09:49:25 +0000] "GET /cd/page-6/?amp;amp;sort_order=desc&layout=products_without_options&items_per_page=12 HTTP/1.1" 404 - "-" "Mozilla/5.0 (compatible; MJ12bot/v1.4.8; http://mj12bot.com/)"
114.119.155.115 - - [03/May/2026:09:49:26 +0000] "GET /index.php?dispatch=auth.recover_password HTTP/1.1" 404 - "https://thuyngashop.com/profiles-update.html" "Mozilla/5.0 (Linux; Android 7.0;) AppleWebKit/537.36 (HTML, like Gecko) Mobile Safari/537.36 (compatible; PetalBot;+https://webmaster.petalsearch.com/site/petalbot)"
62.84.185.55 - - [03/May/2026:09:49:30 +0000] "GET /cd/page-6/?amp;amp;sort_order=desc&layout=products_without_options&items_per_page=12&sort_by=timestamp&sort_order=desc HTTP/1.1" 404 - "-" "Mozilla/5.0 (compatible; MJ12bot/v1.4.8; http://mj12bot.com/)"
62.84.185.55 - - [03/May/2026:09:49:38 +0000] "GET /cd/page-6/?amp;amp;sort_order=desc&layout=products_without_options&items_per_page=24 HTTP/1.1" 404 - "-" "Mozilla/5.0 (compatible; MJ12bot/v1.4.8; http://mj12bot.com/)"
62.84.185.55 - - [03/May/2026:09:49:45 +0000] "GET /cd/page-6/?amp;amp;sort_order=desc&layout=products_without_options&items_per_page=24&sort_by=timestamp&sort_order=desc HTTP/1.1" 404 - "-" "Mozilla/5.0 (compatible; MJ12bot/v1.4.8; http://mj12bot.com/)"
62.84.185.55 - - [03/May/2026:09:49:50 +0000] "GET /cd/page-6/?amp;amp;sort_order=desc&layout=products_without_options&items_per_page=48 HTTP/1.1" 404 - "-" "Mozilla/5.0 (compatible; MJ12bot/v1.4.8; http://mj12bot.com/)"
62.84.185.55 - - [03/May/2026:09:49:57 +0000] "GET /cd/page-6/?amp;amp;sort_order=desc&layout=products_without_options&items_per_page=48&sort_by=timestamp&sort_order=desc HTTP/1.1" 404 - "-" "Mozilla/5.0 (compatible; MJ12bot/v1.4.8; http://mj12bot.com/)"
113.177.47.147 - - [03/May/2026:09:50:01 +0000] "GET /cd/page-49/?items_per_page=12&layout=products_without_options&sort_by=product&sort_order=asc HTTP/1.1" 404 - "-" "Mozilla/5.0 (Windows NT 10.0) AppleWebKit/537.36 (KHTML, like Gecko) Chrome/106.0.0.0 Safari/537.36"
62.84.185.55 - - [03/May/2026:09:50:05 +0000] "GET /cd/page-6/?amp;amp;sort_order=desc&layout=products_without_options&items_per_page=96 HTTP/1.1" 404 - "-" "Mozilla/5.0 (compatible; MJ12bot/v1.4.8; http://mj12bot.com/)"
62.84.185.55 - - [03/May/2026:09:50:13 +0000] "GET /cd/page-6/?amp;amp;sort_order=desc&layout=products_without_options&items_per_page=96&sort_by=popularity&sort_order=desc HTTP/1.1" 404 - "-" "Mozilla/5.0 (compatible; MJ12bot/v1.4.8; http://mj12bot.com/)"
62.84.185.55 - - [03/May/2026:09:50:16 +0000] "GET /cd/page-6/?amp;amp;sort_order=desc&layout=products_without_options&items_per_page=96&sort_by=price&sort_order=asc HTTP/1.1" 404 - "-" "Mozilla/5.0 (compatible; MJ12bot/v1.4.8; http://mj12bot.com/)"
14.255.124.214 - - [03/May/2026:09:50:17 +0000] "GET /upcoming-shows-en/?items_per_page=24&layout=products_multicolumns&sort_by=product&sort_order=asc HTTP/1.1" 404 - "-" "Mozilla/5.0 (Windows NT 6.1; Win64; x64) AppleWebKit/537.36 (KHTML, like Gecko) Chrome/70.0.3538.102 Safari/537.36"
62.84.185.55 - - [03/May/2026:09:50:26 +0000] "GET /cd/page-6/?amp;amp;sort_order=desc&layout=products_without_options&items_per_page=96&sort_by=price&sort_order=desc HTTP/1.1" 404 - "-" "Mozilla/5.0 (compatible; MJ12bot/v1.4.8; http://mj12bot.com/)"
62.84.185.55 - - [03/May/2026:09:50:35 +0000] "GET /cd/page-6/?amp;amp;sort_order=desc&layout=products_without_options&items_per_page=96&sort_by=product&sort_order=asc HTTP/1.1" 404 - "-" "Mozilla/5.0 (compatible; MJ12bot/v1.4.8; http://mj12bot.com/)"
62.84.185.55 - - [03/May/2026:09:50:41 +0000] "GET /cd/page-6/?amp;amp;sort_order=desc&layout=products_without_options&items_per_page=96&sort_by=product&sort_order=desc HTTP/1.1" 404 - "-" "Mozilla/5.0 (compatible; MJ12bot/v1.4.8; http://mj12bot.com/)"
