114.119.149.1 - - [03/May/2026:09:50:50 +0000] "GET /dvd/page-8?items_per_page=12&sort_by=popularity&sort_order=desc&layout=products_multicolumns HTTP/1.1" 404 - "https://thuyngashop.com/dvd/page-3?items_per_page=12&sort_by=popularity&sort_order=desc&layout=products_multicolumns" "Mozilla/5.0 (Linux; Android 7.0;) AppleWebKit/537.36 (HTML, like Gecko) Mobile Safari/537.36 (compatible; PetalBot;+https://webmaster.petalsearch.com/site/petalbot)"
62.84.185.55 - - [03/May/2026:09:50:52 +0000] "GET /cd/page-6/?amp;amp;sort_order=desc&layout=products_without_options&items_per_page=96&sort_by=timestamp&sort_order=desc HTTP/1.1" 404 - "-" "Mozilla/5.0 (compatible; MJ12bot/v1.4.8; http://mj12bot.com/)"
62.84.185.55 - - [03/May/2026:09:50:59 +0000] "GET /cd/page-6/?amp;amp;sort_order=desc&layout=products_without_options&sort_by=popularity&sort_order=asc&layout=products_without_options HTTP/1.1" 404 - "-" "Mozilla/5.0 (compatible; MJ12bot/v1.4.8; http://mj12bot.com/)"
62.84.185.55 - - [03/May/2026:09:51:05 +0000] "GET /cd/page-6/?amp;amp;sort_order=desc&layout=products_without_options&sort_by=popularity&sort_order=desc HTTP/1.1" 404 - "-" "Mozilla/5.0 (compatible; MJ12bot/v1.4.8; http://mj12bot.com/)"
62.84.185.55 - - [03/May/2026:09:51:14 +0000] "GET /cd/page-6/?amp;amp;sort_order=desc&layout=products_without_options&sort_by=popularity&sort_order=desc&layout=products_multicolumns HTTP/1.1" 404 - "-" "Mozilla/5.0 (compatible; MJ12bot/v1.4.8; http://mj12bot.com/)"
62.84.185.55 - - [03/May/2026:09:51:18 +0000] "GET /cd/page-6/?amp;amp;sort_order=desc&layout=products_without_options&sort_by=price&sort_order=asc HTTP/1.1" 404 - "-" "Mozilla/5.0 (compatible; MJ12bot/v1.4.8; http://mj12bot.com/)"
62.84.185.55 - - [03/May/2026:09:51:22 +0000] "GET /cd/page-6/?amp;amp;sort_order=desc&layout=products_without_options&sort_by=price&sort_order=desc HTTP/1.1" 404 - "-" "Mozilla/5.0 (compatible; MJ12bot/v1.4.8; http://mj12bot.com/)"
123.23.99.202 - - [03/May/2026:09:51:25 +0000] "GET /index.php?category_id=4&dispatch=categories.view&dispatch=products.quick_view&n_items=670%2C884%2C953%2C956%2C215%2C216%2C311%2C315%2C316%2C317%2C318%2C320&prev_url=index.php%3Fsort_by%3Dprice&sort_order=desc HTTP/1.1" 404 - "-" "Mozilla/5.0 (Macintosh; Intel Mac OS X 10_13_6) AppleWebKit/537.36 (KHTML, like Gecko) Chrome/99.0.4844.84 Safari/537.36"
62.84.185.55 - - [03/May/2026:09:51:29 +0000] "GET /cd/page-6/?amp;amp;sort_order=desc&layout=products_without_options&sort_by=product&sort_order=asc HTTP/1.1" 404 - "-" "Mozilla/5.0 (compatible; MJ12bot/v1.4.8; http://mj12bot.com/)"
62.84.185.55 - - [03/May/2026:09:51:34 +0000] "GET /cd/page-6/?amp;amp;sort_order=desc&layout=products_without_options&sort_by=product&sort_order=desc HTTP/1.1" 404 - "-" "Mozilla/5.0 (compatible; MJ12bot/v1.4.8; http://mj12bot.com/)"
62.84.185.55 - - [03/May/2026:09:51:37 +0000] "GET /cd/page-6/?amp;amp;sort_order=desc&layout=products_without_options&sort_by=timestamp&sort_order=asc&layout=products_without_options HTTP/1.1" 404 - "-" "Mozilla/5.0 (compatible; MJ12bot/v1.4.8; http://mj12bot.com/)"
62.84.185.55 - - [03/May/2026:09:51:43 +0000] "GET /cd/page-6/?amp;amp;sort_order=desc&layout=products_without_options&sort_by=timestamp&sort_order=desc HTTP/1.1" 404 - "-" "Mozilla/5.0 (compatible; MJ12bot/v1.4.8; http://mj12bot.com/)"
62.84.185.55 - - [03/May/2026:09:51:48 +0000] "GET /cd/page-6/?amp;amp;sort_order=desc&layout=products_without_options&sort_by=timestamp&sort_order=desc&layout=products_multicolumns HTTP/1.1" 404 - "-" "Mozilla/5.0 (compatible; MJ12bot/v1.4.8; http://mj12bot.com/)"
114.119.147.205 - - [03/May/2026:09:52:14 +0000] "GET /dvd/page-8/?items_per_page=12&sort_by=timestamp&sort_order=desc HTTP/1.1" 404 - "https://thuyngashop.com/dvd/page-14/?items_per_page=12&sort_by=timestamp&sort_order=desc" "Mozilla/5.0 (Linux; Android 7.0;) AppleWebKit/537.36 (HTML, like Gecko) Mobile Safari/537.36 (compatible; PetalBot;+https://webmaster.petalsearch.com/site/petalbot)"
62.84.185.55 - - [03/May/2026:09:53:16 +0000] "GET /cd/page-6/?amp;amp;sort_order=desc&layout=products_without_options&items_per_page=12&sort_by=popularity&sort_order=desc HTTP/1.1" 404 - "-" "Mozilla/5.0 (compatible; MJ12bot/v1.4.8; http://mj12bot.com/)"
62.84.185.55 - - [03/May/2026:09:53:19 +0000] "GET /cd/page-6/?amp;amp;sort_order=desc&layout=products_without_options&items_per_page=12&sort_by=price&sort_order=asc HTTP/1.1" 404 - "-" "Mozilla/5.0 (compatible; MJ12bot/v1.4.8; http://mj12bot.com/)"
14.169.89.133 - - [03/May/2026:09:53:22 +0000] "GET /index.php?dispatch=orders.search HTTP/1.1" 404 - "-" "Mozilla/5.0 (Windows NT 6.1; Win64; x64) AppleWebKit/537.36 (KHTML, like Gecko) Chrome/74.0.3729.157 Safari/537.36"
62.84.185.55 - - [03/May/2026:09:53:22 +0000] "GET /cd/page-6/?amp;amp;sort_order=desc&layout=products_without_options&items_per_page=12&sort_by=price&sort_order=desc HTTP/1.1" 404 - "-" "Mozilla/5.0 (compatible; MJ12bot/v1.4.8; http://mj12bot.com/)"
62.84.185.55 - - [03/May/2026:09:53:26 +0000] "GET /cd/page-6/?amp;amp;sort_order=desc&layout=products_without_options&items_per_page=12&sort_by=product&sort_order=asc HTTP/1.1" 404 - "-" "Mozilla/5.0 (compatible; MJ12bot/v1.4.8; http://mj12bot.com/)"
62.84.185.55 - - [03/May/2026:09:53:29 +0000] "GET /cd/page-6/?amp;amp;sort_order=desc&layout=products_without_options&items_per_page=12&sort_by=product&sort_order=desc HTTP/1.1" 404 - "-" "Mozilla/5.0 (compatible; MJ12bot/v1.4.8; http://mj12bot.com/)"
62.84.185.55 - - [03/May/2026:09:53:32 +0000] "GET /cd/page-6/?amp;amp;sort_order=desc&layout=products_without_options&items_per_page=24&sort_by=popularity&sort_order=desc HTTP/1.1" 404 - "-" "Mozilla/5.0 (compatible; MJ12bot/v1.4.8; http://mj12bot.com/)"
62.84.185.55 - - [03/May/2026:09:53:36 +0000] "GET /cd/page-6/?amp;amp;sort_order=desc&layout=products_without_options&items_per_page=24&sort_by=price&sort_order=asc HTTP/1.1" 404 - "-" "Mozilla/5.0 (compatible; MJ12bot/v1.4.8; http://mj12bot.com/)"
62.84.185.55 - - [03/May/2026:09:53:39 +0000] "GET /cd/page-6/?amp;amp;sort_order=desc&layout=products_without_options&items_per_page=24&sort_by=price&sort_order=desc HTTP/1.1" 404 - "-" "Mozilla/5.0 (compatible; MJ12bot/v1.4.8; http://mj12bot.com/)"
114.119.128.5 - - [03/May/2026:09:53:39 +0000] "GET /dvd/page-7/?sort_by=price&sort_order=desc HTTP/1.1" 404 - "https://thuyngashop.com/dvd/page-7/?sort_by=timestamp&sort_order=desc&layout=products_multicolumns" "Mozilla/5.0 (Linux; Android 7.0;) AppleWebKit/537.36 (HTML, like Gecko) Mobile Safari/537.36 (compatible; PetalBot;+https://webmaster.petalsearch.com/site/petalbot)"
43.173.180.250 - - [03/May/2026:09:53:46 +0000] "GET /the-best-of-karaoke-series/?amp%3Bamp%3Blayout=products_multicolumns&%3Bsort_by=product&%3Bsort_order=asc&layout=products_without_options&sort_by=price&sort_order=desc HTTP/1.1" 404 - "-" "Mozilla/5.0 (Windows NT 10.0; Win64; x64) AppleWebKit/537.36 (KHTML, like Gecko) Chrome/106.0.5249.119 Safari/537.36"
20.98.108.62 - - [03/May/2026:09:53:53 +0000] "GET / HTTP/1.1" 404 - "-" "Mozilla/5.0 (Windows NT 10.0; Win64; x64)"
113.167.185.241 - - [03/May/2026:09:54:17 +0000] "GET /index.php?category_id=9&dispatch=categories.view&dispatch=products.quick_view&layout=products_multicolumns&n_items=200%2C199%2C1253%2C690%2C667%2C211%2C614%2C192%2C204%2C194%2C193%2C951&prev_url=index.php%3Fitems_per_page%3D12&sort_by=popularity&sort_order=desc HTTP/1.1" 404 - "-" "Mozilla/5.0 (Windows NT 10.0; Win64; x64) AppleWebKit/537.36 (KHTML, like Gecko) Chrome/80.0.3987.132 Safari/537.36"
114.119.132.61 - - [03/May/2026:09:55:06 +0000] "GET /dvd/page-6?items_per_page=12&sort_by=timestamp&sort_order=asc&layout=products_multicolumns HTTP/1.1" 404 - "https://thuyngashop.com/dvd/page-6?items_per_page=12&sort_by=timestamp&sort_order=desc&layout=products_multicolumns" "Mozilla/5.0 (Linux; Android 7.0;) AppleWebKit/537.36 (HTML, like Gecko) Mobile Safari/537.36 (compatible; PetalBot;+https://webmaster.petalsearch.com/site/petalbot)"
102.0.7.68 - - [03/May/2026:09:56:25 +0000] "GET /paris-by-night-dvd/page-5/?items_per_page=12&layout=products_multicolumns&sort_by=price&sort_order=desc HTTP/1.1" 404 - "-" "Mozilla/5.0 (Macintosh; Intel Mac OS X 10_14_6) AppleWebKit/537.36 (KHTML, like Gecko) Chrome/98.0.4758.80 Safari/537.36"
114.119.150.16 - - [03/May/2026:09:56:30 +0000] "GET /dvd/page-6/?items_per_page=12&sort_by=popularity&sort_order=asc&layout=products_multicolumns HTTP/1.1" 404 - "https://thuyngashop.com/dvd/page-6/?items_per_page=12&sort_by=popularity&sort_order=desc&layout=products_multicolumns" "Mozilla/5.0 (Linux; Android 7.0;) AppleWebKit/537.36 (HTML, like Gecko) Mobile Safari/537.36 (compatible; PetalBot;+https://webmaster.petalsearch.com/site/petalbot)"
113.169.196.53 - - [03/May/2026:09:57:30 +0000] "GET /paris-by-night-dvd/page-4/?items_per_page=12&sort_by=popularity&sort_order=desc HTTP/1.1" 404 - "-" "Mozilla/5.0 (Windows NT 10.0; Win64; x64) AppleWebKit/537.36 (KHTML, like Gecko) Chrome/79.0.3945.79 Safari/537.36"
114.119.147.205 - - [03/May/2026:09:57:53 +0000] "GET /dvd/page-5/?sort_by=product&sort_order=asc&layout=products_multicolumns HTTP/1.1" 404 - "https://thuyngashop.com/dvd/page-5/?sort_by=product&sort_order=desc" "Mozilla/5.0 (Linux; Android 7.0;) AppleWebKit/537.36 (HTML, like Gecko) Mobile Safari/537.36 (compatible; PetalBot;+https://webmaster.petalsearch.com/site/petalbot)"
20.64.105.0 - - [03/May/2026:09:58:59 +0000] "GET /developmentserver/metadatauploader HTTP/1.1" 404 - "-" "Mozilla/5.0 zgrab/0.x"
114.119.162.251 - - [03/May/2026:09:59:16 +0000] "GET /dvd/page-5/?items_per_page=12&sort_by=price&sort_order=desc HTTP/1.1" 404 - "https://thuyngashop.com/dvd/page-13/?items_per_page=12&sort_by=price&sort_order=desc" "Mozilla/5.0 (Linux; Android 7.0;) AppleWebKit/537.36 (HTML, like Gecko) Mobile Safari/537.36 (compatible; PetalBot;+https://webmaster.petalsearch.com/site/petalbot)"
103.4.251.155 - - [03/May/2026:09:59:58 +0000] "GET / HTTP/1.1" 404 - "-" "Mozilla/5.0 (X11; Linux x86_64) AppleWebKit/537.36 (KHTML, like Gecko) Chrome/130.0.0.0 Safari/537.36"
107.172.195.26 - - [03/May/2026:10:00:10 +0000] "GET / HTTP/1.1" 404 - "-" "Mozilla/5.0 (Windows NT 10.0; Win64; x64) AppleWebKit/537.36 (KHTML, like Gecko) Chrome/130.0.0.0 Safari/537.36"
104.164.173.110 - - [03/May/2026:10:00:11 +0000] "GET / HTTP/1.1" 404 - "-" "Mozilla/5.0 (Windows NT 10.0; Win64; x64) AppleWebKit/537.36 (KHTML, like Gecko) Chrome/131.0.0.0 Safari/537.36"
213.230.88.206 - - [03/May/2026:10:00:26 +0000] "GET /cd/page-3/?sort_by=popularity&sort_order=desc HTTP/1.1" 404 - "-" "Mozilla/5.0 (Macintosh; Intel Mac OS X 10_15_3) AppleWebKit/537.36 (KHTML, like Gecko) Chrome/97.0.4692.71 Safari/537.36"
114.119.150.16 - - [03/May/2026:10:00:40 +0000] "GET /dvd/page-4?items_per_page=24&sort_by=product&sort_order=desc&layout=products_multicolumns HTTP/1.1" 404 - "https://thuyngashop.com/dvd/page-2?items_per_page=24&sort_by=product&sort_order=desc&layout=products_multicolumns" "Mozilla/5.0 (Linux; Android 7.0;) AppleWebKit/537.36 (HTML, like Gecko) Mobile Safari/537.36 (compatible; PetalBot;+https://webmaster.petalsearch.com/site/petalbot)"
149.107.212.114 - - [03/May/2026:10:01:42 +0000] "GET /index.php?category_id=30&dispatch=categories.view&dispatch=products.quick_view&layout=products_multicolumns&n_items=1383%2C1413&prev_url=index.php%3Fitems_per_page%3D24&sort_by=popularity&sort_order=asc HTTP/1.1" 404 - "-" "Mozilla/5.0 (Windows NT 6.1; Win64; x64) AppleWebKit/537.36 (KHTML, like Gecko) Chrome/93.0.4558.0 Safari/537.36"
152.136.222.235 - - [03/May/2026:10:02:00 +0000] "GET /dvd/page-3/?items_per_page=48&sort_by=product&sort_order=desc&layout=products_multicolumns HTTP/1.1" 404 - "-" "Mozilla/5.0 (Windows NT 10.0; Win64; x64) AppleWebKit/537.36 (KHTML, like Gecko) Chrome/143.0.0.0 Safari/537.36"
114.119.150.16 - - [03/May/2026:10:02:03 +0000] "GET /dvd/page-4?items_per_page=12&sort_by=timestamp&sort_order=desc HTTP/1.1" 404 - "https://thuyngashop.com/dvd/page-8?items_per_page=12&sort_by=timestamp&sort_order=desc" "Mozilla/5.0 (Linux; Android 7.0;) AppleWebKit/537.36 (HTML, like Gecko) Mobile Safari/537.36 (compatible; PetalBot;+https://webmaster.petalsearch.com/site/petalbot)"
3.89.176.255 - - [03/May/2026:10:02:35 +0000] "GET /the-best-of-bang-kieu.-linh-hon-da-mat.html HTTP/1.1" 404 - "-" "Mozilla/5.0 AppleWebKit/537.36 (KHTML, like Gecko; compatible; Amazonbot/0.1; +https://developer.amazon.com/support/amazonbot) Chrome/119.0.6045.214 Safari/537.36"
23.23.103.31 - - [03/May/2026:10:03:21 +0000] "GET /dvd-paris-by-night-75-ve-mien-vien-dong.html HTTP/1.1" 404 - "-" "Mozilla/5.0 AppleWebKit/537.36 (KHTML, like Gecko; compatible; Amazonbot/0.1; +https://developer.amazon.com/support/amazonbot) Chrome/119.0.6045.214 Safari/537.36"
114.119.155.115 - - [03/May/2026:10:03:28 +0000] "GET /dvd/page-4?items_per_page=12&sort_by=popularity&sort_order=desc&layout=products_multicolumns HTTP/1.1" 404 - "https://thuyngashop.com/dvd/page-3?items_per_page=12&sort_by=popularity&sort_order=desc&layout=products_multicolumns" "Mozilla/5.0 (Linux; Android 7.0;) AppleWebKit/537.36 (HTML, like Gecko) Mobile Safari/537.36 (compatible; PetalBot;+https://webmaster.petalsearch.com/site/petalbot)"
43.173.179.91 - - [03/May/2026:10:03:53 +0000] "GET /cd/page-2/?amp%3Bitems_per_page=24&%3Bsort_order=desc&items_per_page=12 HTTP/1.1" 404 - "-" "Mozilla/5.0 (Windows NT 10.0; Win64; x64) AppleWebKit/537.36 (KHTML, like Gecko) Chrome/103.0.0.0 Safari/537.36"
105.156.155.65 - - [03/May/2026:10:04:35 +0000] "GET /me-va-nguoi-tinh.html HTTP/1.1" 404 - "-" "Mozilla/5.0 (Windows NT 6.1; Win64; x64) AppleWebKit/537.36 (KHTML, like Gecko) Chrome/86.0.4240.198 Safari/537.36"
114.119.150.16 - - [03/May/2026:10:04:58 +0000] "GET /dvd/page-4/?sort_by=timestamp&sort_order=desc HTTP/1.1" 404 - "https://thuyngashop.com/dvd/page-11/?sort_by=timestamp&sort_order=desc" "Mozilla/5.0 (Linux; Android 7.0;) AppleWebKit/537.36 (HTML, like Gecko) Mobile Safari/537.36 (compatible; PetalBot;+https://webmaster.petalsearch.com/site/petalbot)"
161.35.232.29 - - [03/May/2026:10:05:05 +0000] "GET /images/watermarked/1/thumbnails/280/394/detailed/1/tndvdhoailinhkungfu_1257154550.png HTTP/1.1" 404 - "https://thuyngashop.com" "Mozilla/5.0 (Macintosh; Intel Mac OS X 10.15; rv:149.0) Gecko/20100101 Firefox/149.0"
213.188.66.103 - - [03/May/2026:10:05:06 +0000] "GET /images/watermarked/1/thumbnails/280/394/detailed/1/tndvdhoailinhkungfu_1257154550.png HTTP/1.1" 404 - "https://thuyngashop.com" "Mozilla/5.0 (Macintosh; Intel Mac OS X 10.15; rv:149.0) Gecko/20100101 Firefox/149.0"
178.171.0.182 - - [03/May/2026:10:05:07 +0000] "GET /images/watermarked/1/thumbnails/280/394/detailed/1/tndvdhoailinhkungfu_1257154550.png HTTP/1.1" 404 - "https://thuyngashop.com" "Mozilla/5.0 (Macintosh; Intel Mac OS X 10.15; rv:149.0) Gecko/20100101 Firefox/149.0"
86.191.90.50 - - [03/May/2026:10:05:11 +0000] "GET /images/watermarked/1/thumbnails/280/394/detailed/1/tndvdhoailinhkungfu_1257154550.png HTTP/1.1" 404 - "https://thuyngashop.com" "Mozilla/5.0 (Macintosh; Intel Mac OS X 10.15; rv:149.0) Gecko/20100101 Firefox/149.0"
54.147.238.89 - - [03/May/2026:10:05:39 +0000] "GET /dvd-paris-by-night-karaoke-31-nho-nguoi-yeu.html HTTP/1.1" 404 - "-" "Mozilla/5.0 AppleWebKit/537.36 (KHTML, like Gecko; compatible; Amazonbot/0.1; +https://developer.amazon.com/support/amazonbot) Chrome/119.0.6045.214 Safari/537.36"
213.230.92.26 - - [03/May/2026:10:06:13 +0000] "GET /cd/page-47/?items_per_page=12&layout=products_without_options&sort_by=price&sort_order=desc HTTP/1.1" 404 - "-" "Mozilla/5.0 (Macintosh; Intel Mac OS X 11_2_3) AppleWebKit/537.36 (KHTML, like Gecko) Chrome/87.0.4280.67 Safari/537.36"
114.119.147.205 - - [03/May/2026:10:06:17 +0000] "GET /dvd/page-4/?items_per_page=24&sort_by=product&sort_order=desc&layout=products_multicolumns HTTP/1.1" 404 - "https://thuyngashop.com/dvd/page-5?items_per_page=24&sort_by=product&sort_order=desc&layout=products_multicolumns" "Mozilla/5.0 (Linux; Android 7.0;) AppleWebKit/537.36 (HTML, like Gecko) Mobile Safari/537.36 (compatible; PetalBot;+https://webmaster.petalsearch.com/site/petalbot)"
44.213.202.136 - - [03/May/2026:10:07:03 +0000] "GET /tncd225-doi-van-lam-than-truc-lam-and-truc-linh-clone.html HTTP/1.1" 404 - "-" "Mozilla/5.0 AppleWebKit/537.36 (KHTML, like Gecko; compatible; Amazonbot/0.1; +https://developer.amazon.com/support/amazonbot) Chrome/119.0.6045.214 Safari/537.36"
161.248.155.152 - - [03/May/2026:10:07:15 +0000] "GET /index.php?category_id=4&dispatch=categories.view&dispatch=products.quick_view&layout=products_multicolumns&n_items=682%2C683%2C684%2C507%2C472%2C463%2C443%2C436%2C435%2C433%2C429%2C311&prev_url=index.php%3Fitems_per_page%3D12&sort_by=timestamp&sort_order=desc HTTP/1.1" 404 - "-" "Mozilla/5.0 (Windows NT 6.1; Win64; x64) AppleWebKit/537.36 (KHTML, like Gecko) Chrome/86.0.4240.198 Safari/537.36"
49.51.183.75 - - [03/May/2026:10:07:38 +0000] "GET / HTTP/1.0" 404 - "-" "-"
114.119.150.16 - - [03/May/2026:10:07:46 +0000] "GET /dvd/page-4/?items_per_page=12&sort_by=price&sort_order=desc&layout=products_multicolumns HTTP/1.1" 404 - "https://thuyngashop.com/dvd/page-2/?items_per_page=12&sort_by=price&sort_order=desc&layout=products_multicolumns" "Mozilla/5.0 (Linux; Android 7.0;) AppleWebKit/537.36 (HTML, like Gecko) Mobile Safari/537.36 (compatible; PetalBot;+https://webmaster.petalsearch.com/site/petalbot)"
54.84.161.62 - - [03/May/2026:10:08:07 +0000] "GET /dvd-paris-by-night-karaoke-23.html HTTP/1.1" 404 - "-" "Mozilla/5.0 AppleWebKit/537.36 (KHTML, like Gecko; compatible; Amazonbot/0.1; +https://developer.amazon.com/support/amazonbot) Chrome/119.0.6045.214 Safari/537.36"
143.198.61.74 - - [03/May/2026:10:08:38 +0000] "GET /images/watermarked/1/thumbnails/220/220/detailed/2/TNCD066.png HTTP/1.1" 404 - "https://thuyngashop.com" "Mozilla/5.0 (Windows NT 10.0; Win64; x64) AppleWebKit/537.36 (KHTML, like Gecko) Chrome/146.0.0.0 Safari/537.36"
94.176.125.188 - - [03/May/2026:10:08:38 +0000] "GET /images/watermarked/1/thumbnails/220/220/detailed/2/TNCD066.png HTTP/1.1" 404 - "https://thuyngashop.com" "Mozilla/5.0 (Windows NT 10.0; Win64; x64) AppleWebKit/537.36 (KHTML, like Gecko) Chrome/146.0.0.0 Safari/537.36"
168.158.217.147 - - [03/May/2026:10:08:39 +0000] "GET /images/watermarked/1/thumbnails/220/220/detailed/2/TNCD066.png HTTP/1.1" 404 - "https://thuyngashop.com" "Mozilla/5.0 (Windows NT 10.0; Win64; x64) AppleWebKit/537.36 (KHTML, like Gecko) Chrome/146.0.0.0 Safari/537.36"
108.82.246.89 - - [03/May/2026:10:08:43 +0000] "GET /images/watermarked/1/thumbnails/220/220/detailed/2/TNCD066.png HTTP/1.1" 404 - "https://thuyngashop.com" "Mozilla/5.0 (Windows NT 10.0; Win64; x64) AppleWebKit/537.36 (KHTML, like Gecko) Chrome/146.0.0.0 Safari/537.36"
159.65.73.155 - - [03/May/2026:10:08:49 +0000] "GET /images/watermarked/1/thumbnails/220/220/detailed/2/TNCD066.png HTTP/1.1" 404 - "https://thuyngashop.com" "Mozilla/5.0 (Windows NT 10.0; Win64; x64; rv:149.0) Gecko/20100101 Firefox/149.0"
45.148.107.76 - - [03/May/2026:10:08:51 +0000] "GET /images/watermarked/1/thumbnails/220/220/detailed/2/TNCD066.png HTTP/1.1" 404 - "https://thuyngashop.com" "Mozilla/5.0 (Windows NT 10.0; Win64; x64; rv:149.0) Gecko/20100101 Firefox/149.0"
31.204.24.62 - - [03/May/2026:10:08:52 +0000] "GET /images/watermarked/1/thumbnails/220/220/detailed/2/TNCD066.png HTTP/1.1" 404 - "https://thuyngashop.com" "Mozilla/5.0 (Windows NT 10.0; Win64; x64; rv:149.0) Gecko/20100101 Firefox/149.0"
78.173.88.80 - - [03/May/2026:10:08:54 +0000] "GET /images/watermarked/1/thumbnails/220/220/detailed/2/TNCD066.png HTTP/1.1" 404 - "https://thuyngashop.com" "Mozilla/5.0 (Windows NT 10.0; Win64; x64; rv:149.0) Gecko/20100101 Firefox/149.0"
43.173.173.40 - - [03/May/2026:10:08:55 +0000] "GET /the-best-of-karaoke-series/?amp%3Bsort_by=product&%3Bsort_order=asc&items_per_page=12&sort_by=price&sort_order=asc HTTP/1.1" 404 - "-" "Mozilla/5.0 (Windows NT 10.0; Win64; x64) AppleWebKit/537.36 (KHTML, like Gecko) Chrome/133.0.0.0 Safari/537.36"
23.21.204.95 - - [03/May/2026:10:09:07 +0000] "GET /quang-le-live-show-hat-tren-que-huong-2-bluray.html HTTP/1.1" 404 - "-" "Mozilla/5.0 AppleWebKit/537.36 (KHTML, like Gecko; compatible; Amazonbot/0.1; +https://developer.amazon.com/support/amazonbot) Chrome/119.0.6045.214 Safari/537.36"
114.119.155.115 - - [03/May/2026:10:09:15 +0000] "GET /dvd/page-3?items_per_page=12&sort_by=popularity&sort_order=desc&layout=products_multicolumns HTTP/1.1" 404 - "https://thuyngashop.com/dvd/page-11?items_per_page=12&sort_by=popularity&sort_order=desc&layout=products_multicolumns" "Mozilla/5.0 (Linux; Android 7.0;) AppleWebKit/537.36 (HTML, like Gecko) Mobile Safari/537.36 (compatible; PetalBot;+https://webmaster.petalsearch.com/site/petalbot)"
114.119.155.115 - - [03/May/2026:10:10:26 +0000] "GET /dvd/page-3/?items_per_page=12&sort_by=product&sort_order=asc HTTP/1.1" 404 - "https://thuyngashop.com/dvd/page-3/?items_per_page=12&sort_by=product&sort_order=desc" "Mozilla/5.0 (Linux; Android 7.0;) AppleWebKit/537.36 (HTML, like Gecko) Mobile Safari/537.36 (compatible; PetalBot;+https://webmaster.petalsearch.com/site/petalbot)"
114.119.147.205 - - [03/May/2026:10:11:53 +0000] "GET /dvd/page-15/?items_per_page=12&sort_by=product&sort_order=desc&layout=products_multicolumns HTTP/1.1" 404 - "https://thuyngashop.com/dvd/page-9/?items_per_page=12&sort_by=product&sort_order=desc&layout=products_multicolumns" "Mozilla/5.0 (Linux; Android 7.0;) AppleWebKit/537.36 (HTML, like Gecko) Mobile Safari/537.36 (compatible; PetalBot;+https://webmaster.petalsearch.com/site/petalbot)"
114.119.149.1 - - [03/May/2026:10:13:14 +0000] "GET /dvd/page-15/ HTTP/1.1" 404 - "https://thuyngashop.com/dvd/page-12" "Mozilla/5.0 (Linux; Android 7.0;) AppleWebKit/537.36 (HTML, like Gecko) Mobile Safari/537.36 (compatible; PetalBot;+https://webmaster.petalsearch.com/site/petalbot)"
114.119.128.5 - - [03/May/2026:10:14:39 +0000] "GET /dvd/page-12/?items_per_page=12&sort_by=product&sort_order=desc&layout=products_multicolumns HTTP/1.1" 404 - "https://thuyngashop.com/dvd/page-9/?items_per_page=12&sort_by=product&sort_order=desc&layout=products_multicolumns" "Mozilla/5.0 (Linux; Android 7.0;) AppleWebKit/537.36 (HTML, like Gecko) Mobile Safari/537.36 (compatible; PetalBot;+https://webmaster.petalsearch.com/site/petalbot)"
17.246.15.16 - - [03/May/2026:10:15:02 +0000] "GET /the-best-of-karaoke-series/?sort_by=price&%3Bsort_order=desc HTTP/1.1" 404 - "-" "Mozilla/5.0 (Macintosh; Intel Mac OS X 10_15_7) AppleWebKit/605.1.15 (KHTML, like Gecko) Version/17.4 Safari/605.1.15 (Applebot/0.1; +http://www.apple.com/go/applebot)"
114.119.155.115 - - [03/May/2026:10:16:02 +0000] "GET /dvd/page-12/?items_per_page=12&sort_by=price&sort_order=asc&layout=products_multicolumns HTTP/1.1" 404 - "https://thuyngashop.com/dvd/page-12?items_per_page=12&sort_by=price&sort_order=desc&layout=products_multicolumns" "Mozilla/5.0 (Linux; Android 7.0;) AppleWebKit/537.36 (HTML, like Gecko) Mobile Safari/537.36 (compatible; PetalBot;+https://webmaster.petalsearch.com/site/petalbot)"
114.119.128.5 - - [03/May/2026:10:17:51 +0000] "GET /dvd/page-10/?items_per_page=12&sort_by=product&sort_order=asc&layout=products_multicolumns HTTP/1.1" 404 - "https://thuyngashop.com/dvd/page-9?items_per_page=12&sort_by=product&sort_order=asc&layout=products_multicolumns" "Mozilla/5.0 (Linux; Android 7.0;) AppleWebKit/537.36 (HTML, like Gecko) Mobile Safari/537.36 (compatible; PetalBot;+https://webmaster.petalsearch.com/site/petalbot)"
114.119.155.115 - - [03/May/2026:10:19:33 +0000] "GET /comedy?sort_by=product&sort_order=desc&layout=products_multicolumns HTTP/1.1" 404 - "https://thuyngashop.com/comedy/page-2?sort_by=product&sort_order=desc&layout=products_multicolumns" "Mozilla/5.0 (Linux; Android 7.0;) AppleWebKit/537.36 (HTML, like Gecko) Mobile Safari/537.36 (compatible; PetalBot;+https://webmaster.petalsearch.com/site/petalbot)"
114.119.162.251 - - [03/May/2026:10:21:01 +0000] "GET /comedy/page-3?items_per_page=12&sort_by=product&sort_order=asc HTTP/1.1" 404 - "https://thuyngashop.com/comedy/page-3?items_per_page=12&sort_by=timestamp&sort_order=asc&layout=products_multicolumns" "Mozilla/5.0 (Linux; Android 7.0;) AppleWebKit/537.36 (HTML, like Gecko) Mobile Safari/537.36 (compatible; PetalBot;+https://webmaster.petalsearch.com/site/petalbot)"
147.135.212.201 - - [03/May/2026:10:21:50 +0000] "GET /robots.txt HTTP/1.1" 404 - "-" "Mozilla/5.0 (compatible; MJ12bot/v1.4.8; http://mj12bot.com/)"
147.135.212.201 - - [03/May/2026:10:21:52 +0000] "GET /cd/page-13/?amp;sort_order=desc&layout=products_without_options&sort_by=popularity&sort_order=desc&layout=products_without_options HTTP/1.1" 404 - "-" "Mozilla/5.0 (compatible; MJ12bot/v1.4.8; http://mj12bot.com/)"
147.135.212.201 - - [03/May/2026:10:21:56 +0000] "GET /cd/page-2/?amp;sort_order=desc&layout=products_without_options&sort_by=price&sort_order=asc&layout=products_multicolumns HTTP/1.1" 404 - "-" "Mozilla/5.0 (compatible; MJ12bot/v1.4.8; http://mj12bot.com/)"
147.135.212.201 - - [03/May/2026:10:21:58 +0000] "GET /cd/page-36/?amp;amp;sort_order=desc&layout=products_without_options&sort_by=product&sort_order=asc HTTP/1.1" 404 - "-" "Mozilla/5.0 (compatible; MJ12bot/v1.4.8; http://mj12bot.com/)"
147.135.212.201 - - [03/May/2026:10:22:01 +0000] "GET /cd/page-41/?amp;sort_order=desc&layout=products_without_options&sort_by=product&sort_order=asc HTTP/1.1" 404 - "-" "Mozilla/5.0 (compatible; MJ12bot/v1.4.8; http://mj12bot.com/)"
147.135.212.201 - - [03/May/2026:10:22:02 +0000] "GET /cd/page-49/?amp;amp;sort_order=desc&layout=products_without_options&items_per_page=12&sort_by=product&sort_order=desc HTTP/1.1" 404 - "-" "Mozilla/5.0 (compatible; MJ12bot/v1.4.8; http://mj12bot.com/)"
147.135.212.201 - - [03/May/2026:10:22:04 +0000] "GET /cd/page-49/?amp;amp;sort_order=desc&layout=products_without_options&items_per_page=12&sort_by=timestamp&sort_order=desc HTTP/1.1" 404 - "-" "Mozilla/5.0 (compatible; MJ12bot/v1.4.8; http://mj12bot.com/)"
147.135.212.201 - - [03/May/2026:10:22:06 +0000] "GET /cd/page-49/?amp;sort_order=desc&layout=products_without_options&items_per_page=24&items_per_page=12 HTTP/1.1" 404 - "-" "Mozilla/5.0 (compatible; MJ12bot/v1.4.8; http://mj12bot.com/)"
147.135.212.201 - - [03/May/2026:10:22:09 +0000] "GET /cd/page-49/?amp;sort_order=desc&layout=products_without_options&items_per_page=12 HTTP/1.1" 404 - "-" "Mozilla/5.0 (compatible; MJ12bot/v1.4.8; http://mj12bot.com/)"
147.135.212.201 - - [03/May/2026:10:22:11 +0000] "GET /cd/page-49/?amp;sort_order=desc&layout=products_without_options&items_per_page=12&sort_by=timestamp&sort_order=desc HTTP/1.1" 404 - "-" "Mozilla/5.0 (compatible; MJ12bot/v1.4.8; http://mj12bot.com/)"
147.135.212.201 - - [03/May/2026:10:22:13 +0000] "GET /cd/page-49/?amp;sort_order=desc&layout=products_without_options&sort_by=popularity&sort_order=asc&layout=products_without_options HTTP/1.1" 404 - "-" "Mozilla/5.0 (compatible; MJ12bot/v1.4.8; http://mj12bot.com/)"
147.135.212.201 - - [03/May/2026:10:22:15 +0000] "GET /cd/page-49/?amp;sort_order=desc&layout=products_without_options&sort_by=popularity&sort_order=desc HTTP/1.1" 404 - "-" "Mozilla/5.0 (compatible; MJ12bot/v1.4.8; http://mj12bot.com/)"
147.135.212.201 - - [03/May/2026:10:22:16 +0000] "GET /cd/page-49/?amp;sort_order=desc&layout=products_without_options&sort_by=popularity&sort_order=desc&layout=products_multicolumns HTTP/1.1" 404 - "-" "Mozilla/5.0 (compatible; MJ12bot/v1.4.8; http://mj12bot.com/)"
147.135.212.201 - - [03/May/2026:10:22:18 +0000] "GET /cd/page-49/?amp;sort_order=desc&layout=products_without_options&sort_by=price&sort_order=asc HTTP/1.1" 404 - "-" "Mozilla/5.0 (compatible; MJ12bot/v1.4.8; http://mj12bot.com/)"
147.135.212.201 - - [03/May/2026:10:22:20 +0000] "GET /cd/page-49/?amp;sort_order=desc&layout=products_without_options&sort_by=price&sort_order=desc HTTP/1.1" 404 - "-" "Mozilla/5.0 (compatible; MJ12bot/v1.4.8; http://mj12bot.com/)"
147.135.212.201 - - [03/May/2026:10:22:22 +0000] "GET /cd/page-49/?amp;sort_order=desc&layout=products_without_options&sort_by=product&sort_order=asc HTTP/1.1" 404 - "-" "Mozilla/5.0 (compatible; MJ12bot/v1.4.8; http://mj12bot.com/)"
147.135.212.201 - - [03/May/2026:10:22:24 +0000] "GET /cd/page-49/?amp;sort_order=desc&layout=products_without_options&sort_by=timestamp&sort_order=desc HTTP/1.1" 404 - "-" "Mozilla/5.0 (compatible; MJ12bot/v1.4.8; http://mj12bot.com/)"
147.135.212.201 - - [03/May/2026:10:22:26 +0000] "GET /cd/page-49/?amp;sort_order=desc&layout=products_without_options&sort_by=timestamp&sort_order=desc&layout=products_multicolumns HTTP/1.1" 404 - "-" "Mozilla/5.0 (compatible; MJ12bot/v1.4.8; http://mj12bot.com/)"
147.135.212.201 - - [03/May/2026:10:22:28 +0000] "GET /cd/page-49/?sort_by=timestamp&sort_order=desc&layout=products_without_options HTTP/1.1" 404 - "-" "Mozilla/5.0 (compatible; MJ12bot/v1.4.8; http://mj12bot.com/)"
147.135.212.201 - - [03/May/2026:10:22:29 +0000] "GET /cd/page-5/?amp;amp;sort_order=desc&layout=products_without_options&items_per_page=12 HTTP/1.1" 404 - "-" "Mozilla/5.0 (compatible; MJ12bot/v1.4.8; http://mj12bot.com/)"
147.135.212.201 - - [03/May/2026:10:22:31 +0000] "GET /cd/page-5/?amp;amp;sort_order=desc&layout=products_without_options&items_per_page=12&sort_by=timestamp&sort_order=desc HTTP/1.1" 404 - "-" "Mozilla/5.0 (compatible; MJ12bot/v1.4.8; http://mj12bot.com/)"
147.135.212.201 - - [03/May/2026:10:22:33 +0000] "GET /cd/page-5/?amp;amp;sort_order=desc&layout=products_without_options&items_per_page=24 HTTP/1.1" 404 - "-" "Mozilla/5.0 (compatible; MJ12bot/v1.4.8; http://mj12bot.com/)"
114.119.150.16 - - [03/May/2026:10:22:35 +0000] "GET /comedy/?items_per_page=12&sort_by=product&sort_order=desc&layout=products_multicolumns HTTP/1.1" 404 - "https://thuyngashop.com/comedy/?items_per_page=12&sort_by=product&sort_order=asc&layout=products_multicolumns" "Mozilla/5.0 (Linux; Android 7.0;) AppleWebKit/537.36 (HTML, like Gecko) Mobile Safari/537.36 (compatible; PetalBot;+https://webmaster.petalsearch.com/site/petalbot)"
147.135.212.201 - - [03/May/2026:10:22:35 +0000] "GET /cd/page-5/?amp;amp;sort_order=desc&layout=products_without_options&items_per_page=24&sort_by=timestamp&sort_order=desc HTTP/1.1" 404 - "-" "Mozilla/5.0 (compatible; MJ12bot/v1.4.8; http://mj12bot.com/)"
147.135.212.201 - - [03/May/2026:10:22:37 +0000] "GET /cd/page-5/?amp;amp;sort_order=desc&layout=products_without_options&items_per_page=48 HTTP/1.1" 404 - "-" "Mozilla/5.0 (compatible; MJ12bot/v1.4.8; http://mj12bot.com/)"
147.135.212.201 - - [03/May/2026:10:22:39 +0000] "GET /cd/page-5/?amp;amp;sort_order=desc&layout=products_without_options&items_per_page=48&sort_by=timestamp&sort_order=desc HTTP/1.1" 404 - "-" "Mozilla/5.0 (compatible; MJ12bot/v1.4.8; http://mj12bot.com/)"
147.135.212.201 - - [03/May/2026:10:22:40 +0000] "GET /cd/page-5/?amp;amp;sort_order=desc&layout=products_without_options&items_per_page=96 HTTP/1.1" 404 - "-" "Mozilla/5.0 (compatible; MJ12bot/v1.4.8; http://mj12bot.com/)"
147.135.212.201 - - [03/May/2026:10:22:42 +0000] "GET /cd/page-5/?amp;amp;sort_order=desc&layout=products_without_options&items_per_page=96&sort_by=timestamp&sort_order=desc HTTP/1.1" 404 - "-" "Mozilla/5.0 (compatible; MJ12bot/v1.4.8; http://mj12bot.com/)"
147.135.212.201 - - [03/May/2026:10:22:44 +0000] "GET /cd/page-5/?amp;amp;sort_order=desc&layout=products_without_options&sort_by=popularity&sort_order=asc&layout=products_without_options HTTP/1.1" 404 - "-" "Mozilla/5.0 (compatible; MJ12bot/v1.4.8; http://mj12bot.com/)"
147.135.212.201 - - [03/May/2026:10:22:46 +0000] "GET /cd/page-5/?amp;amp;sort_order=desc&layout=products_without_options&sort_by=popularity&sort_order=desc HTTP/1.1" 404 - "-" "Mozilla/5.0 (compatible; MJ12bot/v1.4.8; http://mj12bot.com/)"
147.135.212.201 - - [03/May/2026:10:22:48 +0000] "GET /cd/page-5/?amp;amp;sort_order=desc&layout=products_without_options&sort_by=popularity&sort_order=desc&layout=products_multicolumns HTTP/1.1" 404 - "-" "Mozilla/5.0 (compatible; MJ12bot/v1.4.8; http://mj12bot.com/)"
147.135.212.201 - - [03/May/2026:10:22:49 +0000] "GET /cd/page-5/?amp;amp;sort_order=desc&layout=products_without_options&sort_by=price&sort_order=asc HTTP/1.1" 404 - "-" "Mozilla/5.0 (compatible; MJ12bot/v1.4.8; http://mj12bot.com/)"
147.135.212.201 - - [03/May/2026:10:22:51 +0000] "GET /cd/page-5/?amp;amp;sort_order=desc&layout=products_without_options&sort_by=price&sort_order=desc HTTP/1.1" 404 - "-" "Mozilla/5.0 (compatible; MJ12bot/v1.4.8; http://mj12bot.com/)"
147.135.212.201 - - [03/May/2026:10:22:53 +0000] "GET /cd/page-5/?amp;amp;sort_order=desc&layout=products_without_options&sort_by=product&sort_order=asc HTTP/1.1" 404 - "-" "Mozilla/5.0 (compatible; MJ12bot/v1.4.8; http://mj12bot.com/)"
147.135.212.201 - - [03/May/2026:10:22:55 +0000] "GET /cd/page-5/?amp;amp;sort_order=desc&layout=products_without_options&sort_by=product&sort_order=desc HTTP/1.1" 404 - "-" "Mozilla/5.0 (compatible; MJ12bot/v1.4.8; http://mj12bot.com/)"
147.135.212.201 - - [03/May/2026:10:22:56 +0000] "GET /cd/page-5/?amp;amp;sort_order=desc&layout=products_without_options&sort_by=timestamp&sort_order=asc&layout=products_without_options HTTP/1.1" 404 - "-" "Mozilla/5.0 (compatible; MJ12bot/v1.4.8; http://mj12bot.com/)"
147.135.212.201 - - [03/May/2026:10:22:58 +0000] "GET /cd/page-5/?amp;amp;sort_order=desc&layout=products_without_options&sort_by=timestamp&sort_order=desc HTTP/1.1" 404 - "-" "Mozilla/5.0 (compatible; MJ12bot/v1.4.8; http://mj12bot.com/)"
147.135.212.201 - - [03/May/2026:10:23:00 +0000] "GET /cd/page-5/?amp;amp;sort_order=desc&layout=products_without_options&sort_by=timestamp&sort_order=desc&layout=products_multicolumns HTTP/1.1" 404 - "-" "Mozilla/5.0 (compatible; MJ12bot/v1.4.8; http://mj12bot.com/)"
147.135.212.201 - - [03/May/2026:10:23:01 +0000] "GET /cd/page-5/?amp;amp;sort_order=desc&layout=products_without_options&items_per_page=12&sort_by=popularity&sort_order=desc HTTP/1.1" 404 - "-" "Mozilla/5.0 (compatible; MJ12bot/v1.4.8; http://mj12bot.com/)"
147.135.212.201 - - [03/May/2026:10:23:03 +0000] "GET /cd/page-5/?amp;amp;sort_order=desc&layout=products_without_options&items_per_page=12&sort_by=price&sort_order=asc HTTP/1.1" 404 - "-" "Mozilla/5.0 (compatible; MJ12bot/v1.4.8; http://mj12bot.com/)"
147.135.212.201 - - [03/May/2026:10:23:04 +0000] "GET /cd/page-5/?amp;amp;sort_order=desc&layout=products_without_options&items_per_page=12&sort_by=price&sort_order=desc HTTP/1.1" 404 - "-" "Mozilla/5.0 (compatible; MJ12bot/v1.4.8; http://mj12bot.com/)"
164.40.244.90 - - [03/May/2026:10:23:05 +0000] "-" 408 - "-" "-"
147.135.212.201 - - [03/May/2026:10:23:06 +0000] "GET /cd/page-5/?amp;amp;sort_order=desc&layout=products_without_options&items_per_page=12&sort_by=product&sort_order=asc HTTP/1.1" 404 - "-" "Mozilla/5.0 (compatible; MJ12bot/v1.4.8; http://mj12bot.com/)"
147.135.212.201 - - [03/May/2026:10:23:08 +0000] "GET /cd/page-5/?amp;amp;sort_order=desc&layout=products_without_options&items_per_page=12&sort_by=product&sort_order=desc HTTP/1.1" 404 - "-" "Mozilla/5.0 (compatible; MJ12bot/v1.4.8; http://mj12bot.com/)"
147.135.212.201 - - [03/May/2026:10:23:10 +0000] "GET /cd/page-5/?amp;amp;sort_order=desc&layout=products_without_options&items_per_page=24&sort_by=popularity&sort_order=desc HTTP/1.1" 404 - "-" "Mozilla/5.0 (compatible; MJ12bot/v1.4.8; http://mj12bot.com/)"
147.135.212.201 - - [03/May/2026:10:23:11 +0000] "GET /cd/page-5/?amp;amp;sort_order=desc&layout=products_without_options&items_per_page=24&sort_by=price&sort_order=asc HTTP/1.1" 404 - "-" "Mozilla/5.0 (compatible; MJ12bot/v1.4.8; http://mj12bot.com/)"
147.135.212.201 - - [03/May/2026:10:23:13 +0000] "GET /cd/page-5/?amp;amp;sort_order=desc&layout=products_without_options&items_per_page=24&sort_by=price&sort_order=desc HTTP/1.1" 404 - "-" "Mozilla/5.0 (compatible; MJ12bot/v1.4.8; http://mj12bot.com/)"
147.135.212.201 - - [03/May/2026:10:23:14 +0000] "GET /cd/page-5/?amp;amp;sort_order=desc&layout=products_without_options&items_per_page=24&sort_by=product&sort_order=asc HTTP/1.1" 404 - "-" "Mozilla/5.0 (compatible; MJ12bot/v1.4.8; http://mj12bot.com/)"
147.135.212.201 - - [03/May/2026:10:23:16 +0000] "GET /cd/page-5/?amp;amp;sort_order=desc&layout=products_without_options&items_per_page=24&sort_by=product&sort_order=desc HTTP/1.1" 404 - "-" "Mozilla/5.0 (compatible; MJ12bot/v1.4.8; http://mj12bot.com/)"
147.135.212.201 - - [03/May/2026:10:23:18 +0000] "GET /cd/page-5/?amp;sort_order=desc&layout=products_without_options&items_per_page=24&items_per_page=12 HTTP/1.1" 404 - "-" "Mozilla/5.0 (compatible; MJ12bot/v1.4.8; http://mj12bot.com/)"
147.135.212.201 - - [03/May/2026:10:23:19 +0000] "GET /cd/page-5/?amp;sort_order=desc&layout=products_without_options&items_per_page=24&items_per_page=24 HTTP/1.1" 404 - "-" "Mozilla/5.0 (compatible; MJ12bot/v1.4.8; http://mj12bot.com/)"
147.135.212.201 - - [03/May/2026:10:23:21 +0000] "GET /cd/page-5/?amp;sort_order=desc&layout=products_without_options&items_per_page=24&items_per_page=48 HTTP/1.1" 404 - "-" "Mozilla/5.0 (compatible; MJ12bot/v1.4.8; http://mj12bot.com/)"
147.135.212.201 - - [03/May/2026:10:23:22 +0000] "GET /cd/page-5/?amp;sort_order=desc&layout=products_without_options&items_per_page=24&items_per_page=96 HTTP/1.1" 404 - "-" "Mozilla/5.0 (compatible; MJ12bot/v1.4.8; http://mj12bot.com/)"
147.135.212.201 - - [03/May/2026:10:23:24 +0000] "GET /cd/page-5/?amp;sort_order=desc&layout=products_without_options&items_per_page=12 HTTP/1.1" 404 - "-" "Mozilla/5.0 (compatible; MJ12bot/v1.4.8; http://mj12bot.com/)"
147.135.212.201 - - [03/May/2026:10:23:26 +0000] "GET /cd/page-5/?amp;sort_order=desc&layout=products_without_options&items_per_page=12&sort_by=timestamp&sort_order=desc HTTP/1.1" 404 - "-" "Mozilla/5.0 (compatible; MJ12bot/v1.4.8; http://mj12bot.com/)"
147.135.212.201 - - [03/May/2026:10:23:27 +0000] "GET /cd/page-5/?amp;sort_order=desc&layout=products_without_options&items_per_page=24 HTTP/1.1" 404 - "-" "Mozilla/5.0 (compatible; MJ12bot/v1.4.8; http://mj12bot.com/)"
147.135.212.201 - - [03/May/2026:10:23:29 +0000] "GET /cd/page-5/?amp;sort_order=desc&layout=products_without_options&items_per_page=24&sort_by=timestamp&sort_order=desc HTTP/1.1" 404 - "-" "Mozilla/5.0 (compatible; MJ12bot/v1.4.8; http://mj12bot.com/)"
147.135.212.201 - - [03/May/2026:10:23:30 +0000] "GET /cd/page-5/?amp;sort_order=desc&layout=products_without_options&items_per_page=48 HTTP/1.1" 404 - "-" "Mozilla/5.0 (compatible; MJ12bot/v1.4.8; http://mj12bot.com/)"
147.135.212.201 - - [03/May/2026:10:23:32 +0000] "GET /cd/page-5/?amp;sort_order=desc&layout=products_without_options&items_per_page=48&sort_by=timestamp&sort_order=desc HTTP/1.1" 404 - "-" "Mozilla/5.0 (compatible; MJ12bot/v1.4.8; http://mj12bot.com/)"
147.135.212.201 - - [03/May/2026:10:23:33 +0000] "GET /cd/page-5/?amp;sort_order=desc&layout=products_without_options&items_per_page=96 HTTP/1.1" 404 - "-" "Mozilla/5.0 (compatible; MJ12bot/v1.4.8; http://mj12bot.com/)"
147.135.212.201 - - [03/May/2026:10:23:35 +0000] "GET /cd/page-5/?amp;sort_order=desc&layout=products_without_options&sort_by=popularity&sort_order=asc&layout=products_without_options HTTP/1.1" 404 - "-" "Mozilla/5.0 (compatible; MJ12bot/v1.4.8; http://mj12bot.com/)"
147.135.212.201 - - [03/May/2026:10:23:37 +0000] "GET /cd/page-5/?amp;sort_order=desc&layout=products_without_options&sort_by=popularity&sort_order=desc HTTP/1.1" 404 - "-" "Mozilla/5.0 (compatible; MJ12bot/v1.4.8; http://mj12bot.com/)"
147.135.212.201 - - [03/May/2026:10:23:38 +0000] "GET /cd/page-5/?amp;sort_order=desc&layout=products_without_options&sort_by=popularity&sort_order=desc&layout=products_multicolumns HTTP/1.1" 404 - "-" "Mozilla/5.0 (compatible; MJ12bot/v1.4.8; http://mj12bot.com/)"
147.135.212.201 - - [03/May/2026:10:23:40 +0000] "GET /cd/page-5/?amp;sort_order=desc&layout=products_without_options&sort_by=price&sort_order=asc HTTP/1.1" 404 - "-" "Mozilla/5.0 (compatible; MJ12bot/v1.4.8; http://mj12bot.com/)"
147.135.212.201 - - [03/May/2026:10:23:41 +0000] "GET /cd/page-5/?amp;sort_order=desc&layout=products_without_options&sort_by=price&sort_order=desc HTTP/1.1" 404 - "-" "Mozilla/5.0 (compatible; MJ12bot/v1.4.8; http://mj12bot.com/)"
147.135.212.201 - - [03/May/2026:10:23:43 +0000] "GET /cd/page-5/?amp;sort_order=desc&layout=products_without_options&sort_by=product&sort_order=asc HTTP/1.1" 404 - "-" "Mozilla/5.0 (compatible; MJ12bot/v1.4.8; http://mj12bot.com/)"
147.135.212.201 - - [03/May/2026:10:23:44 +0000] "GET /cd/page-5/?amp;sort_order=desc&layout=products_without_options&sort_by=product&sort_order=desc HTTP/1.1" 404 - "-" "Mozilla/5.0 (compatible; MJ12bot/v1.4.8; http://mj12bot.com/)"
114.119.139.183 - - [03/May/2026:10:23:45 +0000] "GET /blu-ray?items_per_page=48&sort_by=timestamp&sort_order=asc&layout=products_multicolumns HTTP/1.1" 404 - "-" "Mozilla/5.0 (Linux; Android 7.0;) AppleWebKit/537.36 (HTML, like Gecko) Mobile Safari/537.36 (compatible; PetalBot;+https://webmaster.petalsearch.com/site/petalbot)"
147.135.212.201 - - [03/May/2026:10:23:46 +0000] "GET /cd/page-5/?amp;sort_order=desc&layout=products_without_options&sort_by=timestamp&sort_order=desc&layout=products_multicolumns HTTP/1.1" 404 - "-" "Mozilla/5.0 (compatible; MJ12bot/v1.4.8; http://mj12bot.com/)"
147.135.212.201 - - [03/May/2026:10:23:48 +0000] "GET /cd/page-5/?sort_by=timestamp&sort_order=desc&layout=products_without_options HTTP/1.1" 404 - "-" "Mozilla/5.0 (compatible; MJ12bot/v1.4.8; http://mj12bot.com/)"
147.135.212.201 - - [03/May/2026:10:23:49 +0000] "GET /cd/page-50/?amp;amp;sort_order=desc&layout=products_without_options&items_per_page=12 HTTP/1.1" 404 - "-" "Mozilla/5.0 (compatible; MJ12bot/v1.4.8; http://mj12bot.com/)"
147.135.212.201 - - [03/May/2026:10:23:51 +0000] "GET /cd/page-50/?amp;amp;sort_order=desc&layout=products_without_options&sort_by=popularity&sort_order=asc&layout=products_without_options HTTP/1.1" 404 - "-" "Mozilla/5.0 (compatible; MJ12bot/v1.4.8; http://mj12bot.com/)"
147.135.212.201 - - [03/May/2026:10:23:52 +0000] "GET /cd/page-50/?amp;amp;sort_order=desc&layout=products_without_options&sort_by=popularity&sort_order=desc HTTP/1.1" 404 - "-" "Mozilla/5.0 (compatible; MJ12bot/v1.4.8; http://mj12bot.com/)"
147.135.212.201 - - [03/May/2026:10:23:54 +0000] "GET /cd/page-50/?amp;amp;sort_order=desc&layout=products_without_options&sort_by=popularity&sort_order=desc&layout=products_multicolumns HTTP/1.1" 404 - "-" "Mozilla/5.0 (compatible; MJ12bot/v1.4.8; http://mj12bot.com/)"
147.135.212.201 - - [03/May/2026:10:23:56 +0000] "GET /cd/page-50/?amp;amp;sort_order=desc&layout=products_without_options&sort_by=price&sort_order=asc HTTP/1.1" 404 - "-" "Mozilla/5.0 (compatible; MJ12bot/v1.4.8; http://mj12bot.com/)"
147.135.212.201 - - [03/May/2026:10:23:57 +0000] "GET /cd/page-50/?amp;amp;sort_order=desc&layout=products_without_options&sort_by=price&sort_order=desc HTTP/1.1" 404 - "-" "Mozilla/5.0 (compatible; MJ12bot/v1.4.8; http://mj12bot.com/)"
147.135.212.201 - - [03/May/2026:10:23:59 +0000] "GET /cd/page-50/?amp;amp;sort_order=desc&layout=products_without_options&sort_by=product&sort_order=asc HTTP/1.1" 404 - "-" "Mozilla/5.0 (compatible; MJ12bot/v1.4.8; http://mj12bot.com/)"
147.135.212.201 - - [03/May/2026:10:24:00 +0000] "GET /cd/page-50/?amp;amp;sort_order=desc&layout=products_without_options&sort_by=product&sort_order=desc HTTP/1.1" 404 - "-" "Mozilla/5.0 (compatible; MJ12bot/v1.4.8; http://mj12bot.com/)"
147.135.212.201 - - [03/May/2026:10:24:02 +0000] "GET /cd/page-50/?amp;amp;sort_order=desc&layout=products_without_options&sort_by=timestamp&sort_order=asc&layout=products_without_options HTTP/1.1" 404 - "-" "Mozilla/5.0 (compatible; MJ12bot/v1.4.8; http://mj12bot.com/)"
147.135.212.201 - - [03/May/2026:10:24:03 +0000] "GET /cd/page-50/?amp;amp;sort_order=desc&layout=products_without_options&sort_by=timestamp&sort_order=desc HTTP/1.1" 404 - "-" "Mozilla/5.0 (compatible; MJ12bot/v1.4.8; http://mj12bot.com/)"
147.135.212.201 - - [03/May/2026:10:24:04 +0000] "GET /cd/page-50/?amp;amp;sort_order=desc&layout=products_without_options&sort_by=timestamp&sort_order=desc&layout=products_multicolumns HTTP/1.1" 404 - "-" "Mozilla/5.0 (compatible; MJ12bot/v1.4.8; http://mj12bot.com/)"
147.135.212.201 - - [03/May/2026:10:24:06 +0000] "GET /cd/page-50/?amp;amp;sort_order=desc&layout=products_without_options&items_per_page=12&sort_by=popularity&sort_order=desc HTTP/1.1" 404 - "-" "Mozilla/5.0 (compatible; MJ12bot/v1.4.8; http://mj12bot.com/)"
147.135.212.201 - - [03/May/2026:10:24:07 +0000] "GET /cd/page-50/?amp;amp;sort_order=desc&layout=products_without_options&items_per_page=12&sort_by=price&sort_order=asc HTTP/1.1" 404 - "-" "Mozilla/5.0 (compatible; MJ12bot/v1.4.8; http://mj12bot.com/)"
147.135.212.201 - - [03/May/2026:10:24:09 +0000] "GET /cd/page-50/?amp;amp;sort_order=desc&layout=products_without_options&items_per_page=12&sort_by=price&sort_order=desc HTTP/1.1" 404 - "-" "Mozilla/5.0 (compatible; MJ12bot/v1.4.8; http://mj12bot.com/)"
147.135.212.201 - - [03/May/2026:10:24:10 +0000] "GET /cd/page-50/?amp;amp;sort_order=desc&layout=products_without_options&items_per_page=12&sort_by=product&sort_order=asc HTTP/1.1" 404 - "-" "Mozilla/5.0 (compatible; MJ12bot/v1.4.8; http://mj12bot.com/)"
147.135.212.201 - - [03/May/2026:10:24:12 +0000] "GET /cd/page-50/?amp;amp;sort_order=desc&layout=products_without_options&items_per_page=12&sort_by=product&sort_order=desc HTTP/1.1" 404 - "-" "Mozilla/5.0 (compatible; MJ12bot/v1.4.8; http://mj12bot.com/)"
112.197.240.44 - - [03/May/2026:10:24:13 +0000] "GET /favicon.ico HTTP/1.1" 404 - "https://thuyngashop.com/" "Mozilla/5.0 (Linux; Android 11; SAMSUNG SM-A025F) AppleWebKit/537.36 (KHTML, like Gecko) SamsungBrowser/13.2 Chrome/83.0.4103.106 Mobile Safari/537.36"
147.135.212.201 - - [03/May/2026:10:24:13 +0000] "GET /cd/page-50/?amp;amp;sort_order=desc&layout=products_without_options&items_per_page=12&sort_by=timestamp&sort_order=desc HTTP/1.1" 404 - "-" "Mozilla/5.0 (compatible; MJ12bot/v1.4.8; http://mj12bot.com/)"
147.135.212.201 - - [03/May/2026:10:24:15 +0000] "GET /cd/page-50/?amp;sort_order=desc&layout=products_without_options&items_per_page=24&items_per_page=12 HTTP/1.1" 404 - "-" "Mozilla/5.0 (compatible; MJ12bot/v1.4.8; http://mj12bot.com/)"
52.167.144.235 - - [03/May/2026:10:24:16 +0000] "GET /cd/page-10/?sort_by=popularity&sort_order=asc HTTP/1.1" 404 - "-" "Mozilla/5.0 AppleWebKit/537.36 (KHTML, like Gecko; compatible; bingbot/2.0; +http://www.bing.com/bingbot.htm) Chrome/116.0.1938.76 Safari/537.36"
147.135.212.201 - - [03/May/2026:10:24:16 +0000] "GET /cd/page-50/?amp;sort_order=desc&layout=products_without_options&items_per_page=12 HTTP/1.1" 404 - "-" "Mozilla/5.0 (compatible; MJ12bot/v1.4.8; http://mj12bot.com/)"
147.135.212.201 - - [03/May/2026:10:24:18 +0000] "GET /cd/page-50/?amp;sort_order=desc&layout=products_without_options&sort_by=popularity&sort_order=desc&layout=products_multicolumns HTTP/1.1" 404 - "-" "Mozilla/5.0 (compatible; MJ12bot/v1.4.8; http://mj12bot.com/)"
147.135.212.201 - - [03/May/2026:10:24:19 +0000] "GET /cd/page-6/?amp;amp;sort_order=desc&layout=products_without_options&items_per_page=24&sort_by=product&sort_order=asc HTTP/1.1" 404 - "-" "Mozilla/5.0 (compatible; MJ12bot/v1.4.8; http://mj12bot.com/)"
40.77.167.78 - - [03/May/2026:10:24:20 +0000] "GET /index.php?dispatch=products.quick_view&product_id=1190&n_items=984%2C1164%2C1179%2C1181%2C1182%2C1184%2C1188%2C1185%2C1189%2C1190%2C1211%2C1217 HTTP/1.1" 404 - "-" "Mozilla/5.0 AppleWebKit/537.36 (KHTML, like Gecko; compatible; bingbot/2.0; +http://www.bing.com/bingbot.htm) Chrome/116.0.1938.76 Safari/537.36"
147.135.212.201 - - [03/May/2026:10:24:21 +0000] "GET /cd/page-6/?amp;amp;sort_order=desc&layout=products_without_options&items_per_page=24&sort_by=product&sort_order=desc HTTP/1.1" 404 - "-" "Mozilla/5.0 (compatible; MJ12bot/v1.4.8; http://mj12bot.com/)"
147.135.212.201 - - [03/May/2026:10:24:22 +0000] "GET /cd/page-6/?amp;sort_order=desc&layout=products_without_options&items_per_page=24&items_per_page=12 HTTP/1.1" 404 - "-" "Mozilla/5.0 (compatible; MJ12bot/v1.4.8; http://mj12bot.com/)"
147.135.212.201 - - [03/May/2026:10:24:24 +0000] "GET /cd/page-6/?amp;sort_order=desc&layout=products_without_options&items_per_page=24&items_per_page=24 HTTP/1.1" 404 - "-" "Mozilla/5.0 (compatible; MJ12bot/v1.4.8; http://mj12bot.com/)"
147.135.212.201 - - [03/May/2026:10:24:25 +0000] "GET /cd/page-6/?amp;sort_order=desc&layout=products_without_options&items_per_page=24&items_per_page=48 HTTP/1.1" 404 - "-" "Mozilla/5.0 (compatible; MJ12bot/v1.4.8; http://mj12bot.com/)"
147.135.212.201 - - [03/May/2026:10:24:27 +0000] "GET /cd/page-6/?amp;sort_order=desc&layout=products_without_options&items_per_page=24&items_per_page=96 HTTP/1.1" 404 - "-" "Mozilla/5.0 (compatible; MJ12bot/v1.4.8; http://mj12bot.com/)"
147.135.212.201 - - [03/May/2026:10:24:28 +0000] "GET /cd/page-6/?amp;sort_order=desc&layout=products_without_options&items_per_page=12 HTTP/1.1" 404 - "-" "Mozilla/5.0 (compatible; MJ12bot/v1.4.8; http://mj12bot.com/)"
147.135.212.201 - - [03/May/2026:10:24:30 +0000] "GET /cd/page-6/?amp;sort_order=desc&layout=products_without_options&items_per_page=12&sort_by=timestamp&sort_order=desc HTTP/1.1" 404 - "-" "Mozilla/5.0 (compatible; MJ12bot/v1.4.8; http://mj12bot.com/)"
147.135.212.201 - - [03/May/2026:10:24:32 +0000] "GET /cd/page-6/?amp;sort_order=desc&layout=products_without_options&items_per_page=24 HTTP/1.1" 404 - "-" "Mozilla/5.0 (compatible; MJ12bot/v1.4.8; http://mj12bot.com/)"
147.135.212.201 - - [03/May/2026:10:24:33 +0000] "GET /cd/page-6/?amp;sort_order=desc&layout=products_without_options&items_per_page=24&sort_by=timestamp&sort_order=desc HTTP/1.1" 404 - "-" "Mozilla/5.0 (compatible; MJ12bot/v1.4.8; http://mj12bot.com/)"
