40.77.167.78 - - [03/May/2026:01:18:54 +0000] "GET /index.php?subcats=Y&status=A&pshort=Y&pfull=Y&pname=Y&pkeywords=Y&ppcode=Y&search_performed=Y&hint_q=Search+products&dispatch=products.search&page=48&sort_by=popularity&sort_order=desc HTTP/1.1" 404 - "-" "Mozilla/5.0 AppleWebKit/537.36 (KHTML, like Gecko; compatible; bingbot/2.0; +http://www.bing.com/bingbot.htm) Chrome/116.0.1938.76 Safari/537.36"
114.119.149.1 - - [03/May/2026:01:19:33 +0000] "GET /paris-by-night-dvd/page-4/?items_per_page=12&sort_by=product&sort_order=desc HTTP/1.1" 404 - "https://thuyngashop.com/paris-by-night-dvd/page-4/?items_per_page=12&sort_by=price&sort_order=desc" "Mozilla/5.0 (Linux; Android 7.0;) AppleWebKit/537.36 (HTML, like Gecko) Mobile Safari/537.36 (compatible; PetalBot;+https://webmaster.petalsearch.com/site/petalbot)"
52.167.144.24 - - [03/May/2026:01:19:50 +0000] "GET /index.php?subcats=Y&status=A&pshort=Y&pfull=Y&pname=Y&pkeywords=Y&ppcode=Y&search_performed=Y&hint_q=Search+products&dispatch=products.search&items_per_page=48&sort_by=product&sort_order=asc&page=3 HTTP/1.1" 404 - "-" "Mozilla/5.0 AppleWebKit/537.36 (KHTML, like Gecko; compatible; bingbot/2.0; +http://www.bing.com/bingbot.htm) Chrome/116.0.1938.76 Safari/537.36"
114.119.162.251 - - [03/May/2026:01:20:57 +0000] "GET /paris-by-night-dvd/page-3?items_per_page=24&sort_by=popularity&sort_order=desc&layout=products_multicolumns HTTP/1.1" 404 - "https://thuyngashop.com/paris-by-night-dvd/page-2?items_per_page=24&sort_by=popularity&sort_order=desc&layout=products_multicolumns" "Mozilla/5.0 (Linux; Android 7.0;) AppleWebKit/537.36 (HTML, like Gecko) Mobile Safari/537.36 (compatible; PetalBot;+https://webmaster.petalsearch.com/site/petalbot)"
45.12.3.135 - - [03/May/2026:01:21:48 +0000] "GET //plugins/generic/pdfJsViewer/pdf.js/web/viewer.html HTTP/1.1" 404 - "-" "Mozilla/5.0 (Windows NT 10.0; Win64; x64; rv:81.0) Gecko/20100101 Firefox/81.0"
114.119.149.1 - - [03/May/2026:01:22:23 +0000] "GET /paris-by-night-dvd/page-3/?items_per_page=12&sort_by=product&sort_order=desc&layout=products_multicolumns HTTP/1.1" 404 - "https://thuyngashop.com/paris-by-night-dvd/page-3?items_per_page=12&sort_by=product&sort_order=asc" "Mozilla/5.0 (Linux; Android 7.0;) AppleWebKit/537.36 (HTML, like Gecko) Mobile Safari/537.36 (compatible; PetalBot;+https://webmaster.petalsearch.com/site/petalbot)"
67.213.150.48 - - [03/May/2026:01:22:41 +0000] "GET /karaoke/page-6/?items_per_page=12&layout=products_multicolumns&sort_by=price&sort_order=asc HTTP/1.1" 404 - "-" "Mozilla/5.0 (Windows NT 10.0; Win64; x64) AppleWebKit/537.36 (KHTML, like Gecko) Chrome/81.0.4044.113 Safari/537.36"
212.227.21.19 - - [03/May/2026:01:22:44 +0000] "GET /robots.txt HTTP/1.1" 404 - "-" "Mozilla/5.0 (compatible; MJ12bot/v1.4.8; http://mj12bot.com/)"
212.227.21.19 - - [03/May/2026:01:22:46 +0000] "GET /.well-known/README.md HTTP/1.1" 200 404 "-" "Mozilla/5.0 (compatible; MJ12bot/v1.4.8; http://mj12bot.com/)"
212.227.21.19 - - [03/May/2026:01:22:48 +0000] "GET /.well-known/pki-validation/ HTTP/1.1" 404 - "-" "Mozilla/5.0 (compatible; MJ12bot/v1.4.8; http://mj12bot.com/)"
212.227.21.19 - - [03/May/2026:01:22:50 +0000] "GET /cd/page-13/?amp;sort_order=desc&layout=products_without_options&items_per_page=24&sort_by=timestamp&sort_order=desc HTTP/1.1" 404 - "-" "Mozilla/5.0 (compatible; MJ12bot/v1.4.8; http://mj12bot.com/)"
212.227.21.19 - - [03/May/2026:01:22:52 +0000] "GET /cd/page-13/?amp;sort_order=desc&layout=products_without_options&items_per_page=48 HTTP/1.1" 404 - "-" "Mozilla/5.0 (compatible; MJ12bot/v1.4.8; http://mj12bot.com/)"
212.227.21.19 - - [03/May/2026:01:22:54 +0000] "GET /cd/page-13/?sort_by=timestamp&sort_order=desc&layout=products_without_options HTTP/1.1" 404 - "-" "Mozilla/5.0 (compatible; MJ12bot/v1.4.8; http://mj12bot.com/)"
212.227.21.19 - - [03/May/2026:01:22:56 +0000] "GET /cd/page-14/?amp;sort_order=desc&layout=products_without_options&sort_by=timestamp&sort_order=desc HTTP/1.1" 404 - "-" "Mozilla/5.0 (compatible; MJ12bot/v1.4.8; http://mj12bot.com/)"
212.227.21.19 - - [03/May/2026:01:22:58 +0000] "GET /cd/page-14/?amp;sort_order=desc&layout=products_without_options&sort_by=timestamp&sort_order=desc&layout=products_multicolumns HTTP/1.1" 404 - "-" "Mozilla/5.0 (compatible; MJ12bot/v1.4.8; http://mj12bot.com/)"
212.227.21.19 - - [03/May/2026:01:23:00 +0000] "GET /cd/page-14/?sort_by=timestamp&sort_order=desc&layout=products_without_options HTTP/1.1" 404 - "-" "Mozilla/5.0 (compatible; MJ12bot/v1.4.8; http://mj12bot.com/)"
212.227.21.19 - - [03/May/2026:01:23:02 +0000] "GET /cd/page-15/?amp;amp;sort_order=desc&layout=products_without_options&items_per_page=12 HTTP/1.1" 404 - "-" "Mozilla/5.0 (compatible; MJ12bot/v1.4.8; http://mj12bot.com/)"
212.227.21.19 - - [03/May/2026:01:23:04 +0000] "GET /cd/page-15/?amp;amp;sort_order=desc&layout=products_without_options&sort_by=product&sort_order=asc&layout=products_multicolumns HTTP/1.1" 404 - "-" "Mozilla/5.0 (compatible; MJ12bot/v1.4.8; http://mj12bot.com/)"
212.227.21.19 - - [03/May/2026:01:23:06 +0000] "GET /cd/page-15/?amp;amp;sort_order=desc&layout=products_without_options&sort_by=product&sort_order=asc&layout=products_without_options HTTP/1.1" 404 - "-" "Mozilla/5.0 (compatible; MJ12bot/v1.4.8; http://mj12bot.com/)"
212.227.21.19 - - [03/May/2026:01:23:08 +0000] "GET /cd/page-15/?amp;amp;sort_order=desc&layout=products_without_options&sort_by=product&sort_order=desc&layout=products_without_options HTTP/1.1" 404 - "-" "Mozilla/5.0 (compatible; MJ12bot/v1.4.8; http://mj12bot.com/)"
212.227.21.19 - - [03/May/2026:01:23:10 +0000] "GET /cd/page-15/?amp;sort_order=desc&layout=products_without_options&items_per_page=24&sort_by=price&sort_order=desc HTTP/1.1" 404 - "-" "Mozilla/5.0 (compatible; MJ12bot/v1.4.8; http://mj12bot.com/)"
212.227.21.19 - - [03/May/2026:01:23:12 +0000] "GET /cd/page-15/?amp;sort_order=desc&layout=products_without_options&items_per_page=24&sort_by=product&sort_order=asc HTTP/1.1" 404 - "-" "Mozilla/5.0 (compatible; MJ12bot/v1.4.8; http://mj12bot.com/)"
212.227.21.19 - - [03/May/2026:01:23:14 +0000] "GET /cd/page-15/?amp;sort_order=desc&layout=products_without_options&items_per_page=24&sort_by=product&sort_order=desc HTTP/1.1" 404 - "-" "Mozilla/5.0 (compatible; MJ12bot/v1.4.8; http://mj12bot.com/)"
212.227.21.19 - - [03/May/2026:01:23:16 +0000] "GET /cd/page-15/?amp;sort_order=desc&layout=products_without_options&sort_by=popularity&sort_order=asc&layout=products_multicolumns HTTP/1.1" 404 - "-" "Mozilla/5.0 (compatible; MJ12bot/v1.4.8; http://mj12bot.com/)"
212.227.21.19 - - [03/May/2026:01:23:18 +0000] "GET /cd/page-16/?amp;amp;sort_order=desc&layout=products_without_options&items_per_page=12 HTTP/1.1" 404 - "-" "Mozilla/5.0 (compatible; MJ12bot/v1.4.8; http://mj12bot.com/)"
212.227.21.19 - - [03/May/2026:01:23:20 +0000] "GET /cd/page-16/?amp;amp;sort_order=desc&layout=products_without_options&items_per_page=12&sort_by=price&sort_order=desc HTTP/1.1" 404 - "-" "Mozilla/5.0 (compatible; MJ12bot/v1.4.8; http://mj12bot.com/)"
212.227.21.19 - - [03/May/2026:01:23:22 +0000] "GET /cd/page-16/?amp;amp;sort_order=desc&layout=products_without_options&items_per_page=12&sort_by=product&sort_order=desc HTTP/1.1" 404 - "-" "Mozilla/5.0 (compatible; MJ12bot/v1.4.8; http://mj12bot.com/)"
212.227.21.19 - - [03/May/2026:01:23:24 +0000] "GET /cd/page-16/?amp;amp;sort_order=desc&layout=products_without_options&items_per_page=24 HTTP/1.1" 404 - "-" "Mozilla/5.0 (compatible; MJ12bot/v1.4.8; http://mj12bot.com/)"
212.227.21.19 - - [03/May/2026:01:23:27 +0000] "GET /cd/page-16/?amp;amp;sort_order=desc&layout=products_without_options&items_per_page=24&sort_by=popularity&sort_order=desc HTTP/1.1" 404 - "-" "Mozilla/5.0 (compatible; MJ12bot/v1.4.8; http://mj12bot.com/)"
212.227.21.19 - - [03/May/2026:01:23:29 +0000] "GET /cd/page-16/?amp;amp;sort_order=desc&layout=products_without_options&items_per_page=24&sort_by=price&sort_order=asc HTTP/1.1" 404 - "-" "Mozilla/5.0 (compatible; MJ12bot/v1.4.8; http://mj12bot.com/)"
212.227.21.19 - - [03/May/2026:01:23:31 +0000] "GET /cd/page-16/?amp;amp;sort_order=desc&layout=products_without_options&items_per_page=24&sort_by=price&sort_order=desc HTTP/1.1" 404 - "-" "Mozilla/5.0 (compatible; MJ12bot/v1.4.8; http://mj12bot.com/)"
212.227.21.19 - - [03/May/2026:01:23:33 +0000] "GET /cd/page-16/?amp;amp;sort_order=desc&layout=products_without_options&sort_by=popularity&sort_order=asc&layout=products_without_options HTTP/1.1" 404 - "-" "Mozilla/5.0 (compatible; MJ12bot/v1.4.8; http://mj12bot.com/)"
212.227.21.19 - - [03/May/2026:01:23:35 +0000] "GET /cd/page-16/?amp;amp;sort_order=desc&layout=products_without_options&sort_by=popularity&sort_order=desc HTTP/1.1" 404 - "-" "Mozilla/5.0 (compatible; MJ12bot/v1.4.8; http://mj12bot.com/)"
212.227.21.19 - - [03/May/2026:01:23:37 +0000] "GET /cd/page-16/?amp;amp;sort_order=desc&layout=products_without_options&sort_by=popularity&sort_order=desc&layout=products_multicolumns HTTP/1.1" 404 - "-" "Mozilla/5.0 (compatible; MJ12bot/v1.4.8; http://mj12bot.com/)"
212.227.21.19 - - [03/May/2026:01:23:39 +0000] "GET /cd/page-16/?amp;amp;sort_order=desc&layout=products_without_options&sort_by=popularity&sort_order=desc&layout=products_without_options HTTP/1.1" 404 - "-" "Mozilla/5.0 (compatible; MJ12bot/v1.4.8; http://mj12bot.com/)"
212.227.21.19 - - [03/May/2026:01:23:41 +0000] "GET /cd/page-16/?amp;amp;sort_order=desc&layout=products_without_options&sort_by=price&sort_order=asc HTTP/1.1" 404 - "-" "Mozilla/5.0 (compatible; MJ12bot/v1.4.8; http://mj12bot.com/)"
212.227.21.19 - - [03/May/2026:01:23:43 +0000] "GET /cd/page-16/?amp;amp;sort_order=desc&layout=products_without_options&sort_by=price&sort_order=asc&layout=products_multicolumns HTTP/1.1" 404 - "-" "Mozilla/5.0 (compatible; MJ12bot/v1.4.8; http://mj12bot.com/)"
212.227.21.19 - - [03/May/2026:01:23:46 +0000] "GET /cd/page-16/?amp;amp;sort_order=desc&layout=products_without_options&sort_by=price&sort_order=asc&layout=products_without_options HTTP/1.1" 404 - "-" "Mozilla/5.0 (compatible; MJ12bot/v1.4.8; http://mj12bot.com/)"
114.119.155.115 - - [03/May/2026:01:23:46 +0000] "GET /paris-by-night-133-nguyen-ngoc-ngan-the-farewell.html HTTP/1.1" 404 - "https://thuyngashop.com/paris-by-night-dvd?items_per_page=96" "Mozilla/5.0 (Linux; Android 7.0;) AppleWebKit/537.36 (HTML, like Gecko) Mobile Safari/537.36 (compatible; PetalBot;+https://webmaster.petalsearch.com/site/petalbot)"
212.227.21.19 - - [03/May/2026:01:23:48 +0000] "GET /cd/page-16/?amp;amp;sort_order=desc&layout=products_without_options&sort_by=price&sort_order=desc HTTP/1.1" 404 - "-" "Mozilla/5.0 (compatible; MJ12bot/v1.4.8; http://mj12bot.com/)"
212.227.21.19 - - [03/May/2026:01:23:49 +0000] "GET /cd/page-16/?amp;amp;sort_order=desc&layout=products_without_options&sort_by=price&sort_order=desc&layout=products_multicolumns HTTP/1.1" 404 - "-" "Mozilla/5.0 (compatible; MJ12bot/v1.4.8; http://mj12bot.com/)"
212.227.21.19 - - [03/May/2026:01:23:52 +0000] "GET /cd/page-16/?amp;amp;sort_order=desc&layout=products_without_options&sort_by=price&sort_order=desc&layout=products_without_options HTTP/1.1" 404 - "-" "Mozilla/5.0 (compatible; MJ12bot/v1.4.8; http://mj12bot.com/)"
212.227.21.19 - - [03/May/2026:01:23:54 +0000] "GET /cd/page-16/?amp;amp;sort_order=desc&layout=products_without_options&sort_by=product&sort_order=asc HTTP/1.1" 404 - "-" "Mozilla/5.0 (compatible; MJ12bot/v1.4.8; http://mj12bot.com/)"
212.227.21.19 - - [03/May/2026:01:23:56 +0000] "GET /cd/page-16/?amp;amp;sort_order=desc&layout=products_without_options&sort_by=product&sort_order=asc&layout=products_multicolumns HTTP/1.1" 404 - "-" "Mozilla/5.0 (compatible; MJ12bot/v1.4.8; http://mj12bot.com/)"
212.227.21.19 - - [03/May/2026:01:23:58 +0000] "GET /cd/page-16/?amp;amp;sort_order=desc&layout=products_without_options&sort_by=product&sort_order=asc&layout=products_without_options HTTP/1.1" 404 - "-" "Mozilla/5.0 (compatible; MJ12bot/v1.4.8; http://mj12bot.com/)"
212.227.21.19 - - [03/May/2026:01:24:00 +0000] "GET /cd/page-16/?amp;amp;sort_order=desc&layout=products_without_options&sort_by=product&sort_order=desc HTTP/1.1" 404 - "-" "Mozilla/5.0 (compatible; MJ12bot/v1.4.8; http://mj12bot.com/)"
212.227.21.19 - - [03/May/2026:01:24:02 +0000] "GET /cd/page-16/?amp;amp;sort_order=desc&layout=products_without_options&sort_by=product&sort_order=desc&layout=products_multicolumns HTTP/1.1" 404 - "-" "Mozilla/5.0 (compatible; MJ12bot/v1.4.8; http://mj12bot.com/)"
212.227.21.19 - - [03/May/2026:01:24:04 +0000] "GET /cd/page-16/?amp;amp;sort_order=desc&layout=products_without_options&sort_by=product&sort_order=desc&layout=products_without_options HTTP/1.1" 404 - "-" "Mozilla/5.0 (compatible; MJ12bot/v1.4.8; http://mj12bot.com/)"
212.227.21.19 - - [03/May/2026:01:24:06 +0000] "GET /cd/page-16/?amp;amp;sort_order=desc&layout=products_without_options&sort_by=timestamp&sort_order=asc&layout=products_without_options HTTP/1.1" 404 - "-" "Mozilla/5.0 (compatible; MJ12bot/v1.4.8; http://mj12bot.com/)"
212.227.21.19 - - [03/May/2026:01:24:08 +0000] "GET /cd/page-16/?amp;amp;sort_order=desc&layout=products_without_options&items_per_page=12&sort_by=product&sort_order=asc HTTP/1.1" 404 - "-" "Mozilla/5.0 (compatible; MJ12bot/v1.4.8; http://mj12bot.com/)"
212.227.21.19 - - [03/May/2026:01:24:10 +0000] "GET /cd/page-16/?amp;amp;sort_order=desc&layout=products_without_options&items_per_page=12&sort_by=timestamp&sort_order=desc HTTP/1.1" 404 - "-" "Mozilla/5.0 (compatible; MJ12bot/v1.4.8; http://mj12bot.com/)"
212.227.21.19 - - [03/May/2026:01:24:12 +0000] "GET /cd/page-16/?amp;sort_order=desc&layout=products_without_options&items_per_page=24&items_per_page=12 HTTP/1.1" 404 - "-" "Mozilla/5.0 (compatible; MJ12bot/v1.4.8; http://mj12bot.com/)"
212.227.21.19 - - [03/May/2026:01:24:14 +0000] "GET /cd/page-16/?amp;sort_order=desc&layout=products_without_options&items_per_page=24&items_per_page=24 HTTP/1.1" 404 - "-" "Mozilla/5.0 (compatible; MJ12bot/v1.4.8; http://mj12bot.com/)"
212.227.21.19 - - [03/May/2026:01:24:16 +0000] "GET /cd/page-16/?amp;sort_order=desc&layout=products_without_options&items_per_page=12 HTTP/1.1" 404 - "-" "Mozilla/5.0 (compatible; MJ12bot/v1.4.8; http://mj12bot.com/)"
212.227.21.19 - - [03/May/2026:01:24:18 +0000] "GET /cd/page-16/?amp;sort_order=desc&layout=products_without_options&items_per_page=12&sort_by=popularity&sort_order=desc HTTP/1.1" 404 - "-" "Mozilla/5.0 (compatible; MJ12bot/v1.4.8; http://mj12bot.com/)"
212.227.21.19 - - [03/May/2026:01:24:20 +0000] "GET /cd/page-16/?amp;sort_order=desc&layout=products_without_options&items_per_page=12&sort_by=price&sort_order=asc HTTP/1.1" 404 - "-" "Mozilla/5.0 (compatible; MJ12bot/v1.4.8; http://mj12bot.com/)"
212.227.21.19 - - [03/May/2026:01:24:22 +0000] "GET /cd/page-16/?amp;sort_order=desc&layout=products_without_options&items_per_page=12&sort_by=price&sort_order=desc HTTP/1.1" 404 - "-" "Mozilla/5.0 (compatible; MJ12bot/v1.4.8; http://mj12bot.com/)"
212.227.21.19 - - [03/May/2026:01:24:24 +0000] "GET /cd/page-16/?amp;sort_order=desc&layout=products_without_options&items_per_page=12&sort_by=product&sort_order=asc HTTP/1.1" 404 - "-" "Mozilla/5.0 (compatible; MJ12bot/v1.4.8; http://mj12bot.com/)"
212.227.21.19 - - [03/May/2026:01:24:26 +0000] "GET /cd/page-16/?amp;sort_order=desc&layout=products_without_options&items_per_page=12&sort_by=product&sort_order=desc HTTP/1.1" 404 - "-" "Mozilla/5.0 (compatible; MJ12bot/v1.4.8; http://mj12bot.com/)"
212.227.21.19 - - [03/May/2026:01:24:28 +0000] "GET /cd/page-16/?amp;sort_order=desc&layout=products_without_options&items_per_page=12&sort_by=timestamp&sort_order=desc HTTP/1.1" 404 - "-" "Mozilla/5.0 (compatible; MJ12bot/v1.4.8; http://mj12bot.com/)"
212.227.21.19 - - [03/May/2026:01:24:30 +0000] "GET /cd/page-16/?amp;sort_order=desc&layout=products_without_options&items_per_page=24 HTTP/1.1" 404 - "-" "Mozilla/5.0 (compatible; MJ12bot/v1.4.8; http://mj12bot.com/)"
212.227.21.19 - - [03/May/2026:01:24:32 +0000] "GET /cd/page-16/?amp;sort_order=desc&layout=products_without_options&items_per_page=24&sort_by=popularity&sort_order=desc HTTP/1.1" 404 - "-" "Mozilla/5.0 (compatible; MJ12bot/v1.4.8; http://mj12bot.com/)"
212.227.21.19 - - [03/May/2026:01:24:34 +0000] "GET /cd/page-16/?amp;sort_order=desc&layout=products_without_options&items_per_page=24&sort_by=price&sort_order=asc HTTP/1.1" 404 - "-" "Mozilla/5.0 (compatible; MJ12bot/v1.4.8; http://mj12bot.com/)"
212.227.21.19 - - [03/May/2026:01:24:36 +0000] "GET /cd/page-16/?amp;sort_order=desc&layout=products_without_options&items_per_page=24&sort_by=price&sort_order=desc HTTP/1.1" 404 - "-" "Mozilla/5.0 (compatible; MJ12bot/v1.4.8; http://mj12bot.com/)"
212.227.21.19 - - [03/May/2026:01:24:38 +0000] "GET /cd/page-16/?amp;sort_order=desc&layout=products_without_options&items_per_page=24&sort_by=product&sort_order=asc HTTP/1.1" 404 - "-" "Mozilla/5.0 (compatible; MJ12bot/v1.4.8; http://mj12bot.com/)"
212.227.21.19 - - [03/May/2026:01:24:40 +0000] "GET /cd/page-16/?amp;sort_order=desc&layout=products_without_options&items_per_page=24&sort_by=product&sort_order=desc HTTP/1.1" 404 - "-" "Mozilla/5.0 (compatible; MJ12bot/v1.4.8; http://mj12bot.com/)"
212.227.21.19 - - [03/May/2026:01:24:42 +0000] "GET /cd/page-16/?amp;sort_order=desc&layout=products_without_options&items_per_page=24&sort_by=timestamp&sort_order=desc HTTP/1.1" 404 - "-" "Mozilla/5.0 (compatible; MJ12bot/v1.4.8; http://mj12bot.com/)"
212.227.21.19 - - [03/May/2026:01:24:44 +0000] "GET /cd/page-16/?amp;sort_order=desc&layout=products_without_options&sort_by=popularity&sort_order=desc HTTP/1.1" 404 - "-" "Mozilla/5.0 (compatible; MJ12bot/v1.4.8; http://mj12bot.com/)"
212.227.21.19 - - [03/May/2026:01:24:46 +0000] "GET /cd/page-16/?amp;sort_order=desc&layout=products_without_options&sort_by=popularity&sort_order=desc&layout=products_multicolumns HTTP/1.1" 404 - "-" "Mozilla/5.0 (compatible; MJ12bot/v1.4.8; http://mj12bot.com/)"
212.227.21.19 - - [03/May/2026:01:24:48 +0000] "GET /cd/page-16/?amp;sort_order=desc&layout=products_without_options&sort_by=popularity&sort_order=desc&layout=products_without_options HTTP/1.1" 404 - "-" "Mozilla/5.0 (compatible; MJ12bot/v1.4.8; http://mj12bot.com/)"
212.227.21.19 - - [03/May/2026:01:24:50 +0000] "GET /cd/page-16/?amp;sort_order=desc&layout=products_without_options&sort_by=price&sort_order=asc HTTP/1.1" 404 - "-" "Mozilla/5.0 (compatible; MJ12bot/v1.4.8; http://mj12bot.com/)"
212.227.21.19 - - [03/May/2026:01:24:52 +0000] "GET /cd/page-16/?amp;sort_order=desc&layout=products_without_options&sort_by=price&sort_order=desc HTTP/1.1" 404 - "-" "Mozilla/5.0 (compatible; MJ12bot/v1.4.8; http://mj12bot.com/)"
212.227.21.19 - - [03/May/2026:01:24:54 +0000] "GET /cd/page-16/?amp;sort_order=desc&layout=products_without_options&sort_by=product&sort_order=asc HTTP/1.1" 404 - "-" "Mozilla/5.0 (compatible; MJ12bot/v1.4.8; http://mj12bot.com/)"
212.227.21.19 - - [03/May/2026:01:24:56 +0000] "GET /cd/page-16/?amp;sort_order=desc&layout=products_without_options&sort_by=product&sort_order=asc&layout=products_multicolumns HTTP/1.1" 404 - "-" "Mozilla/5.0 (compatible; MJ12bot/v1.4.8; http://mj12bot.com/)"
212.227.21.19 - - [03/May/2026:01:24:58 +0000] "GET /cd/page-16/?amp;sort_order=desc&layout=products_without_options&sort_by=product&sort_order=asc&layout=products_without_options HTTP/1.1" 404 - "-" "Mozilla/5.0 (compatible; MJ12bot/v1.4.8; http://mj12bot.com/)"
212.227.21.19 - - [03/May/2026:01:25:00 +0000] "GET /cd/page-16/?amp;sort_order=desc&layout=products_without_options&sort_by=product&sort_order=desc HTTP/1.1" 404 - "-" "Mozilla/5.0 (compatible; MJ12bot/v1.4.8; http://mj12bot.com/)"
212.227.21.19 - - [03/May/2026:01:25:02 +0000] "GET /cd/page-16/?amp;sort_order=desc&layout=products_without_options&sort_by=product&sort_order=desc&layout=products_multicolumns HTTP/1.1" 404 - "-" "Mozilla/5.0 (compatible; MJ12bot/v1.4.8; http://mj12bot.com/)"
212.227.21.19 - - [03/May/2026:01:25:04 +0000] "GET /cd/page-16/?amp;sort_order=desc&layout=products_without_options&sort_by=product&sort_order=desc&layout=products_without_options HTTP/1.1" 404 - "-" "Mozilla/5.0 (compatible; MJ12bot/v1.4.8; http://mj12bot.com/)"
212.227.21.19 - - [03/May/2026:01:25:06 +0000] "GET /cd/page-16/?amp;sort_order=desc&layout=products_without_options&sort_by=timestamp&sort_order=asc&layout=products_multicolumns HTTP/1.1" 404 - "-" "Mozilla/5.0 (compatible; MJ12bot/v1.4.8; http://mj12bot.com/)"
212.227.21.19 - - [03/May/2026:01:25:09 +0000] "GET /cd/page-16/?amp;sort_order=desc&layout=products_without_options&sort_by=timestamp&sort_order=asc&layout=products_without_options HTTP/1.1" 404 - "-" "Mozilla/5.0 (compatible; MJ12bot/v1.4.8; http://mj12bot.com/)"
114.119.149.1 - - [03/May/2026:01:25:09 +0000] "GET /other-products?items_per_page=48&sort_by=timestamp&sort_order=desc HTTP/1.1" 404 - "https://thuyngashop.com/other-products?items_per_page=48&sort_by=product&sort_order=asc&layout=products_without_options" "Mozilla/5.0 (Linux; Android 7.0;) AppleWebKit/537.36 (HTML, like Gecko) Mobile Safari/537.36 (compatible; PetalBot;+https://webmaster.petalsearch.com/site/petalbot)"
212.227.21.19 - - [03/May/2026:01:25:10 +0000] "GET /cd/page-16/?amp;sort_order=desc&layout=products_without_options&sort_by=timestamp&sort_order=desc HTTP/1.1" 404 - "-" "Mozilla/5.0 (compatible; MJ12bot/v1.4.8; http://mj12bot.com/)"
212.227.21.19 - - [03/May/2026:01:25:12 +0000] "GET /cd/page-16/?amp;sort_order=desc&layout=products_without_options&sort_by=timestamp&sort_order=desc&layout=products_without_options HTTP/1.1" 404 - "-" "Mozilla/5.0 (compatible; MJ12bot/v1.4.8; http://mj12bot.com/)"
212.227.21.19 - - [03/May/2026:01:25:14 +0000] "GET /cd/page-16/?sort_by=timestamp&sort_order=desc&layout=products_without_options HTTP/1.1" 404 - "-" "Mozilla/5.0 (compatible; MJ12bot/v1.4.8; http://mj12bot.com/)"
212.227.21.19 - - [03/May/2026:01:25:16 +0000] "GET /cd/page-17/?amp;amp;sort_order=desc&layout=products_without_options&items_per_page=12 HTTP/1.1" 404 - "-" "Mozilla/5.0 (compatible; MJ12bot/v1.4.8; http://mj12bot.com/)"
212.227.21.19 - - [03/May/2026:01:25:18 +0000] "GET /cd/page-17/?amp;amp;sort_order=desc&layout=products_without_options&items_per_page=12&sort_by=popularity&sort_order=desc HTTP/1.1" 404 - "-" "Mozilla/5.0 (compatible; MJ12bot/v1.4.8; http://mj12bot.com/)"
212.227.21.19 - - [03/May/2026:01:25:20 +0000] "GET /cd/page-17/?amp;amp;sort_order=desc&layout=products_without_options&items_per_page=12&sort_by=price&sort_order=asc HTTP/1.1" 404 - "-" "Mozilla/5.0 (compatible; MJ12bot/v1.4.8; http://mj12bot.com/)"
212.227.21.19 - - [03/May/2026:01:25:22 +0000] "GET /cd/page-17/?amp;amp;sort_order=desc&layout=products_without_options&items_per_page=12&sort_by=product&sort_order=asc HTTP/1.1" 404 - "-" "Mozilla/5.0 (compatible; MJ12bot/v1.4.8; http://mj12bot.com/)"
212.227.21.19 - - [03/May/2026:01:25:24 +0000] "GET /cd/page-17/?amp;amp;sort_order=desc&layout=products_without_options&items_per_page=12&sort_by=timestamp&sort_order=desc HTTP/1.1" 404 - "-" "Mozilla/5.0 (compatible; MJ12bot/v1.4.8; http://mj12bot.com/)"
212.227.21.19 - - [03/May/2026:01:25:26 +0000] "GET /cd/page-17/?amp;amp;sort_order=desc&layout=products_without_options&items_per_page=24 HTTP/1.1" 404 - "-" "Mozilla/5.0 (compatible; MJ12bot/v1.4.8; http://mj12bot.com/)"
113.187.204.216 - - [03/May/2026:01:25:28 +0000] "GET /index.php?category_id=9&dispatch=categories.view&dispatch=products.quick_view&layout=products_multicolumns&n_items=33%2C1349%2C768%2C146%2C775%2C654%2C1275%2C504%2C1280%2C986%2C1259%2C1220&prev_url=index.php%3Fitems_per_page%3D12&sort_by=popularity&sort_order=asc HTTP/1.1" 404 - "-" "Mozilla/5.0 (Windows NT 10.0) AppleWebKit/537.36 (KHTML, like Gecko) Chrome/75.0.3770.100 ADG/11.0.2510 AOLBUILD/11.0.2510 Safari/537.36"
212.227.21.19 - - [03/May/2026:01:25:28 +0000] "GET /cd/page-17/?amp;amp;sort_order=desc&layout=products_without_options&items_per_page=24&sort_by=timestamp&sort_order=desc HTTP/1.1" 404 - "-" "Mozilla/5.0 (compatible; MJ12bot/v1.4.8; http://mj12bot.com/)"
212.227.21.19 - - [03/May/2026:01:25:31 +0000] "GET /cd/page-17/?amp;amp;sort_order=desc&layout=products_without_options&sort_by=popularity&sort_order=asc&layout=products_without_options HTTP/1.1" 404 - "-" "Mozilla/5.0 (compatible; MJ12bot/v1.4.8; http://mj12bot.com/)"
212.227.21.19 - - [03/May/2026:01:25:33 +0000] "GET /cd/page-17/?amp;amp;sort_order=desc&layout=products_without_options&sort_by=popularity&sort_order=desc HTTP/1.1" 404 - "-" "Mozilla/5.0 (compatible; MJ12bot/v1.4.8; http://mj12bot.com/)"
212.227.21.19 - - [03/May/2026:01:25:35 +0000] "GET /cd/page-17/?amp;amp;sort_order=desc&layout=products_without_options&sort_by=popularity&sort_order=desc&layout=products_multicolumns HTTP/1.1" 404 - "-" "Mozilla/5.0 (compatible; MJ12bot/v1.4.8; http://mj12bot.com/)"
212.227.21.19 - - [03/May/2026:01:25:37 +0000] "GET /cd/page-17/?amp;amp;sort_order=desc&layout=products_without_options&sort_by=price&sort_order=asc HTTP/1.1" 404 - "-" "Mozilla/5.0 (compatible; MJ12bot/v1.4.8; http://mj12bot.com/)"
212.227.21.19 - - [03/May/2026:01:25:39 +0000] "GET /cd/page-17/?amp;amp;sort_order=desc&layout=products_without_options&sort_by=price&sort_order=desc HTTP/1.1" 404 - "-" "Mozilla/5.0 (compatible; MJ12bot/v1.4.8; http://mj12bot.com/)"
212.227.21.19 - - [03/May/2026:01:25:40 +0000] "GET /cd/page-17/?amp;amp;sort_order=desc&layout=products_without_options&sort_by=product&sort_order=asc HTTP/1.1" 404 - "-" "Mozilla/5.0 (compatible; MJ12bot/v1.4.8; http://mj12bot.com/)"
212.227.21.19 - - [03/May/2026:01:25:42 +0000] "GET /cd/page-17/?amp;amp;sort_order=desc&layout=products_without_options&sort_by=product&sort_order=desc HTTP/1.1" 404 - "-" "Mozilla/5.0 (compatible; MJ12bot/v1.4.8; http://mj12bot.com/)"
212.227.21.19 - - [03/May/2026:01:25:45 +0000] "GET /cd/page-17/?amp;amp;sort_order=desc&layout=products_without_options&sort_by=timestamp&sort_order=asc&layout=products_without_options HTTP/1.1" 404 - "-" "Mozilla/5.0 (compatible; MJ12bot/v1.4.8; http://mj12bot.com/)"
212.227.21.19 - - [03/May/2026:01:25:46 +0000] "GET /cd/page-17/?amp;amp;sort_order=desc&layout=products_without_options&sort_by=timestamp&sort_order=desc HTTP/1.1" 404 - "-" "Mozilla/5.0 (compatible; MJ12bot/v1.4.8; http://mj12bot.com/)"
212.227.21.19 - - [03/May/2026:01:25:49 +0000] "GET /cd/page-17/?amp;amp;sort_order=desc&layout=products_without_options&sort_by=timestamp&sort_order=desc&layout=products_multicolumns HTTP/1.1" 404 - "-" "Mozilla/5.0 (compatible; MJ12bot/v1.4.8; http://mj12bot.com/)"
212.227.21.19 - - [03/May/2026:01:25:56 +0000] "GET /cd/page-17/?amp;amp;sort_order=desc&layout=products_without_options&items_per_page=12&sort_by=price&sort_order=desc HTTP/1.1" 404 - "-" "Mozilla/5.0 (compatible; MJ12bot/v1.4.8; http://mj12bot.com/)"
212.227.21.19 - - [03/May/2026:01:25:58 +0000] "GET /cd/page-17/?amp;amp;sort_order=desc&layout=products_without_options&items_per_page=12&sort_by=product&sort_order=desc HTTP/1.1" 404 - "-" "Mozilla/5.0 (compatible; MJ12bot/v1.4.8; http://mj12bot.com/)"
212.227.21.19 - - [03/May/2026:01:26:00 +0000] "GET /cd/page-17/?amp;amp;sort_order=desc&layout=products_without_options&items_per_page=24&sort_by=popularity&sort_order=desc HTTP/1.1" 404 - "-" "Mozilla/5.0 (compatible; MJ12bot/v1.4.8; http://mj12bot.com/)"
212.227.21.19 - - [03/May/2026:01:26:02 +0000] "GET /cd/page-17/?amp;amp;sort_order=desc&layout=products_without_options&items_per_page=24&sort_by=price&sort_order=asc HTTP/1.1" 404 - "-" "Mozilla/5.0 (compatible; MJ12bot/v1.4.8; http://mj12bot.com/)"
212.227.21.19 - - [03/May/2026:01:26:04 +0000] "GET /cd/page-17/?amp;amp;sort_order=desc&layout=products_without_options&items_per_page=24&sort_by=price&sort_order=desc HTTP/1.1" 404 - "-" "Mozilla/5.0 (compatible; MJ12bot/v1.4.8; http://mj12bot.com/)"
212.227.21.19 - - [03/May/2026:01:26:06 +0000] "GET /cd/page-17/?amp;amp;sort_order=desc&layout=products_without_options&items_per_page=24&sort_by=product&sort_order=desc HTTP/1.1" 404 - "-" "Mozilla/5.0 (compatible; MJ12bot/v1.4.8; http://mj12bot.com/)"
212.227.21.19 - - [03/May/2026:01:26:08 +0000] "GET /cd/page-17/?amp;sort_order=desc&layout=products_without_options&items_per_page=24&items_per_page=12 HTTP/1.1" 404 - "-" "Mozilla/5.0 (compatible; MJ12bot/v1.4.8; http://mj12bot.com/)"
212.227.21.19 - - [03/May/2026:01:26:10 +0000] "GET /cd/page-17/?amp;sort_order=desc&layout=products_without_options&items_per_page=24&items_per_page=24 HTTP/1.1" 404 - "-" "Mozilla/5.0 (compatible; MJ12bot/v1.4.8; http://mj12bot.com/)"
212.227.21.19 - - [03/May/2026:01:26:12 +0000] "GET /cd/page-17/?amp;sort_order=desc&layout=products_without_options&items_per_page=12 HTTP/1.1" 404 - "-" "Mozilla/5.0 (compatible; MJ12bot/v1.4.8; http://mj12bot.com/)"
212.227.21.19 - - [03/May/2026:01:26:15 +0000] "GET /cd/page-17/?amp;sort_order=desc&layout=products_without_options&items_per_page=12&sort_by=popularity&sort_order=desc HTTP/1.1" 404 - "-" "Mozilla/5.0 (compatible; MJ12bot/v1.4.8; http://mj12bot.com/)"
212.227.21.19 - - [03/May/2026:01:26:17 +0000] "GET /cd/page-17/?amp;sort_order=desc&layout=products_without_options&items_per_page=12&sort_by=price&sort_order=asc HTTP/1.1" 404 - "-" "Mozilla/5.0 (compatible; MJ12bot/v1.4.8; http://mj12bot.com/)"
212.227.21.19 - - [03/May/2026:01:26:19 +0000] "GET /cd/page-17/?amp;sort_order=desc&layout=products_without_options&items_per_page=12&sort_by=price&sort_order=desc HTTP/1.1" 404 - "-" "Mozilla/5.0 (compatible; MJ12bot/v1.4.8; http://mj12bot.com/)"
212.227.21.19 - - [03/May/2026:01:26:21 +0000] "GET /cd/page-17/?amp;sort_order=desc&layout=products_without_options&items_per_page=12&sort_by=product&sort_order=asc HTTP/1.1" 404 - "-" "Mozilla/5.0 (compatible; MJ12bot/v1.4.8; http://mj12bot.com/)"
212.227.21.19 - - [03/May/2026:01:26:23 +0000] "GET /cd/page-17/?amp;sort_order=desc&layout=products_without_options&items_per_page=12&sort_by=product&sort_order=desc HTTP/1.1" 404 - "-" "Mozilla/5.0 (compatible; MJ12bot/v1.4.8; http://mj12bot.com/)"
212.227.21.19 - - [03/May/2026:01:26:25 +0000] "GET /cd/page-17/?amp;sort_order=desc&layout=products_without_options&items_per_page=12&sort_by=timestamp&sort_order=desc HTTP/1.1" 404 - "-" "Mozilla/5.0 (compatible; MJ12bot/v1.4.8; http://mj12bot.com/)"
212.227.21.19 - - [03/May/2026:01:26:27 +0000] "GET /cd/page-17/?amp;sort_order=desc&layout=products_without_options&items_per_page=24 HTTP/1.1" 404 - "-" "Mozilla/5.0 (compatible; MJ12bot/v1.4.8; http://mj12bot.com/)"
212.227.21.19 - - [03/May/2026:01:26:29 +0000] "GET /cd/page-17/?amp;sort_order=desc&layout=products_without_options&items_per_page=24&sort_by=popularity&sort_order=desc HTTP/1.1" 404 - "-" "Mozilla/5.0 (compatible; MJ12bot/v1.4.8; http://mj12bot.com/)"
212.227.21.19 - - [03/May/2026:01:26:31 +0000] "GET /cd/page-17/?amp;sort_order=desc&layout=products_without_options&items_per_page=24&sort_by=price&sort_order=asc HTTP/1.1" 404 - "-" "Mozilla/5.0 (compatible; MJ12bot/v1.4.8; http://mj12bot.com/)"
212.227.21.19 - - [03/May/2026:01:26:33 +0000] "GET /cd/page-17/?amp;sort_order=desc&layout=products_without_options&items_per_page=24&sort_by=price&sort_order=desc HTTP/1.1" 404 - "-" "Mozilla/5.0 (compatible; MJ12bot/v1.4.8; http://mj12bot.com/)"
212.227.21.19 - - [03/May/2026:01:26:35 +0000] "GET /cd/page-17/?amp;sort_order=desc&layout=products_without_options&items_per_page=24&sort_by=product&sort_order=asc HTTP/1.1" 404 - "-" "Mozilla/5.0 (compatible; MJ12bot/v1.4.8; http://mj12bot.com/)"
212.227.21.19 - - [03/May/2026:01:26:37 +0000] "GET /cd/page-17/?amp;sort_order=desc&layout=products_without_options&items_per_page=24&sort_by=product&sort_order=desc HTTP/1.1" 404 - "-" "Mozilla/5.0 (compatible; MJ12bot/v1.4.8; http://mj12bot.com/)"
212.227.21.19 - - [03/May/2026:01:26:39 +0000] "GET /cd/page-17/?amp;sort_order=desc&layout=products_without_options&items_per_page=24&sort_by=timestamp&sort_order=desc HTTP/1.1" 404 - "-" "Mozilla/5.0 (compatible; MJ12bot/v1.4.8; http://mj12bot.com/)"
212.227.21.19 - - [03/May/2026:01:26:41 +0000] "GET /cd/page-17/?amp;sort_order=desc&layout=products_without_options&sort_by=popularity&sort_order=asc&layout=products_multicolumns HTTP/1.1" 404 - "-" "Mozilla/5.0 (compatible; MJ12bot/v1.4.8; http://mj12bot.com/)"
114.119.132.61 - - [03/May/2026:01:26:43 +0000] "GET /upcoming-shows-en?items_per_page=48&sort_by=product&sort_order=desc&layout=products_without_options HTTP/1.1" 404 - "https://thuyngashop.com/upcoming-shows-en?items_per_page=48&sort_by=product&sort_order=desc&layout=products_multicolumns" "Mozilla/5.0 (Linux; Android 7.0;) AppleWebKit/537.36 (HTML, like Gecko) Mobile Safari/537.36 (compatible; PetalBot;+https://webmaster.petalsearch.com/site/petalbot)"
212.227.21.19 - - [03/May/2026:01:26:43 +0000] "GET /cd/page-17/?amp;sort_order=desc&layout=products_without_options&sort_by=popularity&sort_order=asc&layout=products_without_options HTTP/1.1" 404 - "-" "Mozilla/5.0 (compatible; MJ12bot/v1.4.8; http://mj12bot.com/)"
212.227.21.19 - - [03/May/2026:01:26:45 +0000] "GET /cd/page-17/?amp;sort_order=desc&layout=products_without_options&sort_by=popularity&sort_order=desc HTTP/1.1" 404 - "-" "Mozilla/5.0 (compatible; MJ12bot/v1.4.8; http://mj12bot.com/)"
212.227.21.19 - - [03/May/2026:01:26:47 +0000] "GET /cd/page-17/?amp;sort_order=desc&layout=products_without_options&sort_by=popularity&sort_order=desc&layout=products_multicolumns HTTP/1.1" 404 - "-" "Mozilla/5.0 (compatible; MJ12bot/v1.4.8; http://mj12bot.com/)"
212.227.21.19 - - [03/May/2026:01:26:49 +0000] "GET /cd/page-17/?amp;sort_order=desc&layout=products_without_options&sort_by=popularity&sort_order=desc&layout=products_without_options HTTP/1.1" 404 - "-" "Mozilla/5.0 (compatible; MJ12bot/v1.4.8; http://mj12bot.com/)"
212.227.21.19 - - [03/May/2026:01:26:51 +0000] "GET /cd/page-17/?amp;sort_order=desc&layout=products_without_options&sort_by=price&sort_order=asc HTTP/1.1" 404 - "-" "Mozilla/5.0 (compatible; MJ12bot/v1.4.8; http://mj12bot.com/)"
212.227.21.19 - - [03/May/2026:01:26:53 +0000] "GET /cd/page-17/?amp;sort_order=desc&layout=products_without_options&sort_by=price&sort_order=asc&layout=products_multicolumns HTTP/1.1" 404 - "-" "Mozilla/5.0 (compatible; MJ12bot/v1.4.8; http://mj12bot.com/)"
212.227.21.19 - - [03/May/2026:01:26:55 +0000] "GET /cd/page-17/?amp;sort_order=desc&layout=products_without_options&sort_by=price&sort_order=asc&layout=products_without_options HTTP/1.1" 404 - "-" "Mozilla/5.0 (compatible; MJ12bot/v1.4.8; http://mj12bot.com/)"
212.227.21.19 - - [03/May/2026:01:26:57 +0000] "GET /cd/page-17/?amp;sort_order=desc&layout=products_without_options&sort_by=price&sort_order=desc HTTP/1.1" 404 - "-" "Mozilla/5.0 (compatible; MJ12bot/v1.4.8; http://mj12bot.com/)"
212.227.21.19 - - [03/May/2026:01:26:59 +0000] "GET /cd/page-17/?amp;sort_order=desc&layout=products_without_options&sort_by=price&sort_order=desc&layout=products_multicolumns HTTP/1.1" 404 - "-" "Mozilla/5.0 (compatible; MJ12bot/v1.4.8; http://mj12bot.com/)"
212.227.21.19 - - [03/May/2026:01:27:02 +0000] "GET /cd/page-17/?amp;sort_order=desc&layout=products_without_options&sort_by=price&sort_order=desc&layout=products_without_options HTTP/1.1" 404 - "-" "Mozilla/5.0 (compatible; MJ12bot/v1.4.8; http://mj12bot.com/)"
212.227.21.19 - - [03/May/2026:01:27:04 +0000] "GET /cd/page-17/?amp;sort_order=desc&layout=products_without_options&sort_by=product&sort_order=asc HTTP/1.1" 404 - "-" "Mozilla/5.0 (compatible; MJ12bot/v1.4.8; http://mj12bot.com/)"
212.227.21.19 - - [03/May/2026:01:27:06 +0000] "GET /cd/page-17/?amp;sort_order=desc&layout=products_without_options&sort_by=product&sort_order=asc&layout=products_multicolumns HTTP/1.1" 404 - "-" "Mozilla/5.0 (compatible; MJ12bot/v1.4.8; http://mj12bot.com/)"
212.227.21.19 - - [03/May/2026:01:27:08 +0000] "GET /cd/page-17/?amp;sort_order=desc&layout=products_without_options&sort_by=product&sort_order=asc&layout=products_without_options HTTP/1.1" 404 - "-" "Mozilla/5.0 (compatible; MJ12bot/v1.4.8; http://mj12bot.com/)"
212.227.21.19 - - [03/May/2026:01:27:13 +0000] "GET /cd/page-17/?amp;sort_order=desc&layout=products_without_options&sort_by=product&sort_order=desc HTTP/1.1" 404 - "-" "Mozilla/5.0 (compatible; MJ12bot/v1.4.8; http://mj12bot.com/)"
62.84.185.56 - - [03/May/2026:01:27:38 +0000] "GET /robots.txt HTTP/1.1" 404 - "-" "Mozilla/5.0 (compatible; MJ12bot/v1.4.8; http://mj12bot.com/)"
212.227.21.19 - - [03/May/2026:01:27:39 +0000] "GET /cd/page-17/?amp;sort_order=desc&layout=products_without_options&sort_by=product&sort_order=desc&layout=products_multicolumns HTTP/1.1" 404 - "-" "Mozilla/5.0 (compatible; MJ12bot/v1.4.8; http://mj12bot.com/)"
212.227.21.19 - - [03/May/2026:01:27:41 +0000] "GET /cd/page-17/?amp;sort_order=desc&layout=products_without_options&sort_by=product&sort_order=desc&layout=products_without_options HTTP/1.1" 404 - "-" "Mozilla/5.0 (compatible; MJ12bot/v1.4.8; http://mj12bot.com/)"
62.84.185.56 - - [03/May/2026:01:27:41 +0000] "GET /.well-known/README.md HTTP/1.1" 200 404 "-" "Mozilla/5.0 (compatible; MJ12bot/v1.4.8; http://mj12bot.com/)"
212.227.21.19 - - [03/May/2026:01:27:43 +0000] "GET /cd/page-17/?amp;sort_order=desc&layout=products_without_options&sort_by=timestamp&sort_order=asc&layout=products_multicolumns HTTP/1.1" 404 - "-" "Mozilla/5.0 (compatible; MJ12bot/v1.4.8; http://mj12bot.com/)"
62.84.185.56 - - [03/May/2026:01:27:45 +0000] "GET /.well-known/pki-validation/ HTTP/1.1" 404 - "-" "Mozilla/5.0 (compatible; MJ12bot/v1.4.8; http://mj12bot.com/)"
212.227.21.19 - - [03/May/2026:01:27:45 +0000] "GET /cd/page-17/?amp;sort_order=desc&layout=products_without_options&sort_by=timestamp&sort_order=asc&layout=products_without_options HTTP/1.1" 404 - "-" "Mozilla/5.0 (compatible; MJ12bot/v1.4.8; http://mj12bot.com/)"
212.227.21.19 - - [03/May/2026:01:27:47 +0000] "GET /cd/page-17/?amp;sort_order=desc&layout=products_without_options&sort_by=timestamp&sort_order=desc HTTP/1.1" 404 - "-" "Mozilla/5.0 (compatible; MJ12bot/v1.4.8; http://mj12bot.com/)"
62.84.185.56 - - [03/May/2026:01:27:48 +0000] "GET /cd/page-13/?amp;sort_order=desc&layout=products_without_options&sort_by=product&sort_order=asc&layout=products_without_options HTTP/1.1" 404 - "-" "Mozilla/5.0 (compatible; MJ12bot/v1.4.8; http://mj12bot.com/)"
212.227.21.19 - - [03/May/2026:01:27:49 +0000] "GET /cd/page-17/?amp;sort_order=desc&layout=products_without_options&sort_by=timestamp&sort_order=desc&layout=products_multicolumns HTTP/1.1" 404 - "-" "Mozilla/5.0 (compatible; MJ12bot/v1.4.8; http://mj12bot.com/)"
212.227.21.19 - - [03/May/2026:01:27:51 +0000] "GET /cd/page-17/?sort_by=timestamp&sort_order=desc&layout=products_without_options HTTP/1.1" 404 - "-" "Mozilla/5.0 (compatible; MJ12bot/v1.4.8; http://mj12bot.com/)"
62.84.185.56 - - [03/May/2026:01:27:52 +0000] "GET /cd/page-15/?amp;amp;sort_order=desc&layout=products_without_options&sort_by=price&sort_order=desc&layout=products_multicolumns HTTP/1.1" 404 - "-" "Mozilla/5.0 (compatible; MJ12bot/v1.4.8; http://mj12bot.com/)"
212.227.21.19 - - [03/May/2026:01:27:53 +0000] "GET /cd/page-18/?amp;amp;sort_order=desc&layout=products_without_options&items_per_page=12 HTTP/1.1" 404 - "-" "Mozilla/5.0 (compatible; MJ12bot/v1.4.8; http://mj12bot.com/)"
212.227.21.19 - - [03/May/2026:01:27:55 +0000] "GET /cd/page-18/?amp;amp;sort_order=desc&layout=products_without_options&items_per_page=12&sort_by=price&sort_order=desc HTTP/1.1" 404 - "-" "Mozilla/5.0 (compatible; MJ12bot/v1.4.8; http://mj12bot.com/)"
62.84.185.56 - - [03/May/2026:01:27:55 +0000] "GET /cd/page-15/?amp;amp;sort_order=desc&layout=products_without_options&sort_by=price&sort_order=desc&layout=products_without_options HTTP/1.1" 404 - "-" "Mozilla/5.0 (compatible; MJ12bot/v1.4.8; http://mj12bot.com/)"
212.227.21.19 - - [03/May/2026:01:27:57 +0000] "GET /cd/page-18/?amp;amp;sort_order=desc&layout=products_without_options&items_per_page=12&sort_by=product&sort_order=desc HTTP/1.1" 404 - "-" "Mozilla/5.0 (compatible; MJ12bot/v1.4.8; http://mj12bot.com/)"
62.84.185.56 - - [03/May/2026:01:27:58 +0000] "GET /cd/page-45/?amp;amp;sort_order=desc&layout=products_without_options&items_per_page=12&sort_by=price&sort_order=asc HTTP/1.1" 404 - "-" "Mozilla/5.0 (compatible; MJ12bot/v1.4.8; http://mj12bot.com/)"
212.227.21.19 - - [03/May/2026:01:27:59 +0000] "GET /cd/page-18/?amp;amp;sort_order=desc&layout=products_without_options&items_per_page=24 HTTP/1.1" 404 - "-" "Mozilla/5.0 (compatible; MJ12bot/v1.4.8; http://mj12bot.com/)"
212.227.21.19 - - [03/May/2026:01:28:01 +0000] "GET /cd/page-18/?amp;amp;sort_order=desc&layout=products_without_options&items_per_page=24&sort_by=popularity&sort_order=desc HTTP/1.1" 404 - "-" "Mozilla/5.0 (compatible; MJ12bot/v1.4.8; http://mj12bot.com/)"
62.84.185.56 - - [03/May/2026:01:28:02 +0000] "GET /download/trailer/ HTTP/1.1" 404 - "-" "Mozilla/5.0 (compatible; MJ12bot/v1.4.8; http://mj12bot.com/)"
212.227.21.19 - - [03/May/2026:01:28:04 +0000] "GET /cd/page-18/?amp;amp;sort_order=desc&layout=products_without_options&items_per_page=24&sort_by=price&sort_order=asc HTTP/1.1" 404 - "-" "Mozilla/5.0 (compatible; MJ12bot/v1.4.8; http://mj12bot.com/)"
114.119.150.16 - - [03/May/2026:01:28:05 +0000] "GET /upcoming-shows-en?items_per_page=12&sort_by=popularity&sort_order=desc&layout=products_multicolumns HTTP/1.1" 404 - "-" "Mozilla/5.0 (Linux; Android 7.0;) AppleWebKit/537.36 (HTML, like Gecko) Mobile Safari/537.36 (compatible; PetalBot;+https://webmaster.petalsearch.com/site/petalbot)"
212.227.21.19 - - [03/May/2026:01:28:06 +0000] "GET /cd/page-18/?amp;amp;sort_order=desc&layout=products_without_options&items_per_page=24&sort_by=price&sort_order=desc HTTP/1.1" 404 - "-" "Mozilla/5.0 (compatible; MJ12bot/v1.4.8; http://mj12bot.com/)"
62.84.185.56 - - [03/May/2026:01:28:06 +0000] "GET /index.php?dispatch=products.quick_view&product_id=1061&prev_url=index.php%3Famp%253Bamp%253Bsort_order=desc%26amp%253Bamp%253Blayout=products_without_options%26sort_by=popularity%26sort_order=desc%26dispatch=categories.view%26category_id=17%26page=42&n_items=996,1142,976,1097,1143,1056,1055,1061,1083,1128,1084,1072 HTTP/1.1" 404 - "-" "Mozilla/5.0 (compatible; MJ12bot/v1.4.8; http://mj12bot.com/)"
212.227.21.19 - - [03/May/2026:01:28:08 +0000] "GET /cd/page-18/?amp;amp;sort_order=desc&layout=products_without_options&items_per_page=24&sort_by=product&sort_order=asc HTTP/1.1" 404 - "-" "Mozilla/5.0 (compatible; MJ12bot/v1.4.8; http://mj12bot.com/)"
62.84.185.56 - - [03/May/2026:01:28:10 +0000] "GET /index.php?dispatch=products.quick_view&product_id=1061&prev_url=index.php%3Famp%253Bamp%253Bsort_order=desc%26amp%253Bamp%253Blayout=products_without_options%26sort_by=popularity%26sort_order=desc%26dispatch=categories.view%26category_id=17%26page=42&n_items=996,1142,976,1143,1097,1056,1055,1061,1083,1128,1084,1072 HTTP/1.1" 404 - "-" "Mozilla/5.0 (compatible; MJ12bot/v1.4.8; http://mj12bot.com/)"
212.227.21.19 - - [03/May/2026:01:28:10 +0000] "GET /cd/page-18/?amp;amp;sort_order=desc&layout=products_without_options&items_per_page=24&sort_by=product&sort_order=desc HTTP/1.1" 404 - "-" "Mozilla/5.0 (compatible; MJ12bot/v1.4.8; http://mj12bot.com/)"
212.227.21.19 - - [03/May/2026:01:28:12 +0000] "GET /cd/page-18/?amp;amp;sort_order=desc&layout=products_without_options&items_per_page=24&sort_by=timestamp&sort_order=desc HTTP/1.1" 404 - "-" "Mozilla/5.0 (compatible; MJ12bot/v1.4.8; http://mj12bot.com/)"
62.84.185.56 - - [03/May/2026:01:28:13 +0000] "GET /index.php?dispatch=products.quick_view&product_id=1061&prev_url=index.php%3Famp%253Bamp%253Bsort_order=desc%26amp%253Bamp%253Blayout=products_without_options%26sort_by=popularity%26sort_order=desc%26dispatch=categories.view%26category_id=17%26page=42&n_items=996,1142,976,1143,1097,1056,1128,1055,1061,1083,1084,1072 HTTP/1.1" 404 - "-" "Mozilla/5.0 (compatible; MJ12bot/v1.4.8; http://mj12bot.com/)"
212.227.21.19 - - [03/May/2026:01:28:14 +0000] "GET /cd/page-18/?amp;amp;sort_order=desc&layout=products_without_options&sort_by=popularity&sort_order=asc&layout=products_multicolumns HTTP/1.1" 404 - "-" "Mozilla/5.0 (compatible; MJ12bot/v1.4.8; http://mj12bot.com/)"
212.227.21.19 - - [03/May/2026:01:28:16 +0000] "GET /cd/page-18/?amp;amp;sort_order=desc&layout=products_without_options&sort_by=popularity&sort_order=asc&layout=products_without_options HTTP/1.1" 404 - "-" "Mozilla/5.0 (compatible; MJ12bot/v1.4.8; http://mj12bot.com/)"
62.84.185.56 - - [03/May/2026:01:28:16 +0000] "GET /index.php?dispatch=products.quick_view&product_id=1061&prev_url=index.php%3Famp%253Bamp%253Bsort_order=desc%26amp%253Bamp%253Blayout=products_without_options%26sort_by=popularity%26sort_order=desc%26layout=products_multicolumns%26dispatch=categories.view%26category_id=17%26page=42&n_items=994,1055,996,1142,976,1097,1143,1061,1083,1128,1084,1072 HTTP/1.1" 404 - "-" "Mozilla/5.0 (compatible; MJ12bot/v1.4.8; http://mj12bot.com/)"
212.227.21.19 - - [03/May/2026:01:28:18 +0000] "GET /cd/page-18/?amp;amp;sort_order=desc&layout=products_without_options&sort_by=popularity&sort_order=desc HTTP/1.1" 404 - "-" "Mozilla/5.0 (compatible; MJ12bot/v1.4.8; http://mj12bot.com/)"
62.84.185.56 - - [03/May/2026:01:28:20 +0000] "GET /index.php?dispatch=products.quick_view&product_id=1061&prev_url=index.php%3Famp%253Bamp%253Bsort_order=desc%26amp%253Bamp%253Blayout=products_without_options%26sort_by=popularity%26sort_order=desc%26layout=products_multicolumns%26dispatch=categories.view%26category_id=17%26page=42&n_items=996,1055,1142,976,1097,1143,1056,1061,1083,1128,1084,1072 HTTP/1.1" 404 - "-" "Mozilla/5.0 (compatible; MJ12bot/v1.4.8; http://mj12bot.com/)"
212.227.21.19 - - [03/May/2026:01:28:20 +0000] "GET /cd/page-18/?amp;amp;sort_order=desc&layout=products_without_options&sort_by=popularity&sort_order=desc&layout=products_multicolumns HTTP/1.1" 404 - "-" "Mozilla/5.0 (compatible; MJ12bot/v1.4.8; http://mj12bot.com/)"
212.227.21.19 - - [03/May/2026:01:28:22 +0000] "GET /cd/page-18/?amp;amp;sort_order=desc&layout=products_without_options&sort_by=popularity&sort_order=desc&layout=products_without_options HTTP/1.1" 404 - "-" "Mozilla/5.0 (compatible; MJ12bot/v1.4.8; http://mj12bot.com/)"
62.84.185.56 - - [03/May/2026:01:28:23 +0000] "GET /index.php?dispatch=products.quick_view&product_id=1061&prev_url=index.php%3Famp%253Bamp%253Bsort_order=desc%26amp%253Bamp%253Blayout=products_without_options%26sort_by=popularity%26sort_order=desc%26layout=products_multicolumns%26dispatch=categories.view%26category_id=17%26page=42&n_items=996,1142,976,1097,1143,1056,1055,1061,1083,1128,1084,1072 HTTP/1.1" 404 - "-" "Mozilla/5.0 (compatible; MJ12bot/v1.4.8; http://mj12bot.com/)"
212.227.21.19 - - [03/May/2026:01:28:24 +0000] "GET /cd/page-18/?amp;amp;sort_order=desc&layout=products_without_options&sort_by=price&sort_order=asc HTTP/1.1" 404 - "-" "Mozilla/5.0 (compatible; MJ12bot/v1.4.8; http://mj12bot.com/)"
62.84.185.56 - - [03/May/2026:01:28:26 +0000] "GET /index.php?dispatch=products.quick_view&product_id=1061&prev_url=index.php%3Famp%253Bamp%253Bsort_order=desc%26amp%253Bamp%253Blayout=products_without_options%26sort_by=popularity%26sort_order=desc%26layout=products_multicolumns%26dispatch=categories.view%26category_id=17%26page=42&n_items=996,1142,976,1143,1097,1056,1055,1061,1083,1128,1084,1072 HTTP/1.1" 404 - "-" "Mozilla/5.0 (compatible; MJ12bot/v1.4.8; http://mj12bot.com/)"
212.227.21.19 - - [03/May/2026:01:28:26 +0000] "GET /cd/page-18/?amp;amp;sort_order=desc&layout=products_without_options&sort_by=price&sort_order=asc&layout=products_multicolumns HTTP/1.1" 404 - "-" "Mozilla/5.0 (compatible; MJ12bot/v1.4.8; http://mj12bot.com/)"
212.227.21.19 - - [03/May/2026:01:28:28 +0000] "GET /cd/page-18/?amp;amp;sort_order=desc&layout=products_without_options&sort_by=price&sort_order=asc&layout=products_without_options HTTP/1.1" 404 - "-" "Mozilla/5.0 (compatible; MJ12bot/v1.4.8; http://mj12bot.com/)"
62.84.185.56 - - [03/May/2026:01:28:30 +0000] "GET /index.php?dispatch=products.quick_view&product_id=1061&prev_url=index.php%3Famp%253Bamp%253Bsort_order=desc%26amp%253Bamp%253Blayout=products_without_options%26sort_by=popularity%26sort_order=desc%26layout=products_multicolumns%26dispatch=categories.view%26category_id=17%26page=42&n_items=996,1142,976,1143,1097,1056,1128,1055,1061,1083,1084,1072 HTTP/1.1" 404 - "-" "Mozilla/5.0 (compatible; MJ12bot/v1.4.8; http://mj12bot.com/)"
212.227.21.19 - - [03/May/2026:01:28:30 +0000] "GET /cd/page-18/?amp;amp;sort_order=desc&layout=products_without_options&sort_by=price&sort_order=desc HTTP/1.1" 404 - "-" "Mozilla/5.0 (compatible; MJ12bot/v1.4.8; http://mj12bot.com/)"
212.227.21.19 - - [03/May/2026:01:28:33 +0000] "GET /cd/page-18/?amp;amp;sort_order=desc&layout=products_without_options&sort_by=price&sort_order=desc&layout=products_multicolumns HTTP/1.1" 404 - "-" "Mozilla/5.0 (compatible; MJ12bot/v1.4.8; http://mj12bot.com/)"
62.84.185.56 - - [03/May/2026:01:28:33 +0000] "GET /index.php?dispatch=products.quick_view&product_id=1061&prev_url=index.php%3Famp%253Bamp%253Bsort_order=desc%26amp%253Bamp%253Blayout=products_without_options%26sort_by=price%26sort_order=asc%26dispatch=categories.view%26category_id=17%26page=33&n_items=1051,1052,1053,1054,1055,1056,1057,1058,1059,1060,1061,1062 HTTP/1.1" 404 - "-" "Mozilla/5.0 (compatible; MJ12bot/v1.4.8; http://mj12bot.com/)"
212.227.21.19 - - [03/May/2026:01:28:35 +0000] "GET /cd/page-18/?amp;amp;sort_order=desc&layout=products_without_options&sort_by=price&sort_order=desc&layout=products_without_options HTTP/1.1" 404 - "-" "Mozilla/5.0 (compatible; MJ12bot/v1.4.8; http://mj12bot.com/)"
