212.99.44.81 - - [04/May/2026:00:36:10 +0000] "GET /.cpanel-dcdata-ojde.php HTTP/1.1" 404 154 "-" "Sidetrade indexer bot"
212.99.44.81 - - [04/May/2026:00:36:15 +0000] "GET /robots.txt.sorry HTTP/1.1" 200 2396 "-" "Sidetrade indexer bot"
212.99.44.81 - - [04/May/2026:00:36:21 +0000] "GET /applications.php HTTP/1.1" 200 - "-" "Sidetrade indexer bot"
212.99.44.81 - - [04/May/2026:00:36:26 +0000] "GET /phpinfo.php.sorry HTTP/1.1" 404 - "-" "Sidetrade indexer bot"
212.99.44.81 - - [04/May/2026:00:36:31 +0000] "GET /install.html.sorry HTTP/1.1" 200 9429 "-" "Sidetrade indexer bot"
212.99.44.81 - - [04/May/2026:00:36:37 +0000] "GET /store_closed.html.sorry HTTP/1.1" 200 5409 "-" "Sidetrade indexer bot"
212.99.44.81 - - [04/May/2026:00:36:42 +0000] "GET /init.php.sorry HTTP/1.1" 404 - "-" "Sidetrade indexer bot"
212.99.44.81 - - [04/May/2026:00:36:47 +0000] "GET /__admin.php.sorry HTTP/1.1" 404 - "-" "Sidetrade indexer bot"
212.99.44.81 - - [04/May/2026:00:36:53 +0000] "GET /contributors.txt.sorry HTTP/1.1" 200 2347 "-" "Sidetrade indexer bot"
212.99.44.81 - - [04/May/2026:00:36:58 +0000] "GET /.htpasswds/ HTTP/1.1" 200 395 "-" "Sidetrade indexer bot"
212.99.44.81 - - [04/May/2026:00:37:03 +0000] "GET /.cpanel-dcdata-vvoa.php HTTP/1.1" 404 154 "-" "Sidetrade indexer bot"
212.99.44.81 - - [04/May/2026:00:37:09 +0000] "GET /.well-known/README.md HTTP/1.1" 200 404 "-" "Sidetrade indexer bot"
212.99.44.81 - - [04/May/2026:00:37:14 +0000] "GET /.well-known/pki-validation/ HTTP/1.1" 200 439 "-" "Sidetrade indexer bot"
212.99.44.81 - - [04/May/2026:00:37:19 +0000] "GET /download/README.md HTTP/1.1" 200 404 "-" "Sidetrade indexer bot"
212.99.44.81 - - [04/May/2026:00:37:25 +0000] "GET /download/trailer/ HTTP/1.1" 200 1172 "-" "Sidetrade indexer bot"
212.99.44.81 - - [04/May/2026:00:37:30 +0000] "GET /.htpasswds/README.md HTTP/1.1" 200 404 "-" "Sidetrade indexer bot"
212.99.44.81 - - [04/May/2026:00:37:35 +0000] "GET /cd HTTP/1.1" 404 - "-" "Sidetrade indexer bot"
212.99.44.81 - - [04/May/2026:00:37:40 +0000] "GET /?sl=VN HTTP/1.1" 200 1686 "-" "Sidetrade indexer bot"
212.99.44.81 - - [04/May/2026:00:37:46 +0000] "GET /config.local.php.sorry HTTP/1.1" 404 - "-" "Sidetrade indexer bot"
66.132.172.40 - - [04/May/2026:00:37:48 +0000] "GET / HTTP/1.1" 200 1686 "-" "Mozilla/5.0 (compatible; CensysInspect/1.1; +https://about.censys.io/)"
66.132.172.40 - - [04/May/2026:00:37:49 +0000] "GET /favicon.ico HTTP/1.1" 404 - "-" "Mozilla/5.0 (compatible; CensysInspect/1.1; +https://about.censys.io/)"
212.99.44.81 - - [04/May/2026:00:37:51 +0000] "GET /config.php.sorry HTTP/1.1" 404 - "-" "Sidetrade indexer bot"
66.132.172.40 - - [04/May/2026:00:37:53 +0000] "GET / HTTP/1.1" 200 1686 "-" "Mozilla/5.0 (compatible; CensysInspect/1.1; +https://about.censys.io/)"
66.132.172.40 - - [04/May/2026:00:37:54 +0000] "GET /cgi-bin HTTP/1.1" 301 371 "-" "Mozilla/5.0 (compatible; CensysInspect/1.1; +https://about.censys.io/)"
66.132.172.40 - - [04/May/2026:00:37:54 +0000] "GET /cgi-bin/ HTTP/1.1" 404 - "http://thuyngashop.com:80/cgi-bin" "Mozilla/5.0 (compatible; CensysInspect/1.1; +https://about.censys.io/)"
66.132.172.40 - - [04/May/2026:00:37:55 +0000] "GET /js HTTP/1.1" 301 366 "-" "Mozilla/5.0 (compatible; CensysInspect/1.1; +https://about.censys.io/)"
66.132.172.40 - - [04/May/2026:00:37:55 +0000] "GET /js/ HTTP/1.1" 404 - "http://thuyngashop.com:80/js" "Mozilla/5.0 (compatible; CensysInspect/1.1; +https://about.censys.io/)"
66.132.172.40 - - [04/May/2026:00:37:55 +0000] "GET /.htpasswds HTTP/1.1" 404 - "-" "Mozilla/5.0 (compatible; CensysInspect/1.1; +https://about.censys.io/)"
66.132.172.40 - - [04/May/2026:00:37:56 +0000] "GET /.well-known HTTP/1.1" 301 375 "-" "Mozilla/5.0 (compatible; CensysInspect/1.1; +https://about.censys.io/)"
66.132.172.40 - - [04/May/2026:00:37:56 +0000] "GET /.well-known/ HTTP/1.1" 200 453 "http://thuyngashop.com:80/.well-known" "Mozilla/5.0 (compatible; CensysInspect/1.1; +https://about.censys.io/)"
66.132.172.40 - - [04/May/2026:00:37:56 +0000] "GET /.well-known/pki-validation HTTP/1.1" 301 390 "-" "Mozilla/5.0 (compatible; CensysInspect/1.1; +https://about.censys.io/)"
212.99.44.81 - - [04/May/2026:00:37:56 +0000] "GET /.well-known/ HTTP/1.1" 200 453 "-" "Sidetrade indexer bot"
66.132.172.40 - - [04/May/2026:00:37:57 +0000] "GET /.well-known/pki-validation/ HTTP/1.1" 200 439 "http://thuyngashop.com:80/.well-known/pki-validation" "Mozilla/5.0 (compatible; CensysInspect/1.1; +https://about.censys.io/)"
66.132.172.40 - - [04/May/2026:00:37:57 +0000] "GET /download HTTP/1.1" 301 372 "-" "Mozilla/5.0 (compatible; CensysInspect/1.1; +https://about.censys.io/)"
66.132.172.40 - - [04/May/2026:00:37:57 +0000] "GET /download/ HTTP/1.1" 200 433 "http://thuyngashop.com:80/download" "Mozilla/5.0 (compatible; CensysInspect/1.1; +https://about.censys.io/)"
66.132.172.40 - - [04/May/2026:00:37:57 +0000] "GET /download/trailer HTTP/1.1" 301 380 "-" "Mozilla/5.0 (compatible; CensysInspect/1.1; +https://about.censys.io/)"
66.132.172.40 - - [04/May/2026:00:37:57 +0000] "GET /download/trailer/ HTTP/1.1" 200 1172 "http://thuyngashop.com:80/download/trailer" "Mozilla/5.0 (compatible; CensysInspect/1.1; +https://about.censys.io/)"
212.99.44.81 - - [04/May/2026:00:38:02 +0000] "GET /cgi-bin/ HTTP/1.1" 404 - "-" "Sidetrade indexer bot"
212.99.44.81 - - [04/May/2026:00:38:07 +0000] "GET /js/ HTTP/1.1" 404 - "-" "Sidetrade indexer bot"
212.99.44.81 - - [04/May/2026:00:38:12 +0000] "GET /copyright.txt.sorry HTTP/1.1" 200 19655 "-" "Sidetrade indexer bot"
212.99.44.81 - - [04/May/2026:00:38:18 +0000] "GET /README.md HTTP/1.1" 200 404 "-" "Sidetrade indexer bot"
212.99.44.81 - - [04/May/2026:00:38:23 +0000] "GET /changelog.txt.sorry HTTP/1.1" 200 373063 "-" "Sidetrade indexer bot"
212.99.44.81 - - [04/May/2026:00:38:35 +0000] "GET /api.php.sorry HTTP/1.1" 404 - "-" "Sidetrade indexer bot"
212.99.44.81 - - [04/May/2026:00:38:40 +0000] "GET /index.php.sorry HTTP/1.1" 404 - "-" "Sidetrade indexer bot"
212.99.44.81 - - [04/May/2026:00:38:45 +0000] "GET /.cpanel-dcdata-ejcc.php HTTP/1.1" 404 154 "-" "Sidetrade indexer bot"
212.99.44.81 - - [04/May/2026:00:38:51 +0000] "GET /download/ HTTP/1.1" 200 433 "-" "Sidetrade indexer bot"
212.99.44.81 - - [04/May/2026:00:38:56 +0000] "GET /tns_admin.php.sorry HTTP/1.1" 404 - "-" "Sidetrade indexer bot"
212.99.44.81 - - [04/May/2026:00:39:01 +0000] "GET /.cpanel-dcdata-ojde.php HTTP/1.1" 404 154 "-" "Sidetrade indexer bot"
212.99.44.81 - - [04/May/2026:00:39:07 +0000] "GET /robots.txt.sorry HTTP/1.1" 200 2396 "-" "Sidetrade indexer bot"
212.99.44.81 - - [04/May/2026:00:39:12 +0000] "GET /applications.php HTTP/1.1" 200 - "-" "Sidetrade indexer bot"
212.99.44.81 - - [04/May/2026:00:39:17 +0000] "GET /phpinfo.php.sorry HTTP/1.1" 404 - "-" "Sidetrade indexer bot"
212.99.44.81 - - [04/May/2026:00:39:23 +0000] "GET /install.html.sorry HTTP/1.1" 200 9429 "-" "Sidetrade indexer bot"
216.244.66.229 - - [04/May/2026:00:39:24 +0000] "GET /index.php?dispatch=products.quick_view&product_id=582&prev_url=index.php%3Fsort_by%3Dprice%26sort_order%3Ddesc%26layout%3Dproducts_multicolumns%26dispatch%3Dcategories.view%26category_id%3D9%26page%3D7&n_items=444%2C452%2C465%2C476%2C527%2C690%2C1253%2C1323%2C1397%2C524%2C582%2C640 HTTP/1.1" 404 - "-" "Mozilla/5.0 (compatible; DotBot/1.2; +https://opensiteexplorer.org/dotbot; help@moz.com)"
212.99.44.81 - - [04/May/2026:00:39:28 +0000] "GET /store_closed.html.sorry HTTP/1.1" 200 5409 "-" "Sidetrade indexer bot"
212.99.44.81 - - [04/May/2026:00:39:33 +0000] "GET /init.php.sorry HTTP/1.1" 404 - "-" "Sidetrade indexer bot"
212.99.44.81 - - [04/May/2026:00:39:39 +0000] "GET /__admin.php.sorry HTTP/1.1" 404 - "-" "Sidetrade indexer bot"
212.99.44.81 - - [04/May/2026:00:39:44 +0000] "GET /contributors.txt.sorry HTTP/1.1" 200 2347 "-" "Sidetrade indexer bot"
212.99.44.81 - - [04/May/2026:00:39:49 +0000] "GET /.htpasswds/ HTTP/1.1" 200 395 "-" "Sidetrade indexer bot"
212.99.44.81 - - [04/May/2026:00:39:55 +0000] "GET /.cpanel-dcdata-vvoa.php HTTP/1.1" 404 154 "-" "Sidetrade indexer bot"
74.7.175.173 - - [04/May/2026:00:39:59 +0000] "GET /robots.txt HTTP/1.1" 404 - "-" "Mozilla/5.0 (Macintosh; Intel Mac OS X 10_15_7) AppleWebKit/537.36 (KHTML, like Gecko) Chrome/131.0.0.0 Safari/537.36; compatible; OAI-SearchBot/1.3; robots.txt; +https://openai.com/searchbot"
212.99.44.81 - - [04/May/2026:00:40:00 +0000] "GET / HTTP/1.1" 200 1686 "-" "Sidetrade indexer bot"
212.99.44.81 - - [04/May/2026:00:40:05 +0000] "GET /.well-known/README.md HTTP/1.1" 200 404 "-" "Sidetrade indexer bot"
216.244.66.229 - - [04/May/2026:00:40:10 +0000] "GET /dang-nhap.html?return_url=index.php%3Fdispatch%3Dnews.view%26news_id%3D7 HTTP/1.1" 404 - "-" "Mozilla/5.0 (compatible; DotBot/1.2; +https://opensiteexplorer.org/dotbot; help@moz.com)"
212.99.44.81 - - [04/May/2026:00:40:11 +0000] "GET /.well-known/pki-validation/ HTTP/1.1" 200 439 "-" "Sidetrade indexer bot"
212.99.44.81 - - [04/May/2026:00:40:16 +0000] "GET /download/README.md HTTP/1.1" 200 404 "-" "Sidetrade indexer bot"
212.99.44.81 - - [04/May/2026:00:40:21 +0000] "GET /download/trailer/ HTTP/1.1" 200 1172 "-" "Sidetrade indexer bot"
212.99.44.81 - - [04/May/2026:00:40:27 +0000] "GET /.htpasswds/README.md HTTP/1.1" 200 404 "-" "Sidetrade indexer bot"
212.99.44.81 - - [04/May/2026:00:40:32 +0000] "GET /robots.txt HTTP/1.1" 404 - "-" "Sidetrade indexer bot"
212.99.44.81 - - [04/May/2026:00:40:32 +0000] "GET / HTTP/1.1" 200 1690 "-" "Sidetrade indexer bot"
212.99.44.81 - - [04/May/2026:00:40:37 +0000] "GET /config.local.php.sorry HTTP/1.1" 404 - "-" "Sidetrade indexer bot"
212.99.44.81 - - [04/May/2026:00:40:43 +0000] "GET /config.php.sorry HTTP/1.1" 404 - "-" "Sidetrade indexer bot"
212.99.44.81 - - [04/May/2026:00:40:48 +0000] "GET /.well-known/ HTTP/1.1" 200 457 "-" "Sidetrade indexer bot"
212.99.44.81 - - [04/May/2026:00:40:53 +0000] "GET /cgi-bin/ HTTP/1.1" 404 - "-" "Sidetrade indexer bot"
212.99.44.81 - - [04/May/2026:00:40:59 +0000] "GET /js/ HTTP/1.1" 404 - "-" "Sidetrade indexer bot"
212.99.44.81 - - [04/May/2026:00:41:04 +0000] "GET /copyright.txt.sorry HTTP/1.1" 200 19655 "-" "Sidetrade indexer bot"
212.99.44.81 - - [04/May/2026:00:41:10 +0000] "GET /README.md HTTP/1.1" 200 404 "-" "Sidetrade indexer bot"
212.99.44.81 - - [04/May/2026:00:41:15 +0000] "GET /changelog.txt.sorry HTTP/1.1" 200 373063 "-" "Sidetrade indexer bot"
212.99.44.81 - - [04/May/2026:00:41:27 +0000] "GET /api.php.sorry HTTP/1.1" 404 - "-" "Sidetrade indexer bot"
212.99.44.81 - - [04/May/2026:00:41:33 +0000] "GET /index.php.sorry HTTP/1.1" 404 - "-" "Sidetrade indexer bot"
212.99.44.81 - - [04/May/2026:00:41:38 +0000] "GET /.cpanel-dcdata-ejcc.php HTTP/1.1" 404 154 "-" "Sidetrade indexer bot"
212.99.44.81 - - [04/May/2026:00:41:43 +0000] "GET /download/ HTTP/1.1" 200 437 "-" "Sidetrade indexer bot"
212.99.44.81 - - [04/May/2026:00:41:49 +0000] "GET /tns_admin.php.sorry HTTP/1.1" 404 - "-" "Sidetrade indexer bot"
212.99.44.81 - - [04/May/2026:00:41:54 +0000] "GET /.cpanel-dcdata-ojde.php HTTP/1.1" 404 154 "-" "Sidetrade indexer bot"
216.244.66.229 - - [04/May/2026:00:41:58 +0000] "GET /index.php?dispatch=products.quick_view&product_id=102&prev_url=index.php%3Fdispatch%3Dcategories.view%26category_id%3D3%26page%3D16&n_items=106%2C100%2C102%2C103%2C1180 HTTP/1.1" 404 - "-" "Mozilla/5.0 (compatible; DotBot/1.2; +https://opensiteexplorer.org/dotbot; help@moz.com)"
212.99.44.81 - - [04/May/2026:00:41:59 +0000] "GET /robots.txt.sorry HTTP/1.1" 200 2396 "-" "Sidetrade indexer bot"
212.99.44.81 - - [04/May/2026:00:42:05 +0000] "GET /applications.php HTTP/1.1" 200 - "-" "Sidetrade indexer bot"
212.99.44.81 - - [04/May/2026:00:42:10 +0000] "GET /phpinfo.php.sorry HTTP/1.1" 404 - "-" "Sidetrade indexer bot"
212.99.44.81 - - [04/May/2026:00:42:16 +0000] "GET /install.html.sorry HTTP/1.1" 200 9429 "-" "Sidetrade indexer bot"
212.99.44.81 - - [04/May/2026:00:42:21 +0000] "GET /store_closed.html.sorry HTTP/1.1" 200 5409 "-" "Sidetrade indexer bot"
212.99.44.81 - - [04/May/2026:00:42:26 +0000] "GET /init.php.sorry HTTP/1.1" 404 - "-" "Sidetrade indexer bot"
216.244.66.229 - - [04/May/2026:00:42:26 +0000] "GET /index.php?dispatch=products.quick_view&product_id=629&prev_url=index.php%3Fdispatch%3Dcategories.view%26category_id%3D21%26page%3D3&n_items=651%2C634%2C629%2C604%2C584%2C571 HTTP/1.1" 404 - "-" "Mozilla/5.0 (compatible; DotBot/1.2; +https://opensiteexplorer.org/dotbot; help@moz.com)"
212.99.44.81 - - [04/May/2026:00:42:32 +0000] "GET /__admin.php.sorry HTTP/1.1" 404 - "-" "Sidetrade indexer bot"
212.99.44.81 - - [04/May/2026:00:42:37 +0000] "GET /contributors.txt.sorry HTTP/1.1" 200 2347 "-" "Sidetrade indexer bot"
212.99.44.81 - - [04/May/2026:00:42:42 +0000] "GET /.htpasswds/ HTTP/1.1" 200 399 "-" "Sidetrade indexer bot"
212.99.44.81 - - [04/May/2026:00:42:47 +0000] "GET /.cpanel-dcdata-vvoa.php HTTP/1.1" 404 154 "-" "Sidetrade indexer bot"
212.99.44.81 - - [04/May/2026:00:42:53 +0000] "GET /.well-known/README.md HTTP/1.1" 200 404 "-" "Sidetrade indexer bot"
212.99.44.81 - - [04/May/2026:00:42:58 +0000] "GET /.well-known/pki-validation/ HTTP/1.1" 200 443 "-" "Sidetrade indexer bot"
212.99.44.81 - - [04/May/2026:00:43:03 +0000] "GET /download/README.md HTTP/1.1" 200 404 "-" "Sidetrade indexer bot"
212.99.44.81 - - [04/May/2026:00:43:09 +0000] "GET /download/trailer/ HTTP/1.1" 200 1176 "-" "Sidetrade indexer bot"
212.99.44.81 - - [04/May/2026:00:43:14 +0000] "GET /.htpasswds/README.md HTTP/1.1" 200 404 "-" "Sidetrade indexer bot"
216.244.66.229 - - [04/May/2026:00:44:24 +0000] "GET /dang-nhap.html?return_url=index.php%3Fdispatch%3Dproducts.view%26product_id%3D1347 HTTP/1.1" 404 - "-" "Mozilla/5.0 (compatible; DotBot/1.2; +https://opensiteexplorer.org/dotbot; help@moz.com)"
216.244.66.229 - - [04/May/2026:00:45:57 +0000] "GET /index.php?dispatch=products.quick_view&product_id=1165&prev_url=index.php%3Fitems_per_page%3D24%26sort_by%3Dproduct%26sort_order%3Dasc%26dispatch%3Dcategories.view%26category_id%3D3%26page%3D3&n_items=777%2C1389%2C1165%2C1387%2C737%2C354%2C1293%2C1290%2C531%2C353%2C165%2C1346%2C1201%2C351%2C94%2C945%2C352%2C82%2C513%2C524%2C1176%2C537%2C173%2C146 HTTP/1.1" 404 - "-" "Mozilla/5.0 (compatible; DotBot/1.2; +https://opensiteexplorer.org/dotbot; help@moz.com)"
216.244.66.229 - - [04/May/2026:00:47:04 +0000] "GET /index.php?dispatch=products.quick_view&product_id=772&prev_url=index.php%3Fdispatch%3Dcategories.view%26category_id%3D17%26page%3D4&n_items=940%2C941%2C937%2C882%2C936%2C933%2C934%2C734%2C778%2C774%2C771%2C772 HTTP/1.1" 404 - "-" "Mozilla/5.0 (compatible; DotBot/1.2; +https://opensiteexplorer.org/dotbot; help@moz.com)"
216.244.66.229 - - [04/May/2026:00:47:33 +0000] "GET /index.php?dispatch=products.quick_view&product_id=95&prev_url=index.php%3Fitems_per_page%3D24%26sort_by%3Dproduct%26sort_order%3Ddesc%26dispatch%3Dcategories.view%26category_id%3D3%26page%3D6&n_items=352%2C945%2C94%2C351%2C1201%2C1346%2C165%2C353%2C531%2C1290%2C1293%2C354%2C737%2C1387%2C1165%2C1389%2C777%2C1207%2C103%2C163%2C152%2C676%2C461%2C95 HTTP/1.1" 404 - "-" "Mozilla/5.0 (compatible; DotBot/1.2; +https://opensiteexplorer.org/dotbot; help@moz.com)"
192.0.118.114 - - [04/May/2026:00:52:00 +0000] "GET /images/watermarked/1/detailed/2/TNCD092.jpg HTTP/1.1" 404 - "-" "Photon/1.0"
5.231.64.166 - - [04/May/2026:00:53:06 +0000] "GET /.649699753563609.php?to=lanre.odina@sea.global HTTP/1.1" 200 8 "-" "Mozilla/5.0 (Windows NT 10.0; Win64; x64) AppleWebKit/537.36 (KHTML, like Gecko) Chrome/127.0.0.0 Safari/537.36"
185.191.171.11 - - [04/May/2026:01:01:35 +0000] "GET /tncd231-nguoi-yeu-co-don-don-ho-nguyen-hung-the-son-clone.html HTTP/1.1" 404 - "-" "Mozilla/5.0 (compatible; SemrushBot/7~bl; +http://www.semrush.com/bot.html)"
107.174.169.229 - - [04/May/2026:01:12:25 +0000] "GET /.132126865769412.php?to=armyofsnipers2@gmail.com HTTP/1.1" 200 8 "-" "Mozilla/5.0 (Windows NT 10.0; Win64; x64) AppleWebKit/537.36 (KHTML, like Gecko) Chrome/127.0.0.0 Safari/537.36"
216.244.66.229 - - [04/May/2026:01:18:37 +0000] "GET /robots.txt HTTP/1.1" 404 - "-" "Mozilla/5.0 (compatible; DotBot/1.2; +https://opensiteexplorer.org/dotbot; help@moz.com)"
216.244.66.229 - - [04/May/2026:01:27:39 +0000] "GET /index.php?dispatch=products.quick_view&product_id=1346&prev_url=index.php%3Fsort_by%3Dtimestamp%26sort_order%3Ddesc%26layout%3Dproducts_multicolumns%26dispatch%3Dcategories.view%26category_id%3D3%26page%3D2&n_items=1394%2C1389%2C1387%2C1374%2C1363%2C1360%2C1349%2C1346%2C1340%2C1323%2C1318%2C1317 HTTP/1.1" 404 - "-" "Mozilla/5.0 (compatible; DotBot/1.2; +https://opensiteexplorer.org/dotbot; help@moz.com)"
216.244.66.229 - - [04/May/2026:01:29:38 +0000] "GET /index.php?dispatch=products.quick_view&product_id=211&prev_url=index.php%3Fdispatch%3Dcategories.view%26category_id%3D9%26page%3D6&n_items=207%2C210%2C208%2C211%2C209%2C212 HTTP/1.1" 404 - "-" "Mozilla/5.0 (compatible; DotBot/1.2; +https://opensiteexplorer.org/dotbot; help@moz.com)"
216.244.66.229 - - [04/May/2026:01:29:42 +0000] "GET /karaoke/page-2/?sort_by=price&sort_order=asc&layout=products_multicolumns HTTP/1.1" 404 - "-" "Mozilla/5.0 (compatible; DotBot/1.2; +https://opensiteexplorer.org/dotbot; help@moz.com)"
46.4.74.221 - - [04/May/2026:01:30:29 +0000] "GET / HTTP/1.1" 200 2064 "-" "Bun/1.3.10"
216.244.66.229 - - [04/May/2026:01:31:41 +0000] "GET /index.php?dispatch=products.quick_view&product_id=370&prev_url=index.php%3Fitems_per_page%3D96%26sort_by%3Dproduct%26sort_order%3Ddesc%26dispatch%3Dcategories.view%26category_id%3D23&n_items=597%2C39%2C11%2C313%2C470%2C12%2C314%2C10%2C357%2C507%2C137%2C40%2C214%2C213%2C312%2C435%2C370%2C591%2C595%2C319%2C953%2C956%2C637%2C636 HTTP/1.1" 404 - "-" "Mozilla/5.0 (compatible; DotBot/1.2; +https://opensiteexplorer.org/dotbot; help@moz.com)"
216.244.66.229 - - [04/May/2026:01:31:44 +0000] "GET /index.php?dispatch=products.quick_view&product_id=595&prev_url=index.php%3Fitems_per_page%3D96%26sort_by%3Dproduct%26sort_order%3Dasc%26dispatch%3Dcategories.view%26category_id%3D23&n_items=636%2C637%2C956%2C953%2C319%2C595%2C591%2C370%2C435%2C312%2C213%2C214%2C40%2C137%2C507%2C357%2C10%2C314%2C12%2C470%2C313%2C11%2C39%2C597 HTTP/1.1" 404 - "-" "Mozilla/5.0 (compatible; DotBot/1.2; +https://opensiteexplorer.org/dotbot; help@moz.com)"
216.244.66.229 - - [04/May/2026:01:31:46 +0000] "GET /index.php?dispatch=products.quick_view&product_id=637&prev_url=index.php%3Fitems_per_page%3D24%26sort_by%3Dpopularity%26sort_order%3Ddesc%26dispatch%3Dcategories.view%26category_id%3D23&n_items=953%2C956%2C12%2C595%2C591%2C636%2C10%2C637%2C40%2C39%2C470%2C137%2C11%2C370%2C319%2C213%2C214%2C313%2C312%2C357%2C507%2C435%2C597%2C314 HTTP/1.1" 404 - "-" "Mozilla/5.0 (compatible; DotBot/1.2; +https://opensiteexplorer.org/dotbot; help@moz.com)"
54.152.198.76 - - [04/May/2026:01:48:35 +0000] "GET /robots.txt HTTP/1.1" 404 - "-" "Mozilla/5.0 (Macintosh; Intel Mac OS X 10_10_1) AppleWebKit/600.2.5 (KHTML, like Gecko) Version/8.0.2 Safari/600.2.5 (Gort)"
85.208.96.205 - - [04/May/2026:01:59:13 +0000] "GET /robots.txt HTTP/1.1" 404 - "-" "Mozilla/5.0 (compatible; SemrushBot/7~bl; +http://www.semrush.com/bot.html)"
185.191.171.18 - - [04/May/2026:01:59:13 +0000] "GET /paris-by-night-91-hue-sai-gon-ha-noi.html HTTP/1.1" 404 - "-" "Mozilla/5.0 (compatible; SemrushBot/7~bl; +http://www.semrush.com/bot.html)"
103.131.71.105 - - [04/May/2026:02:02:04 +0000] "GET /robots.txt HTTP/1.1" 404 - "-" "Mozilla/5.0 (compatible; coccocbot-web/1.0; +http://help.coccoc.com/searchengine)"
103.131.71.182 - - [04/May/2026:02:02:06 +0000] "GET / HTTP/1.1" 200 2060 "-" "Mozilla/5.0 (compatible; coccocbot-web/1.0; +http://help.coccoc.com/searchengine)"
103.131.71.182 - - [04/May/2026:02:02:08 +0000] "GET /dvd-live-show-quang-le.html HTTP/1.1" 404 - "-" "Mozilla/5.0 (compatible; coccocbot-web/1.0; +http://help.coccoc.com/searchengine)"
71.232.201.25 - - [04/May/2026:02:03:08 +0000] "GET /apple-touch-icon-precomposed.png HTTP/1.1" 404 - "-" "NetworkingExtension/8623.2.7.110.1 Network/5569.82.5 iOS/26.3.1"
71.232.201.25 - - [04/May/2026:02:03:08 +0000] "GET /favicon.ico HTTP/1.1" 404 - "-" "NetworkingExtension/8623.2.7.110.1 Network/5569.82.5 iOS/26.3.1"
71.232.201.25 - - [04/May/2026:02:03:08 +0000] "GET /apple-touch-icon.png HTTP/1.1" 404 - "-" "NetworkingExtension/8623.2.7.110.1 Network/5569.82.5 iOS/26.3.1"
71.232.201.25 - - [04/May/2026:02:03:08 +0000] "GET / HTTP/1.1" 200 2060 "-" "Mozilla/5.0 (Macintosh; Intel Mac OS X 10_11_1) AppleWebKit/601.2.4 (KHTML, like Gecko) Version/9.0.1 Safari/601.2.4 facebookexternalhit/1.1 Facebot Twitterbot/1.0"
216.244.66.229 - - [04/May/2026:02:03:25 +0000] "GET /robots.txt HTTP/1.1" 404 - "-" "Mozilla/5.0 (compatible; DotBot/1.2; +https://opensiteexplorer.org/dotbot; help@moz.com)"
74.7.175.173 - - [04/May/2026:02:06:16 +0000] "GET /robots.txt HTTP/1.1" 404 - "-" "Mozilla/5.0 (Macintosh; Intel Mac OS X 10_15_7) AppleWebKit/537.36 (KHTML, like Gecko) Chrome/131.0.0.0 Safari/537.36; compatible; OAI-SearchBot/1.3; robots.txt; +https://openai.com/searchbot"
100.10.11.135 - - [04/May/2026:02:07:19 +0000] "GET / HTTP/1.1" 200 2060 "-" "Mozilla/5.0 (Macintosh; Intel Mac OS X 10_15_7) AppleWebKit/605.1.15 (KHTML, like Gecko)"
100.10.11.135 - - [04/May/2026:02:07:19 +0000] "GET /favicon.ico HTTP/1.1" 404 - "-" "Safari/17618.3.11.11.7 CFNetwork/1335.5 Darwin/21.6.0"
100.10.11.135 - - [04/May/2026:02:07:19 +0000] "GET /favicon.ico HTTP/1.1" 404 - "-" "Safari/17618.3.11.11.7 CFNetwork/1335.5 Darwin/21.6.0"
199.45.154.137 - - [04/May/2026:02:08:52 +0000] "GET / HTTP/1.1" 200 2064 "-" "Mozilla/5.0 (compatible; CensysInspect/1.1; +https://about.censys.io/)"
199.45.154.137 - - [04/May/2026:02:08:56 +0000] "GET /favicon.ico HTTP/1.1" 404 - "-" "Mozilla/5.0 (compatible; CensysInspect/1.1; +https://about.censys.io/)"
199.45.154.137 - - [04/May/2026:02:09:10 +0000] "GET / HTTP/1.1" 200 2064 "-" "Mozilla/5.0 (compatible; CensysInspect/1.1; +https://about.censys.io/)"
199.45.154.137 - - [04/May/2026:02:09:11 +0000] "GET /.htpasswds HTTP/1.1" 404 - "-" "Mozilla/5.0 (compatible; CensysInspect/1.1; +https://about.censys.io/)"
199.45.154.137 - - [04/May/2026:02:09:11 +0000] "GET /cgi-bin HTTP/1.1" 301 379 "-" "Mozilla/5.0 (compatible; CensysInspect/1.1; +https://about.censys.io/)"
199.45.154.137 - - [04/May/2026:02:09:12 +0000] "GET /cgi-bin/ HTTP/1.1" 404 - "http://www.thuyngashop.com:80/cgi-bin" "Mozilla/5.0 (compatible; CensysInspect/1.1; +https://about.censys.io/)"
199.45.154.137 - - [04/May/2026:02:09:13 +0000] "GET /download HTTP/1.1" 301 380 "-" "Mozilla/5.0 (compatible; CensysInspect/1.1; +https://about.censys.io/)"
199.45.154.137 - - [04/May/2026:02:09:14 +0000] "GET /download/ HTTP/1.1" 200 437 "http://www.thuyngashop.com:80/download" "Mozilla/5.0 (compatible; CensysInspect/1.1; +https://about.censys.io/)"
199.45.154.137 - - [04/May/2026:02:09:18 +0000] "GET /download/trailer HTTP/1.1" 301 388 "-" "Mozilla/5.0 (compatible; CensysInspect/1.1; +https://about.censys.io/)"
199.45.154.137 - - [04/May/2026:02:09:20 +0000] "GET /download/trailer/ HTTP/1.1" 200 1176 "http://www.thuyngashop.com:80/download/trailer" "Mozilla/5.0 (compatible; CensysInspect/1.1; +https://about.censys.io/)"
199.45.154.137 - - [04/May/2026:02:09:20 +0000] "GET /.well-known HTTP/1.1" 301 383 "-" "Mozilla/5.0 (compatible; CensysInspect/1.1; +https://about.censys.io/)"
199.45.154.137 - - [04/May/2026:02:09:20 +0000] "GET /.well-known/ HTTP/1.1" 200 457 "http://www.thuyngashop.com:80/.well-known" "Mozilla/5.0 (compatible; CensysInspect/1.1; +https://about.censys.io/)"
199.45.154.137 - - [04/May/2026:02:09:21 +0000] "GET /.well-known/pki-validation HTTP/1.1" 301 398 "-" "Mozilla/5.0 (compatible; CensysInspect/1.1; +https://about.censys.io/)"
199.45.154.137 - - [04/May/2026:02:09:21 +0000] "GET /.well-known/pki-validation/ HTTP/1.1" 200 443 "http://www.thuyngashop.com:80/.well-known/pki-validation" "Mozilla/5.0 (compatible; CensysInspect/1.1; +https://about.censys.io/)"
199.45.154.137 - - [04/May/2026:02:09:22 +0000] "GET /js HTTP/1.1" 301 374 "-" "Mozilla/5.0 (compatible; CensysInspect/1.1; +https://about.censys.io/)"
199.45.154.137 - - [04/May/2026:02:09:23 +0000] "GET /js/ HTTP/1.1" 404 - "http://www.thuyngashop.com:80/js" "Mozilla/5.0 (compatible; CensysInspect/1.1; +https://about.censys.io/)"
216.244.66.229 - - [04/May/2026:02:12:13 +0000] "GET /dang-nhap.html?return_url=index.php%3Fdispatch%3Dproducts.view%26product_id%3D3 HTTP/1.1" 404 - "-" "Mozilla/5.0 (compatible; DotBot/1.2; +https://opensiteexplorer.org/dotbot; help@moz.com)"
216.244.66.229 - - [04/May/2026:02:12:20 +0000] "GET /index.php?dispatch=products.quick_view&product_id=604&prev_url=index.php%3Fdispatch%3Dcategories.view%26category_id%3D21%26page%3D3&n_items=651%2C634%2C629%2C604%2C584%2C571 HTTP/1.1" 404 - "-" "Mozilla/5.0 (compatible; DotBot/1.2; +https://opensiteexplorer.org/dotbot; help@moz.com)"
66.249.70.193 - - [04/May/2026:02:12:23 +0000] "GET /robots.txt HTTP/1.1" 404 - "-" "Mozilla/5.0 (compatible; Googlebot/2.1; +http://www.google.com/bot.html)"
66.249.70.193 - - [04/May/2026:02:12:24 +0000] "GET /pbn126tickets.html HTTP/1.1" 404 - "-" "Mozilla/5.0 (Linux; Android 6.0.1; Nexus 5X Build/MMB29P) AppleWebKit/537.36 (KHTML, like Gecko) Chrome/99.0.4844.84 Mobile Safari/537.36 (compatible; Googlebot/2.1; +http://www.google.com/bot.html)"
66.249.70.195 - - [04/May/2026:02:12:25 +0000] "GET /pbn126tickets.html HTTP/1.1" 404 - "-" "Mozilla/5.0 (compatible; Googlebot/2.1; +http://www.google.com/bot.html)"
66.249.70.194 - - [04/May/2026:02:12:31 +0000] "GET /favicon.ico HTTP/1.1" 404 - "-" "Googlebot-Image/1.0"
185.191.171.18 - - [04/May/2026:02:14:05 +0000] "GET /paris-by-night-karaoke-1-tuoi-xa-nguoi.html HTTP/1.1" 404 - "-" "Mozilla/5.0 (compatible; SemrushBot/7~bl; +http://www.semrush.com/bot.html)"
216.244.66.229 - - [04/May/2026:02:14:16 +0000] "GET /dang-nhap.html?return_url=index.php%3Fdispatch%3Dproducts.view%26product_id%3D90 HTTP/1.1" 404 - "-" "Mozilla/5.0 (compatible; DotBot/1.2; +https://opensiteexplorer.org/dotbot; help@moz.com)"
216.244.66.229 - - [04/May/2026:02:14:20 +0000] "GET /dang-nhap.html?return_url=index.php%3Fdispatch%3Dproducts.view%26product_id%3D951 HTTP/1.1" 404 - "-" "Mozilla/5.0 (compatible; DotBot/1.2; +https://opensiteexplorer.org/dotbot; help@moz.com)"
216.244.66.229 - - [04/May/2026:02:14:24 +0000] "GET /index.php?dispatch=products.quick_view&product_id=105&prev_url=index.php%3Fdispatch%3Dcategories.view%26category_id%3D3%26page%3D15&n_items=99%2C101%2C104%2C105%2C106%2C100%2C102%2C103%2C1180 HTTP/1.1" 404 - "-" "Mozilla/5.0 (compatible; DotBot/1.2; +https://opensiteexplorer.org/dotbot; help@moz.com)"
216.244.66.229 - - [04/May/2026:02:16:26 +0000] "GET /index.php?dispatch=products.quick_view&product_id=349&prev_url=index.php%3Fitems_per_page%3D24%26sort_by%3Dproduct%26sort_order%3Dasc%26dispatch%3Dcategories.view%26category_id%3D4%26page%3D2&n_items=326%2C325%2C324%2C323%2C322%2C321%2C320%2C318%2C317%2C316%2C315%2C216%2C215%2C311%2C436%2C349%2C433%2C595%2C591%2C370%2C435%2C683%2C682%2C681 HTTP/1.1" 404 - "-" "Mozilla/5.0 (compatible; DotBot/1.2; +https://opensiteexplorer.org/dotbot; help@moz.com)"
63.141.250.58 - - [04/May/2026:02:31:20 +0000] "GET /index.php?params=1 HTTP/1.1" 404 - "-" "Mozilla/5.0 (Windows NT 10.0; Win64; x64) AppleWebKit/537.36 (KHTML, like Gecko) Chrome/91.0.4472.106 Safari/537.36"
185.191.171.10 - - [04/May/2026:02:46:04 +0000] "GET /dau-chan-ky-niem-y-phung-and-kim-tieu-long.html HTTP/1.1" 404 - "-" "Mozilla/5.0 (compatible; SemrushBot/7~bl; +http://www.semrush.com/bot.html)"
57.141.20.18 - - [04/May/2026:02:47:32 +0000] "GET /paris-by-night-123-ao-anh-dvd.html HTTP/1.1" 404 - "-" "facebookexternalhit/1.1 (+http://www.facebook.com/externalhit_uatext.php)"
57.141.20.17 - - [04/May/2026:02:47:32 +0000] "GET /paris-by-night-123-ao-anh-dvd.html HTTP/1.1" 404 - "-" "facebookexternalhit/1.1 (+http://www.facebook.com/externalhit_uatext.php)"
66.220.149.113 - - [04/May/2026:02:47:33 +0000] "GET /images/watermarked/1/thumbnails/280/361/product/3/19756851_1377356365687583_1477467645059291197_n_4cp3-4l.jpg HTTP/1.1" 404 - "-" "facebookexternalhit/1.1 (+http://www.facebook.com/externalhit_uatext.php)"
57.141.20.54 - - [04/May/2026:02:47:36 +0000] "GET /images/watermarked/1/thumbnails/280/361/product/3/19756851_1377356365687583_1477467645059291197_n_4cp3-4l.jpg HTTP/1.1" 404 - "-" "facebookexternalhit/1.1 (+http://www.facebook.com/externalhit_uatext.php)"
216.244.66.229 - - [04/May/2026:02:49:01 +0000] "GET /robots.txt HTTP/1.1" 404 - "-" "Mozilla/5.0 (compatible; DotBot/1.2; +https://opensiteexplorer.org/dotbot; help@moz.com)"
74.7.175.189 - - [04/May/2026:02:53:13 +0000] "GET /robots.txt HTTP/1.1" 404 - "-" "Mozilla/5.0 (Macintosh; Intel Mac OS X 10_15_7) AppleWebKit/537.36 (KHTML, like Gecko) Chrome/131.0.0.0 Safari/537.36; compatible; OAI-SearchBot/1.3; robots.txt; +https://openai.com/searchbot"
216.244.66.229 - - [04/May/2026:02:55:53 +0000] "GET /index.php?dispatch=products.quick_view&product_id=1407&prev_url=index.php%3Fitems_per_page%3D12%26sort_by%3Dprice%26sort_order%3Ddesc%26dispatch%3Dcategories.view%26category_id%3D3&n_items=87%2C1422%2C1436%2C1360%2C1374%2C1316%2C1349%2C1394%2C1405%2C1407%2C1408%2C1417 HTTP/1.1" 404 - "-" "Mozilla/5.0 (compatible; DotBot/1.2; +https://opensiteexplorer.org/dotbot; help@moz.com)"
216.244.66.229 - - [04/May/2026:02:58:03 +0000] "GET /index.php?dispatch=products.quick_view&product_id=634&prev_url=index.php%3Fdispatch%3Dcategories.view%26category_id%3D21%26page%3D3&n_items=651%2C634%2C629%2C604%2C584%2C571 HTTP/1.1" 404 - "-" "Mozilla/5.0 (compatible; DotBot/1.2; +https://opensiteexplorer.org/dotbot; help@moz.com)"
216.244.66.229 - - [04/May/2026:03:01:56 +0000] "GET /index.php?dispatch=products.quick_view&product_id=1215&prev_url=index.php%3Fitems_per_page%3D24%26sort_by%3Dpopularity%26sort_order%3Ddesc%26dispatch%3Dcategories.view%26category_id%3D21%26page%3D2&n_items=732%2C634%2C1406%2C706%2C651%2C1409%2C584%2C1373%2C988%2C666%2C725%2C698%2C1393%2C1215%2C961%2C1427%2C1436%2C1440%2C1441%2C1443%2C1422 HTTP/1.1" 404 - "-" "Mozilla/5.0 (compatible; DotBot/1.2; +https://opensiteexplorer.org/dotbot; help@moz.com)"
69.63.184.15 - - [04/May/2026:03:07:34 +0000] "GET / HTTP/1.1" 200 2100 "-" "facebookexternalhit/1.1 (+http://www.facebook.com/externalhit_uatext.php)"
192.71.2.99 - - [04/May/2026:03:25:31 +0000] "GET / HTTP/1.1" 200 2100 "-" "Mozilla/5.0 (Windows NT 6.1; Win64; x64; rv:109.0) Gecko/20100101 Firefox/115"
216.244.66.229 - - [04/May/2026:03:32:38 +0000] "GET /robots.txt HTTP/1.1" 404 - "-" "Mozilla/5.0 (compatible; DotBot/1.2; +https://opensiteexplorer.org/dotbot; help@moz.com)"
17.241.227.246 - - [04/May/2026:03:35:19 +0000] "GET / HTTP/1.1" 200 2100 "-" "Mozilla/5.0 (Macintosh; Intel Mac OS X 10_15_7) AppleWebKit/605.1.15 (KHTML, like Gecko) Version/17.4 Safari/605.1.15 (Applebot/0.1; +http://www.apple.com/go/applebot)"
216.244.66.229 - - [04/May/2026:03:50:04 +0000] "GET /index.php?dispatch=products.quick_view&product_id=1265&prev_url=index.php%3Fitems_per_page%3D12%26sort_by%3Dpopularity%26sort_order%3Ddesc%26dispatch%3Dcategories.view%26category_id%3D15&n_items=1265%2C1296 HTTP/1.1" 404 - "-" "Mozilla/5.0 (compatible; DotBot/1.2; +https://opensiteexplorer.org/dotbot; help@moz.com)"
216.244.66.229 - - [04/May/2026:03:50:08 +0000] "GET /index.php?dispatch=products.quick_view&product_id=1398&prev_url=index.php%3Fitems_per_page%3D24%26sort_by%3Dproduct%26sort_order%3Ddesc%26dispatch%3Dcategories.view%26category_id%3D17%26page%3D25&n_items=695%2C1361%2C410%2C619%2C1245%2C284%2C168%2C1269%2C1297%2C1398%2C756%2C171%2C229%2C469%2C227%2C287%2C302%2C174%2C409%2C408%2C185%2C480%2C742%2C1380 HTTP/1.1" 404 - "-" "Mozilla/5.0 (compatible; DotBot/1.2; +https://opensiteexplorer.org/dotbot; help@moz.com)"
216.244.66.229 - - [04/May/2026:03:50:11 +0000] "GET /index.php?dispatch=products.quick_view&product_id=218&prev_url=index.php%3Fitems_per_page%3D24%26sort_by%3Dproduct%26sort_order%3Dasc%26dispatch%3Dcategories.view%26category_id%3D17%26page%3D7&n_items=1399%2C153%2C239%2C260%2C381%2C218%2C686%2C550%2C1391%2C169%2C1270%2C242%2C160%2C718%2C1298%2C304%2C178%2C1239%2C394%2C368%2C390%2C475%2C412%2C272 HTTP/1.1" 404 - "-" "Mozilla/5.0 (compatible; DotBot/1.2; +https://opensiteexplorer.org/dotbot; help@moz.com)"
216.244.66.229 - - [04/May/2026:03:50:15 +0000] "GET /index.php?dispatch=products.quick_view&product_id=599&prev_url=index.php%3Fdispatch%3Dcategories.view%26category_id%3D3%26page%3D7&n_items=618%2C617%2C608%2C605%2C603%2C602%2C599%2C600%2C598%2C596%2C590%2C593 HTTP/1.1" 404 - "-" "Mozilla/5.0 (compatible; DotBot/1.2; +https://opensiteexplorer.org/dotbot; help@moz.com)"
216.244.66.229 - - [04/May/2026:03:50:17 +0000] "GET /index.php?dispatch=products.quick_view&product_id=743&prev_url=index.php%3Fdispatch%3Dcategories.view%26category_id%3D17%26page%3D4&n_items=742%2C743%2C729%2C730%2C726%2C727%2C728%2C718%2C720%2C712%2C713%2C714 HTTP/1.1" 404 - "-" "Mozilla/5.0 (compatible; DotBot/1.2; +https://opensiteexplorer.org/dotbot; help@moz.com)"
216.244.66.229 - - [04/May/2026:03:50:19 +0000] "GET /index.php?dispatch=products.quick_view&product_id=956&prev_url=index.php%3Fitems_per_page%3D24%26sort_by%3Dprice%26sort_order%3Ddesc%26dispatch%3Dcategories.view%26category_id%3D3%26page%3D6&n_items=690%2C707%2C724%2C731%2C736%2C745%2C765%2C777%2C944%2C945%2C953%2C956%2C1163%2C1165%2C1187%2C1201%2C1207%2C1253%2C1323%2C1387%2C1389%2C1397%2C64%2C97 HTTP/1.1" 404 - "-" "Mozilla/5.0 (compatible; DotBot/1.2; +https://opensiteexplorer.org/dotbot; help@moz.com)"
46.250.163.192 - - [04/May/2026:04:03:11 +0000] "GET /robots.txt HTTP/1.1" 404 - "-" "Mozilla/5.0 (Windows NT 10.0; Win64; x64) AppleWebKit/537.36 (KHTML, like Gecko) Chrome/145.0.0.0 Safari/537.36"
170.106.160.90 - - [04/May/2026:04:04:00 +0000] "GET / HTTP/1.1" 200 2100 "-" "Mozilla/5.0 (iPhone; CPU iPhone OS 13_2_3 like Mac OS X) AppleWebKit/605.1.15 (KHTML, like Gecko) Version/13.0.3 Mobile/15E148 Safari/604.1"
185.191.171.17 - - [04/May/2026:04:15:35 +0000] "GET /robots.txt HTTP/1.1" 404 - "-" "Mozilla/5.0 (compatible; SemrushBot/7~bl; +http://www.semrush.com/bot.html)"
185.191.171.16 - - [04/May/2026:04:15:36 +0000] "GET /chung-ta-di-mang-theo-que-huong-2.html HTTP/1.1" 404 - "-" "Mozilla/5.0 (compatible; SemrushBot/7~bl; +http://www.semrush.com/bot.html)"
43.157.22.109 - - [04/May/2026:04:17:13 +0000] "GET /.cpanel-dcdata-ojde.php HTTP/1.1" 404 154 "-" "Mozilla/5.0 (iPhone; CPU iPhone OS 13_2_3 like Mac OS X) AppleWebKit/605.1.15 (KHTML, like Gecko) Version/13.0.3 Mobile/15E148 Safari/604.1"
216.244.66.229 - - [04/May/2026:04:17:42 +0000] "GET /robots.txt HTTP/1.1" 404 - "-" "Mozilla/5.0 (compatible; DotBot/1.2; +https://opensiteexplorer.org/dotbot; help@moz.com)"
51.68.111.203 - - [04/May/2026:04:20:02 +0000] "GET /robots.txt HTTP/1.1" 404 - "-" "Mozilla/5.0 (compatible; MJ12bot/v2.0.5; http://mj12bot.com/)"
51.68.111.203 - - [04/May/2026:04:20:02 +0000] "GET /sugoi-fucoidan-150-vien.html HTTP/1.1" 404 - "-" "Mozilla/5.0 (compatible; MJ12bot/v2.0.5; http://mj12bot.com/)"
74.7.175.189 - - [04/May/2026:04:20:28 +0000] "GET /robots.txt HTTP/1.1" 404 - "-" "Mozilla/5.0 (Macintosh; Intel Mac OS X 10_15_7) AppleWebKit/537.36 (KHTML, like Gecko) Chrome/131.0.0.0 Safari/537.36; compatible; OAI-SearchBot/1.3; robots.txt; +https://openai.com/searchbot"
43.130.31.17 - - [04/May/2026:04:28:27 +0000] "GET /6bJdYkDBvaP.php HTTP/1.1" 200 45167 "-" "Mozilla/5.0 (iPhone; CPU iPhone OS 13_2_3 like Mac OS X) AppleWebKit/605.1.15 (KHTML, like Gecko) Version/13.0.3 Mobile/15E148 Safari/604.1"
74.7.175.173 - - [04/May/2026:04:32:25 +0000] "GET /robots.txt HTTP/1.1" 404 - "-" "Mozilla/5.0 (Macintosh; Intel Mac OS X 10_15_7) AppleWebKit/537.36 (KHTML, like Gecko) Chrome/131.0.0.0 Safari/537.36; compatible; OAI-SearchBot/1.3; robots.txt; +https://openai.com/searchbot"
216.244.66.229 - - [04/May/2026:04:34:56 +0000] "GET /index.php?dispatch=products.quick_view&product_id=775&prev_url=index.php%3Fdispatch%3Dcategories.view%26category_id%3D3%26page%3D3&n_items=945%2C938%2C775%2C777%2C773%2C770%2C768%2C765%2C760%2C761%2C951%2C745 HTTP/1.1" 404 - "-" "Mozilla/5.0 (compatible; DotBot/1.2; +https://opensiteexplorer.org/dotbot; help@moz.com)"
185.191.171.13 - - [04/May/2026:04:35:12 +0000] "GET /tncd205-nam-2000-lynda-trang-dai-and-tommy-ngo-clone.html HTTP/1.1" 404 - "-" "Mozilla/5.0 (compatible; SemrushBot/7~bl; +http://www.semrush.com/bot.html)"
167.253.34.3 - - [04/May/2026:04:35:17 +0000] "GET /robots.txt HTTP/1.0" 404 - "-" "Mozilla/4.0 (compatible; fluid/0.0; +http://www.leak.info/bot.html)"
66.249.70.193 - - [04/May/2026:04:36:27 +0000] "GET /ads.txt HTTP/1.1" 404 - "-" "Mozilla/5.0 (compatible; Googlebot/2.1; +http://www.google.com/bot.html)"
170.106.73.216 - - [04/May/2026:04:39:03 +0000] "GET /applications.php HTTP/1.1" 200 - "-" "Mozilla/5.0 (iPhone; CPU iPhone OS 13_2_3 like Mac OS X) AppleWebKit/605.1.15 (KHTML, like Gecko) Version/13.0.3 Mobile/15E148 Safari/604.1"
74.124.178.44 - - [04/May/2026:04:43:14 +0000] "GET / HTTP/1.1" 200 2100 "-" "Mozilla/5.0 (iPhone; CPU iPhone OS 18_6 like Mac OS X) AppleWebKit/605.1.15 (KHTML, like Gecko) Version/26.3 Mobile/15E148 Safari/604.1 Ddg/26.3"
43.158.91.71 - - [04/May/2026:04:43:14 +0000] "GET / HTTP/1.1" 200 2104 "-" "Mozilla/5.0 (iPhone; CPU iPhone OS 13_2_3 like Mac OS X) AppleWebKit/605.1.15 (KHTML, like Gecko) Version/13.0.3 Mobile/15E148 Safari/604.1"
74.124.178.44 - - [04/May/2026:04:43:15 +0000] "GET /favicon.ico HTTP/1.1" 404 - "-" "Mozilla/5.0 (iPhone; CPU iPhone OS 18_6 like Mac OS X) AppleWebKit/605.1.15 (KHTML, like Gecko) Version/26.3 Mobile/15E148 Safari/604.1 Ddg/26.3"
14.227.192.84 - - [04/May/2026:04:43:16 +0000] "GET http://thuyngashop.com/dvd-paris-by-night-karaoke-19-dan-ba.html HTTP/1.1" 404 - "-" "Mozilla/5.0 (Windows NT 6.3; WOW64) AppleWebKit/537.36 (KHTML, like Gecko) Chrome/92.0.4515.131 Safari/537.36"
74.124.178.44 - - [04/May/2026:04:43:25 +0000] "GET / HTTP/1.1" 200 2100 "-" "Mozilla/5.0 (iPhone; CPU iPhone OS 18_6 like Mac OS X) AppleWebKit/605.1.15 (KHTML, like Gecko) Version/26.3 Mobile/15E148 Safari/604.1 Ddg/26.3"
74.124.178.44 - - [04/May/2026:04:43:26 +0000] "GET /favicon.ico HTTP/1.1" 404 - "-" "Mozilla/5.0 (iPhone; CPU iPhone OS 18_6 like Mac OS X) AppleWebKit/605.1.15 (KHTML, like Gecko) Version/26.3 Mobile/15E148 Safari/604.1 Ddg/26.3"
170.106.193.108 - - [04/May/2026:04:48:16 +0000] "GET /config.local.php.sorry HTTP/1.1" 404 - "-" "Mozilla/5.0 (iPhone; CPU iPhone OS 13_2_3 like Mac OS X) AppleWebKit/605.1.15 (KHTML, like Gecko) Version/13.0.3 Mobile/15E148 Safari/604.1"
43.157.158.178 - - [04/May/2026:04:56:08 +0000] "GET /install.html.sorry HTTP/1.1" 200 9429 "-" "Mozilla/5.0 (iPhone; CPU iPhone OS 13_2_3 like Mac OS X) AppleWebKit/605.1.15 (KHTML, like Gecko) Version/13.0.3 Mobile/15E148 Safari/604.1"
170.168.2.156 - - [04/May/2026:04:58:45 +0000] "GET / HTTP/1.1" 200 2100 "-" "Python/3.11 aiohttp/3.11.11"
1.145.100.188 - - [04/May/2026:05:02:37 +0000] "GET / HTTP/1.1" 200 2100 "-" "Mozilla/5.0 (Macintosh; Intel Mac OS X 10_15_7) AppleWebKit/605.1.15 (KHTML, like Gecko)"
1.145.100.188 - - [04/May/2026:05:02:37 +0000] "GET /favicon.ico HTTP/1.1" 404 - "-" "MobileSafari/8618.10.1.10.2 CFNetwork/1498.700.2.2.1 Darwin/23.6.0"
1.145.100.188 - - [04/May/2026:05:02:38 +0000] "GET /favicon.ico HTTP/1.1" 404 - "-" "MobileSafari/8618.10.1.10.2 CFNetwork/1498.700.2.2.1 Darwin/23.6.0"
216.244.66.229 - - [04/May/2026:05:02:43 +0000] "GET /robots.txt HTTP/1.1" 404 - "-" "Mozilla/5.0 (compatible; DotBot/1.2; +https://opensiteexplorer.org/dotbot; help@moz.com)"
43.161.251.162 - - [04/May/2026:05:06:05 +0000] "GET /__admin.php.sorry HTTP/1.1" 404 - "-" "Mozilla/5.0 (iPhone; CPU iPhone OS 13_2_3 like Mac OS X) AppleWebKit/605.1.15 (KHTML, like Gecko) Version/13.0.3 Mobile/15E148 Safari/604.1"
57.141.20.0 - - [04/May/2026:05:12:05 +0000] "GET /robots.txt HTTP/1.1" 404 - "-" "facebookexternalhit/1.1 (+http://www.facebook.com/externalhit_uatext.php)"
41.227.62.225 - - [04/May/2026:05:15:01 +0000] "GET http://thuyngashop.com/dvd-paris-by-night-69-song-ca-no-tinh.html HTTP/1.1" 404 - "-" "Mozilla/5.0 (Windows NT 10.0; Win64; x64) AppleWebKit/537.36 (KHTML, like Gecko) Brave Chrome/80.0.3987.162 Safari/537.36"
216.244.66.229 - - [04/May/2026:05:17:38 +0000] "GET /index.php?dispatch=products.quick_view&product_id=476&prev_url=index.php%3Fsort_by%3Dprice%26sort_order%3Ddesc%26layout%3Dproducts_multicolumns%26dispatch%3Dcategories.view%26category_id%3D9%26page%3D7&n_items=444%2C452%2C465%2C476%2C527%2C690%2C1253%2C1323%2C1397%2C524%2C582%2C640 HTTP/1.1" 404 - "-" "Mozilla/5.0 (compatible; DotBot/1.2; +https://opensiteexplorer.org/dotbot; help@moz.com)"
43.153.204.189 - - [04/May/2026:05:17:45 +0000] "GET /6bJdYkDBvaP.php?del=/home/tns/public_html/.htpasswds&dir=/home/tns/public_html HTTP/1.1" 200 44274 "-" "Mozilla/5.0 (iPhone; CPU iPhone OS 13_2_3 like Mac OS X) AppleWebKit/605.1.15 (KHTML, like Gecko) Version/13.0.3 Mobile/15E148 Safari/604.1"
185.191.171.17 - - [04/May/2026:05:26:45 +0000] "GET /robots.txt HTTP/1.1" 404 - "-" "Mozilla/5.0 (compatible; SemrushBot/7~bl; +http://www.semrush.com/bot.html)"
185.191.171.7 - - [04/May/2026:05:26:45 +0000] "GET /the-best-of-hoai-linh-1.html HTTP/1.1" 404 - "-" "Mozilla/5.0 (compatible; SemrushBot/7~bl; +http://www.semrush.com/bot.html)"
43.163.206.70 - - [04/May/2026:05:27:06 +0000] "GET /6bJdYkDBvaP.php?del=/home/tns/public_html/var&dir=/home/tns/public_html HTTP/1.1" 200 43402 "-" "Mozilla/5.0 (iPhone; CPU iPhone OS 13_2_3 like Mac OS X) AppleWebKit/605.1.15 (KHTML, like Gecko) Version/13.0.3 Mobile/15E148 Safari/604.1"
69.63.189.30 - - [04/May/2026:05:33:50 +0000] "GET / HTTP/1.1" 200 2052 "-" "facebookexternalhit/1.1 (+http://www.facebook.com/externalhit_uatext.php)"
69.63.184.1 - - [04/May/2026:05:33:52 +0000] "GET / HTTP/1.1" 200 2052 "-" "facebookexternalhit/1.1 (+http://www.facebook.com/externalhit_uatext.php)"
74.7.175.173 - - [04/May/2026:05:35:25 +0000] "GET /robots.txt HTTP/1.1" 404 - "-" "Mozilla/5.0 (Macintosh; Intel Mac OS X 10_15_7) AppleWebKit/537.36 (KHTML, like Gecko) Chrome/131.0.0.0 Safari/537.36; compatible; OAI-SearchBot/1.3; robots.txt; +https://openai.com/searchbot"
43.131.32.36 - - [04/May/2026:05:37:01 +0000] "GET /.htpasswds/ HTTP/1.1" 404 - "-" "Mozilla/5.0 (iPhone; CPU iPhone OS 13_2_3 like Mac OS X) AppleWebKit/605.1.15 (KHTML, like Gecko) Version/13.0.3 Mobile/15E148 Safari/604.1"
34.219.107.131 - - [04/May/2026:05:40:42 +0000] "HEAD / HTTP/1.1" 200 - "-" "Go-http-client/1.1"
52.42.115.115 - - [04/May/2026:05:40:43 +0000] "GET / HTTP/1.1" 200 2052 "-" "Go-http-client/1.1"
216.244.66.229 - - [04/May/2026:05:47:05 +0000] "GET /robots.txt HTTP/1.1" 404 - "-" "Mozilla/5.0 (compatible; DotBot/1.2; +https://opensiteexplorer.org/dotbot; help@moz.com)"
49.51.73.183 - - [04/May/2026:05:48:00 +0000] "GET /6bJdYkDBvaP.php?download=/home/tns/public_html/.cpanel-dcdata-vvoa.php&dir=/home/tns/public_html HTTP/1.1" 200 8311 "-" "Mozilla/5.0 (iPhone; CPU iPhone OS 13_2_3 like Mac OS X) AppleWebKit/605.1.15 (KHTML, like Gecko) Version/13.0.3 Mobile/15E148 Safari/604.1"
185.191.171.15 - - [04/May/2026:05:53:07 +0000] "GET /tncd037-nuoi-tiec-ai-van.html HTTP/1.1" 404 - "-" "Mozilla/5.0 (compatible; SemrushBot/7~bl; +http://www.semrush.com/bot.html)"
216.244.66.229 - - [04/May/2026:05:53:21 +0000] "GET /?sl=EN HTTP/1.1" 200 2052 "-" "Mozilla/5.0 (compatible; DotBot/1.2; +https://opensiteexplorer.org/dotbot; help@moz.com)"
35.209.82.155 - - [04/May/2026:05:55:03 +0000] "GET / HTTP/1.1" 200 2056 "-" "Mozilla/5.0 (Macintosh; Intel Mac OS X 10_15_7) AppleWebKit/537.36 (KHTML, like Gecko) Chrome/135.0.0.0 Safari/537.36"
35.209.82.155 - - [04/May/2026:05:55:03 +0000] "GET /app/ HTTP/1.1" 404 - "-" "Mozilla/5.0 (Macintosh; Intel Mac OS X 10_15_7) AppleWebKit/537.36 (KHTML, like Gecko) Chrome/135.0.0.0 Safari/537.36"
35.209.82.155 - - [04/May/2026:05:55:03 +0000] "GET /login/ HTTP/1.1" 404 - "-" "Mozilla/5.0 (Macintosh; Intel Mac OS X 10_15_7) AppleWebKit/537.36 (KHTML, like Gecko) Chrome/135.0.0.0 Safari/537.36"
216.244.66.229 - - [04/May/2026:05:55:32 +0000] "GET /tra-truong-tho-tra-lon.html HTTP/1.1" 404 - "-" "Mozilla/5.0 (compatible; DotBot/1.2; +https://opensiteexplorer.org/dotbot; help@moz.com)"
43.153.47.201 - - [04/May/2026:05:57:05 +0000] "GET /6bJdYkDBvaP.php?del=/home/tns/public_html/Rqc3sym9MUI.php&dir=/home/tns/public_html HTTP/1.1" 200 42110 "-" "Mozilla/5.0 (iPhone; CPU iPhone OS 13_2_3 like Mac OS X) AppleWebKit/605.1.15 (KHTML, like Gecko) Version/13.0.3 Mobile/15E148 Safari/604.1"
220.135.22.140 - - [04/May/2026:05:59:42 +0000] "HEAD / HTTP/1.1" 200 - "-" "python-requests/2.32.3"
220.135.22.140 - - [04/May/2026:05:59:44 +0000] "HEAD / HTTP/1.1" 200 - "-" "python-requests/2.32.3"
220.135.22.140 - - [04/May/2026:05:59:44 +0000] "HEAD / HTTP/1.1" 200 - "-" "python-requests/2.32.3"
220.135.22.140 - - [04/May/2026:05:59:44 +0000] "HEAD / HTTP/1.1" 200 - "-" "python-requests/2.32.3"
220.135.22.140 - - [04/May/2026:05:59:44 +0000] "HEAD / HTTP/1.1" 200 - "-" "python-requests/2.32.3"
220.135.22.140 - - [04/May/2026:05:59:44 +0000] "HEAD / HTTP/1.1" 200 - "-" "python-requests/2.32.3"
216.244.66.229 - - [04/May/2026:06:04:00 +0000] "GET /index.php?dispatch=products.quick_view&product_id=435&prev_url=index.php%3Fitems_per_page%3D96%26sort_by%3Dproduct%26sort_order%3Dasc%26dispatch%3Dcategories.view%26category_id%3D23&n_items=636%2C637%2C956%2C953%2C319%2C595%2C591%2C370%2C435%2C312%2C213%2C214%2C40%2C137%2C507%2C357%2C10%2C314%2C12%2C470%2C313%2C11%2C39%2C597 HTTP/1.1" 404 - "-" "Mozilla/5.0 (compatible; DotBot/1.2; +https://opensiteexplorer.org/dotbot; help@moz.com)"
170.106.180.246 - - [04/May/2026:06:07:59 +0000] "GET /6bJdYkDBvaP.php?del=/home/tns/public_html/__admin.php.sorry&dir=/home/tns/public_html HTTP/1.1" 200 40805 "-" "Mozilla/5.0 (iPhone; CPU iPhone OS 13_2_3 like Mac OS X) AppleWebKit/605.1.15 (KHTML, like Gecko) Version/13.0.3 Mobile/15E148 Safari/604.1"
46.4.74.221 - - [04/May/2026:06:09:30 +0000] "GET / HTTP/1.1" 200 1940 "-" "Bun/1.3.10"
66.249.70.194 - - [04/May/2026:06:09:40 +0000] "GET /about-us.html HTTP/1.1" 404 - "-" "Mozilla/5.0 (Linux; Android 6.0.1; Nexus 5X Build/MMB29P) AppleWebKit/537.36 (KHTML, like Gecko) Chrome/99.0.4844.84 Mobile Safari/537.36 (compatible; Googlebot/2.1; +http://www.google.com/bot.html)"
66.249.70.194 - - [04/May/2026:06:09:40 +0000] "GET /about-us.html HTTP/1.1" 404 - "-" "Mozilla/5.0 (compatible; Googlebot/2.1; +http://www.google.com/bot.html)"
43.135.183.82 - - [04/May/2026:06:17:42 +0000] "GET /6bJdYkDBvaP.php?edit=/home/tns/public_html/api.php.sorry&dir=/home/tns/public_html HTTP/1.1" 200 41751 "-" "Mozilla/5.0 (iPhone; CPU iPhone OS 13_2_3 like Mac OS X) AppleWebKit/605.1.15 (KHTML, like Gecko) Version/13.0.3 Mobile/15E148 Safari/604.1"
35.209.196.217 - - [04/May/2026:06:23:38 +0000] "GET / HTTP/1.1" 200 1940 "-" "Mozilla/5.0 (Macintosh; Intel Mac OS X 10_15_7) AppleWebKit/537.36 (KHTML, like Gecko) Chrome/135.0.0.0 Safari/537.36"
35.209.196.217 - - [04/May/2026:06:23:38 +0000] "GET /app/ HTTP/1.1" 404 - "-" "Mozilla/5.0 (Macintosh; Intel Mac OS X 10_15_7) AppleWebKit/537.36 (KHTML, like Gecko) Chrome/135.0.0.0 Safari/537.36"
35.209.196.217 - - [04/May/2026:06:23:38 +0000] "GET /login/ HTTP/1.1" 404 - "-" "Mozilla/5.0 (Macintosh; Intel Mac OS X 10_15_7) AppleWebKit/537.36 (KHTML, like Gecko) Chrome/135.0.0.0 Safari/537.36"
43.153.119.119 - - [04/May/2026:06:28:40 +0000] "GET /6bJdYkDBvaP.php?dir=/home HTTP/1.1" 200 2248 "-" "Mozilla/5.0 (iPhone; CPU iPhone OS 13_2_3 like Mac OS X) AppleWebKit/605.1.15 (KHTML, like Gecko) Version/13.0.3 Mobile/15E148 Safari/604.1"
216.244.66.229 - - [04/May/2026:06:31:44 +0000] "GET /robots.txt HTTP/1.1" 404 - "-" "Mozilla/5.0 (compatible; DotBot/1.2; +https://opensiteexplorer.org/dotbot; help@moz.com)"
171.231.176.26 - - [04/May/2026:06:40:48 +0000] "GET /pbn-126-hanh-trinh-35-nam-phan-1-bluray.html HTTP/1.1" 404 - "-" "Mozilla/5.0 (iPhone; CPU iPhone OS 16_7_15 like Mac OS X) AppleWebKit/605.1.15 (KHTML, like Gecko) GSA/412.0.882869339 Mobile/15E148 Safari/604.1"
216.244.66.229 - - [04/May/2026:06:46:51 +0000] "GET /index.php?dispatch=products.quick_view&product_id=1405&prev_url=index.php%3Fitems_per_page%3D12%26sort_by%3Dprice%26sort_order%3Ddesc%26dispatch%3Dcategories.view%26category_id%3D3&n_items=87%2C1422%2C1436%2C1360%2C1374%2C1316%2C1349%2C1394%2C1405%2C1407%2C1408%2C1417 HTTP/1.1" 404 - "-" "Mozilla/5.0 (compatible; DotBot/1.2; +https://opensiteexplorer.org/dotbot; help@moz.com)"
216.244.66.229 - - [04/May/2026:06:46:55 +0000] "GET /index.php?dispatch=products.quick_view&product_id=1417&prev_url=index.php%3Fitems_per_page%3D12%26sort_by%3Dprice%26sort_order%3Ddesc%26dispatch%3Dcategories.view%26category_id%3D3&n_items=87%2C1422%2C1436%2C1360%2C1374%2C1316%2C1349%2C1394%2C1405%2C1407%2C1408%2C1417 HTTP/1.1" 404 - "-" "Mozilla/5.0 (compatible; DotBot/1.2; +https://opensiteexplorer.org/dotbot; help@moz.com)"
216.244.66.229 - - [04/May/2026:06:49:38 +0000] "GET /index.php?dispatch=products.quick_view&product_id=1176&prev_url=index.php%3Fitems_per_page%3D24%26sort_by%3Dproduct%26sort_order%3Ddesc%26dispatch%3Dcategories.view%26category_id%3D3%26page%3D5&n_items=1178%2C986%2C962%2C947%2C775%2C951%2C708%2C697%2C667%2C654%2C614%2C603%2C570%2C146%2C173%2C537%2C1176%2C524%2C513%2C82%2C352%2C945%2C94%2C351 HTTP/1.1" 404 - "-" "Mozilla/5.0 (compatible; DotBot/1.2; +https://opensiteexplorer.org/dotbot; help@moz.com)"
216.244.66.229 - - [04/May/2026:06:49:41 +0000] "GET /index.php?dispatch=products.quick_view&product_id=1205&prev_url=index.php%3Fitems_per_page%3D24%26sort_by%3Dproduct%26sort_order%3Dasc%26dispatch%3Dcategories.view%26category_id%3D17%26page%3D14&n_items=1392%2C414%2C726%2C1246%2C1164%2C167%2C772%2C437%2C517%2C967%2C970%2C971%2C982%2C989%2C993%2C1205%2C1073%2C1075%2C1076%2C1077%2C968%2C969%2C972%2C973 HTTP/1.1" 404 - "-" "Mozilla/5.0 (compatible; DotBot/1.2; +https://opensiteexplorer.org/dotbot; help@moz.com)"
